000
CXUS55 KPUB 011518
CF6ALS
PRELIMINARY LOCAL CLIMATOLOGICAL DATA (WS FORM: F-6)
STATION: ALAMOSA CO
MONTH: AUGUST
YEAR: 2022
LATITUDE: 37 27 N
LONGITUDE: 105 52 W
TEMPERATURE IN F: :PCPN: SNOW: WIND :SUNSHINE: SKY :PK WND
================================================================================
1 2 3 4 5 6A 6B 7 8 9 10 11 12 13 14 15 16 17 18
12Z AVG MX 2MIN
DY MAX MIN AVG DEP HDD CDD WTR SNW DPTH SPD SPD DIR MIN PSBL S-S WX SPD DR
================================================================================
1 82 49 66 1 0 1 T 0.0 0 4.7 23 250 M M 1 1 31 260
2 83 50 67 2 0 2 T 0.0 0 4.8 26 260 M M 1 3 39 260
3 83 48 66 1 0 1 0.00 0.0 0 5.2 18 70 M M 1 3 25 70
4 81 51 66 1 0 1 0.00 0.0 0 5.7 20 250 M M 0 24 250
5 86 51 69 4 0 4 0.00 0.0 0 5.5 22 350 M M 1 3 27 350
6 86 51 69 4 0 4 T 0.0 0 6.1 26 240 M M 2 3 34 230
7 84 54 69 5 0 4 0.31 0.0 0 5.5 33 160 M M 5 3 45 140
8 81 55 68 4 0 3 0.02 0.0 0 6.8 26 150 M M 4 3 34 150
9 83 51 67 3 0 2 0.30 0.0 0 4.7 26 70 M M 3 3 35 70
10 85 49 67 3 0 2 0.00 0.0 0 6.0 18 120 M M 1 26 130
11 82 47 65 1 0 0 0.00 0.0 0 6.6 16 170 M M 0 22 180
12 84 50 67 3 0 2 T 0.0 0 4.6 31 80 M M 2 3 45 80
13 86 52 69 5 0 4 0.00 0.0 0 5.3 18 170 M M 1 25 150
14 86 50 68 4 0 3 0.00 0.0 0 5.1 17 160 M M 0 25 200
15 84 48 66 2 0 1 0.00 0.0 0 7.7 31 210 M M 2 44 210
16 81 50 66 3 0 1 0.25 0.0 0 4.2 20 60 M M 6 13 30 30
17 77 53 65 2 0 0 0.92 0.0 0 4.6 18 300 M M 7 13 24 320
18 79 48 64 1 1 0 0.00 0.0 0 4.0 15 110 M M 3 12 20 120
19 76 46 61 -2 4 0 0.00 0.0 0 7.9 20 320 M M 2 27 20
20 64 48 56 -7 9 0 0.01 0.0 0 5.2 14 220 M M 6 19 220
21 77 40 59 -3 6 0 0.00 0.0 0 4.4 17 260 M M 3 123 20 260
22 74 46 60 -2 5 0 1.60 0.0 0 5.0 25 60 M M 8 13 33 40
23 77 50 64 2 1 0 0.00 0.0 0 4.2 20 110 M M 4 12 24 120
24 81 46 64 2 1 0 0.00 0.0 0 7.8 22 280 M M 1 30 80
25 75 44 60 -2 5 0 T 0.0 0 4.2 18 20 M M 2 23 10
26 72 52 62 0 3 0 0.09 0.0 0 5.0 25 340 M M 8 13 35 330
27 79 48 64 3 1 0 0.00 0.0 0 6.1 22 210 M M 3 12 30 220
28 80 41 61 0 4 0 0.11 0.0 0 6.4 37 310 M M 2 3 51 320
29 83 39 61 0 4 0 0.00 0.0 0 5.7 13 170 M M 0 19 20
30 83 46 65 4 0 0 0.00 0.0 0 7.0 14 130 M M 0 19 140
31 85 47 66 5 0 1 0.19 0.0 0 5.2 31 10 M M 2 41 30
================================================================================
SM 2499 1500 44 36 3.80 0.0 171.2 M 81
================================================================================
AV 80.6 48.4 5.5 FASTST M M 3 MAX(MPH)
MISC ----> 37 310 51 320
================================================================================
NOTES:
PRELIMINARY LOCAL CLIMATOLOGICAL DATA (WS FORM: F-6) , PAGE 2
STATION: ALAMOSA CO
MONTH: AUGUST
YEAR: 2022
LATITUDE: 37 27 N
LONGITUDE: 105 52 W
[TEMPERATURE DATA] [PRECIPITATION DATA] SYMBOLS USED IN COLUMN 16
AVERAGE MONTHLY: 64.5 TOTAL FOR MONTH: 3.80 1 = FOG OR MIST
DPTR FM NORMAL: 1.3 DPTR FM NORMAL: 2.51 2 = FOG REDUCING VISIBILITY
HIGHEST: 86 ON 14,13 GRTST 24HR 1.60 ON 22 TO 1/4 MILE OR LESS
LOWEST: 39 ON 29 3 = THUNDER
SNOW, ICE PELLETS, HAIL 4 = ICE PELLETS
TOTAL MONTH: 0.0 INCH 5 = HAIL
GRTST 24HR 0.0 6 = FREEZING RAIN OR DRIZZLE
GRTST DEPTH: 0 7 = DUSTSTORM OR SANDSTORM:
VSBY 1/2 MILE OR LESS
8 = SMOKE OR HAZE
[NO. OF DAYS WITH] [WEATHER - DAYS WITH] 9 = BLOWING SNOW
X = TORNADO
MAX 32 OR BELOW: 0 0.01 INCH OR MORE: 10
MAX 90 OR ABOVE: 0 0.10 INCH OR MORE: 7
MIN 32 OR BELOW: 0 0.50 INCH OR MORE: 2
MIN 0 OR BELOW: 0 1.00 INCH OR MORE: 1
[HDD (BASE 65) ]
TOTAL THIS MO. 44 CLEAR (SCALE 0-3) 23
DPTR FM NORMAL -30 PTCLDY (SCALE 4-7) 6
TOTAL FM JUL 1 57 CLOUDY (SCALE 8-10) 2
DPTR FM NORMAL -50
[CDD (BASE 65) ]
TOTAL THIS MO. 36
DPTR FM NORMAL 19 [PRESSURE DATA]
TOTAL FM JAN 1 128 HIGHEST SLP 30.29 ON 30
DPTR FM NORMAL 58 LOWEST SLP 29.80 ON 27
[REMARKS]
#FINAL-08-22#