000
CXUS55 KPUB 011351
CF6ALS
PRELIMINARY LOCAL CLIMATOLOGICAL DATA (WS FORM: F-6)
STATION: ALAMOSA CO
MONTH: SEPTEMBER
YEAR: 2021
LATITUDE: 37 27 N
LONGITUDE: 105 52 W
TEMPERATURE IN F: :PCPN: SNOW: WIND :SUNSHINE: SKY :PK WND
================================================================================
1 2 3 4 5 6A 6B 7 8 9 10 11 12 13 14 15 16 17 18
12Z AVG MX 2MIN
DY MAX MIN AVG DEP HDD CDD WTR SNW DPTH SPD SPD DIR MIN PSBL S-S WX SPD DR
================================================================================
1 80 48 64 4 1 0 0.26 0.0 0 8.2 35 230 M M 4 18 48 220
2 77 46 62 2 3 0 0.00 0.0 0 6.9 16 180 M M 5 12 21 180
3 81 47 64 4 1 0 0.00 0.0 0 7.1 25 330 M M 2 36 330
4 81 42 62 2 3 0 T 0.0 0 5.0 15 360 M M 2 21 350
5 82 41 62 3 3 0 0.00 0.0 0 4.1 12 320 M M 0 17 10
6 86 37 62 3 3 0 0.00 0.0 0 5.0 13 340 M M 0 17 340
7 87 39 63 4 2 0 0.00 0.0 0 5.8 20 100 M M 0 28 100
8 87 38 63 5 2 0 0.00 0.0 0 4.2 13 40 M M 0 17 30
9 88 35 62 4 3 0 0.00 0.0 0 3.2 10 80 M M 0 16 150
10 89 37 63 5 2 0 0.00 0.0 0 4.4 14 270 M M 0 18 270
11 89 41 65 7 0 0 0.00 0.0 0 7.0 21 230 M M 0 39 220
12 86 40 63 6 2 0 0.00 0.0 0 6.9 20 240 M M 0 26 190
13 84 38 61 4 4 0 0.00 0.0 0 5.5 17 220 M M 2 24 220
14 81 39 60 3 5 0 T 0.0 0 6.3 30 230 M M 2 3 42 290
15 81 33 57 1 8 0 0.00 0.0 0 4.7 12 250 M M 0 17 170
16 82 34 58 2 7 0 0.00 0.0 0 5.5 21 260 M M 0 29 240
17 82 31 57 1 8 0 0.00 0.0 0 4.0 14 130 M M 0 19 140
18 84 29 57 2 8 0 0.00 0.0 0 8.8 24 240 M M 1 33 200
19 77 48 63 8 2 0 T 0.0 0 11.0 29 240 M M 3 47 210
20 77 37 57 3 8 0 0.00 0.0 0 6.9 25 240 M M 1 33 230
21 70 27 49 -5 16 0 0.00 0.0 0 5.3 15 140 M M 0 18 140
22 77 30 54 0 11 0 0.00 0.0 0 4.4 10 90 M M 0 12 230
23 78 27 53 0 12 0 0.00 0.0 0 4.7 15 100 M M 0 22 90
24 79 34 57 4 8 0 0.00 0.0 0 5.3 16 120 M M 0 24 280
25 80 30 55 3 10 0 0.00 0.0 0 6.4 16 170 M M 0 22 200
26 75 37 56 4 9 0 T 0.0 0 5.0 20 220 M M 2 28 220
27 73 43 58 6 7 0 0.06 0.0 0 5.9 26 150 M M 4 13 37 140
28 67 35 51 0 14 0 0.00 0.0 0 3.7 16 220 M M 3 13 21 230
29 70 31 51 0 14 0 0.00 0.0 0 5.8 18 320 M M 2 12 29 360
30 63 34 49 -1 16 0 T 0.0 0 10.2 26 110 M M 7 38 110
================================================================================
SM 2393 1108 192 0 0.32 0.0 177.2 M 40
================================================================================
AV 79.8 36.9 5.9 FASTST M M 1 MAX(MPH)
MISC ----> 35 230 48 220
================================================================================
NOTES:
COLUMN 17 PEAK WIND IN M.P.H.
COLUMN 7: FALSE TIPS REMOVED ON THE 22ND AND 23RD
PRELIMINARY LOCAL CLIMATOLOGICAL DATA (WS FORM: F-6) , PAGE 2
STATION: ALAMOSA CO
MONTH: SEPTEMBER
YEAR: 2021
LATITUDE: 37 27 N
LONGITUDE: 105 52 W
[TEMPERATURE DATA] [PRECIPITATION DATA] SYMBOLS USED IN COLUMN 16
AVERAGE MONTHLY: 58.4 TOTAL FOR MONTH: 0.32 1 = FOG OR MIST
DPTR FM NORMAL: 2.5 DPTR FM NORMAL: -0.66 2 = FOG REDUCING VISIBILITY
HIGHEST: 89 ON 11,10 GRTST 24HR 0.26 ON 1 TO 1/4 MILE OR LESS
LOWEST: 27 ON 23,21 3 = THUNDER
SNOW, ICE PELLETS, HAIL 4 = ICE PELLETS
TOTAL MONTH: 0.0 INCH 5 = HAIL
GRTST 24HR 0.0 6 = FREEZING RAIN OR DRIZZLE
GRTST DEPTH: 0 7 = DUSTSTORM OR SANDSTORM:
VSBY 1/2 MILE OR LESS
8 = SMOKE OR HAZE
[NO. OF DAYS WITH] [WEATHER - DAYS WITH] 9 = BLOWING SNOW
X = TORNADO
MAX 32 OR BELOW: 0 0.01 INCH OR MORE: 2
MAX 90 OR ABOVE: 0 0.10 INCH OR MORE: 1
MIN 32 OR BELOW: 7 0.50 INCH OR MORE: 0
MIN 0 OR BELOW: 0 1.00 INCH OR MORE: 0
[HDD (BASE 65) ]
TOTAL THIS MO. 192 CLEAR (SCALE 0-3) 26
DPTR FM NORMAL -83 PTCLDY (SCALE 4-7) 4
TOTAL FM JUL 1 224 CLOUDY (SCALE 8-10) 0
DPTR FM NORMAL -157
[CDD (BASE 65) ]
TOTAL THIS MO. 0
DPTR FM NORMAL -1 [PRESSURE DATA]
TOTAL FM JAN 1 155 HIGHEST SLP 30.44 ON 22
DPTR FM NORMAL 84 LOWEST SLP 29.74 ON 28
[REMARKS]
#FINAL-09-21#