000
CXUS55 KPUB 011758
CLMALS
CLIMATE REPORT
NATIONAL WEATHER SERVICE
1158 AM MDT MON MAY 01 2023
...................................
...THE ALAMOSA CO CLIMATE SUMMARY FOR THE MONTH OF APRIL 2023...
CLIMATE NORMAL PERIOD 1991 TO 2020
CLIMATE RECORD PERIOD 1932 TO 2023
WEATHER OBSERVED NORMAL DEPART LAST YEAR`S
VALUE DATE(S) VALUE FROM VALUE DATE(S)
NORMAL
................................................................
TEMPERATURE (F)
RECORD
HIGH 82 04/30/2020
LOW -6 04/08/1973
HIGHEST 75 04/11 63 12 74 04/21
04/22
LOWEST 4 04/05 20 -16 6 04/14
04/06
AVG. MAXIMUM 60.8 60.2 0.6 63.0
AVG. MINIMUM 19.6 25.0 -5.4 23.0
MEAN 40.2 42.6 -2.4 43.0
DAYS MAX >= 90 0 0.0 0.0
DAYS MAX <= 32 0 0.0 0.0
DAYS MIN <= 32 30 26.6 3.4
DAYS MIN <= 0 0 0.0 0.0
PRECIPITATION (INCHES)
RECORD
MAXIMUM 3.06 1942
MINIMUM T 1972
TOTALS 0.14 0.57 -0.43 0.44
DAILY AVG. 0.00 0.02 -0.02
DAYS >= .01 2 4.9 -2.9
DAYS >= .10 1 1.7 -0.7
DAYS >= .50 0 0.2 -0.2
DAYS >= 1.00 0 0.0 0.0
GREATEST
24 HR. TOTAL 0.12 04/28 TO 04/28
SNOWFALL (INCHES)
RECORDS
TOTAL 17.0 1938
TOTALS 0.5 MM MM 1.5
SINCE 7/1 20.5 MM MM MM
SNOWDEPTH AVG. 0
DAYS >= 1.0 0 MM MM
GREATEST
SNOW DEPTH 1 04/28 MM
24 HR TOTAL 0.5 04/28 TO 04/28 1.5
DEGREE DAYS
HEATING TOTAL 739 672 67 651
SINCE 7/1 7535 7765 -230 MM
COOLING TOTAL 0 0 0 0
SINCE 1/1 0 0 0 MM
................................................................
WIND (MPH)
AVERAGE WIND SPEED 9.9
HIGHEST WIND SPEED/DIRECTION 51/230 DATE 04/03
HIGHEST GUST SPEED/DIRECTION 71/220 DATE 04/03
SKY COVER
POSSIBLE SUNSHINE (PERCENT) MM
AVERAGE SKY COVER 0.19
NUMBER OF DAYS FAIR 23
NUMBER OF DAYS PC 6
NUMBER OF DAYS CLOUDY 1
AVERAGE RH (PERCENT) 44
WEATHER CONDITIONS. NUMBER OF DAYS WITH
THUNDERSTORM 1 MIXED PRECIP 0
HEAVY RAIN 0 RAIN 0
LIGHT RAIN 5 FREEZING RAIN 0
LT FREEZING RAIN 0 HAIL 0
HEAVY SNOW 0 SNOW 1
LIGHT SNOW 5 SLEET 0
FOG 5 FOG W/VIS <= 1/4 MILE 1
HAZE 5
- INDICATES NEGATIVE NUMBERS.
R INDICATES RECORD WAS SET OR TIED.
MM INDICATES DATA IS MISSING.
T INDICATES TRACE AMOUNT.
$$