000
CXUS56 KPDT 011910
CF6ALW
PRELIMINARY LOCAL CLIMATOLOGICAL DATA (WS FORM: F-6)
STATION: WALLA WALLA WA
MONTH: FEBRUARY
YEAR: 2024
LATITUDE: 46 5 N
LONGITUDE: 118 17 W
TEMPERATURE IN F: :PCPN: SNOW: WIND :SUNSHINE: SKY :PK WND
================================================================================
1 2 3 4 5 6A 6B 7 8 9 10 11 12 13 14 15 16 17 18
12Z AVG MX 2MIN
DY MAX MIN AVG DEP HDD CDD WTR SNW DPTH SPD SPD DIR MIN PSBL S-S WX SPD DR
================================================================================
1 62 44 53 15 12 0 0.14 M M 6.0 22 180 M M 10 1 32 180
2 50 35 43 5 22 0 0.01 M M 4.4 10 170 M M 7 12 13 170
3 48 32 40 2 25 0 0.01 M M 8.3 16 210 M M 9 12 20 220
4 53 34 44 6 21 0 T M M 5.8 16 50 M M 4 21 180
5 56 39 48 10 17 0 0.03 M M 7.0 26 180 M M 9 12 36 220
6 46 37 42 4 23 0 T M M 4.2 8 130 M M 9 12 11 130
7 44 39 42 4 23 0 0.05 M M 5.6 10 160 M M 10 14 160
8 47 37 42 4 23 0 0.00 M M 10.7 21 210 M M 9 28 210
9 44 34 39 1 26 0 0.16 M M 8.2 13 160 M M 9 17 210
10 50 30 40 1 25 0 0.00 M M 5.0 13 190 M M 2 17 200
11 55 33 44 5 21 0 0.02 M M 5.7 15 180 M M 7 20 190
12 48 36 42 3 23 0 0.04 M M 9.2 18 270 M M 9 25 280
13 48 32 40 1 25 0 0.00 M M 4.2 9 90 M M 2 12 270
14 40 28 34 -5 31 0 0.02 M M 5.3 15 210 M M 6 1 19 200
15 32 30 31 -9 34 0 0.11 M M 5.5 14 220 M M 10 126 17 210
16 36 27 32 -8 33 0 0.00 M M 3.8 9 200 M M 7 11 170
17 33 23 28 -12 37 0 0.00 M M 3.2 8 180 M M 6 1 11 170
18 38 31 35 -5 30 0 0.08 M M 2.3 8 200 M M 9 1 10 200
19 38 32 35 -5 30 0 0.01 M M 4.1 12 210 M M 10 12 14 210
20 48 34 41 0 24 0 0.02 M M 2.0 9 290 M M 8 12 10 290
21 52 36 44 3 21 0 0.02 M M 3.9 9 190 M M 10 12 M M
22 56 36 46 5 19 0 T M M 5.3 9 80 M M 2 12 280
23 53 33 43 2 22 0 0.00 M M 4.7 8 80 M M 0 12 300
24 57 39 48 6 17 0 0.00 M M 10.6 21 230 M M 5 27 220
25 57 44 51 9 14 0 0.10 M M 13.4 25 210 M M 7 35 200
26 46 33 40 -2 25 0 0.22 M M 16.1 26 240 M M 8 15 38 250
27 44 29 37 -5 28 0 0.02 M M 11.9 22 170 M M 6 29 180
28 55 42 49 6 16 0 0.15 M M 20.9 31 160 M M 10 46 160
29 59 36 48 5 17 0 0.34 M M 18.7 31 170 M M 6 1 53 170
================================================================================
SM 1395 995 684 0 1.55 M 216.0 M 206
================================================================================
AV 48.1 34.3 7.4 FASTST M M 7 MAX(MPH)
MISC ----> 31 170 53 170
================================================================================
NOTES:
# LAST OF SEVERAL OCCURRENCES
COLUMN 17 PEAK WIND IN M.P.H.
PRELIMINARY LOCAL CLIMATOLOGICAL DATA (WS FORM: F-6) , PAGE 2
STATION: WALLA WALLA WA
MONTH: FEBRUARY
YEAR: 2024
LATITUDE: 46 5 N
LONGITUDE: 118 17 W
[TEMPERATURE DATA] [PRECIPITATION DATA] SYMBOLS USED IN COLUMN 16
AVERAGE MONTHLY: 41.2 TOTAL FOR MONTH: 1.55 1 = FOG OR MIST
DPTR FM NORMAL: 1.5 DPTR FM NORMAL: -0.04 2 = FOG REDUCING VISIBILITY
HIGHEST: 62 ON 1 GRTST 24HR 0.35 ON 27-28 TO 1/4 MILE OR LESS
LOWEST: 23 ON 17 3 = THUNDER
SNOW, ICE PELLETS, HAIL 4 = ICE PELLETS
TOTAL MONTH: M 5 = HAIL
GRTST 24HR M ON M 6 = FREEZING RAIN OR DRIZZLE
GRTST DEPTH: M ON M 7 = DUSTSTORM OR SANDSTORM:
VSBY 1/2 MILE OR LESS
8 = SMOKE OR HAZE
[NO. OF DAYS WITH] [WEATHER - DAYS WITH] 9 = BLOWING SNOW
X = TORNADO
MAX 32 OR BELOW: 1 0.01 INCH OR MORE: 19
MAX 90 OR ABOVE: 0 0.10 INCH OR MORE: 7
MIN 32 OR BELOW: 10 0.50 INCH OR MORE: 0
MIN 0 OR BELOW: 0 1.00 INCH OR MORE: 0
[HDD (BASE 65) ]
TOTAL THIS MO. 684 CLEAR (SCALE 0-3) 4
DPTR FM NORMAL -24 PTCLDY (SCALE 4-7) 12
TOTAL FM JUL 1 3762 CLOUDY (SCALE 8-10) 13
DPTR FM NORMAL 97
[CDD (BASE 65) ]
TOTAL THIS MO. 0
DPTR FM NORMAL 0 [PRESSURE DATA]
TOTAL FM JAN 1 0 HIGHEST SLP 30.52 ON 16
DPTR FM NORMAL 0 LOWEST SLP 29.32 ON 29
[REMARKS]
#FINAL-02-24#