000
CXUS52 KJAX 011319
CLMAMG
CLIMATE REPORT
NATIONAL WEATHER SERVICE JACKSONVILLE FL
919 AM EDT TUE AUG 01 2023
...................................
...THE ALMA CLIMATE SUMMARY FOR THE MONTH OF JULY 2023...
CLIMATE NORMAL PERIOD: 1991 TO 2020
CLIMATE RECORD PERIOD: 1938 TO 2023
WEATHER OBSERVED NORMAL DEPART LAST YEAR`S
VALUE DATE(S) VALUE FROM VALUE DATE(S)
NORMAL
................................................................
TEMPERATURE (F)
RECORD
HIGH 104 07/20/2000
LOW 56 07/16/1967
HIGHEST 99 07/04 98 1 98 07/06
07/20
07/21
07/31
LOWEST 70 07/11 66 4 70 07/17
AVG. MAXIMUM 94.8 93.2 1.6 93.5
AVG. MINIMUM 74.3 71.6 2.7 73.4
MEAN 84.5 82.4 2.1 83.4
DAYS MAX >= 90 27 26.0 1.0 26
DAYS MIN <= 32 0 0.0 0.0 0
PRECIPITATION (INCHES)
RECORD
MAXIMUM 12.17 1971
MINIMUM 0.41 2014
TOTALS 4.01 5.23 -1.22 4.71
DAILY AVG. 0.13 0.17 -0.04 0.15
DAYS >= .01 11 12.1 -1.1 17
DAYS >= .10 8 8.3 -0.3 8
DAYS >= .50 4 3.3 0.7 2
DAYS >= 1.00 1 1.5 -0.5 2
GREATEST
24 HR. TOTAL 1.02 07/16 TO 07/16
SNOWFALL (INCHES)
RECORDS
TOTAL T 1940
TOTALS 0.0 0.0 0.0 0.0
DEGREE DAYS
HEATING TOTAL 0 0 0 0
SINCE 7/1 0 0 0 MM
COOLING TOTAL 612 539 73 578
SINCE 1/1 1624 1443 181 MM
................................................................
WIND (MPH)
AVERAGE WIND SPEED 4.0
HIGHEST WIND SPEED/DIRECTION 30/310 DATE 07/30
HIGHEST GUST SPEED/DIRECTION 43/330 DATE 07/30
SKY COVER
AVERAGE SKY COVER 0.27
AVERAGE RH (PERCENT) 73
WEATHER CONDITIONS. NUMBER OF DAYS WITH
THUNDERSTORM 15 MIXED PRECIP 0
HEAVY RAIN 8 RAIN 9
LIGHT RAIN 14 FREEZING RAIN 0
LT FREEZING RAIN 0 HAIL 0
HEAVY SNOW 0 SNOW 0
LIGHT SNOW 0 SLEET 0
FOG 27 FOG W/VIS <= 1/4 MILE 0
HAZE 4
- INDICATES NEGATIVE NUMBERS.
R INDICATES RECORD WAS SET OR TIED.
MM INDICATES DATA IS MISSING.
T INDICATES TRACE AMOUNT.
$$