000
CXUS53 KDMX 290810
CF6AMW
PRELIMINARY LOCAL CLIMATOLOGICAL DATA (WS FORM: F-6)
STATION: AMES IA
MONTH: MARCH
YEAR: 2024
LATITUDE: 41 59 N
LONGITUDE: 93 37 W
TEMPERATURE IN F: :PCPN: SNOW: WIND :SUNSHINE: SKY :PK WND
================================================================================
1 2 3 4 5 6A 6B 7 8 9 10 11 12 13 14 15 16 17 18
12Z AVG MX 2MIN
DY MAX MIN AVG DEP HDD CDD WTR SNW DPTH SPD SPD DIR MIN PSBL S-S WX SPD DR
================================================================================
1 56 24 40 10 25 0 0.00 0.0 M 13.4 23 180 M M 0 34 180
2 69 28 49 19 16 0 0.00 0.0 M 13.8 26 160 M M 0 34 160
3 79 37 58 27 7 0 0.00 0.0 M 18.8 43 220 M M 0 8 56 220
4 46 31 39 8 26 0 0.12 0.0 M 12.0 24 20 M M 8 3 35 30
5 58 25 42 10 23 0 0.00 0.0 M 5.9 16 360 M M 0 23 10
6 59 22 41 9 24 0 0.00 0.0 M 5.9 18 140 M M 2 27 130
7 56 35 46 13 19 0 0.03 0.0 M 8.5 14 90 M M 6 1 21 110
8 46 30 38 5 27 0 0.11 M M 16.9 25 360 M M 7 16 35 350
9 48 25 37 3 28 0 0.00 0.0 M 12.9 23 340 M M 0 31 330
10 56 16 36 2 29 0 0.00 0.0 M 5.8 15 170 M M 0 21 170
11 77 34 56 21 9 0 0.00 0.0 M 13.5 28 210 M M 0 36 210
12 70 38 54 19 11 0 0.00 0.0 M 7.7 18 250 M M 0 25 210
13 72 33 53 17 12 0 0.00 0.0 M 5.7 15 160 M M 0 19 130
14 56 41 49 13 16 0 0.50 0.0 0 9.9 20 30 M M 9 1 26 50
15 56 34 45 8 20 0 0.00 0.0 M 10.6 18 310 M M 0 25 340
16 53 33 43 6 22 0 0.00 0.0 M 16.1 29 320 M M 2 38 290
17 36 23 30 -8 35 0 0.00 0.0 M 17.4 30 340 M M 5 39 340
18 37 21 29 -9 36 0 0.00 0.0 0 12.5 21 320 M M 4 28 320
19 65 28 47 8 18 0 0.00 0.0 0 14.3 26 300 M M 0 35 310
20 42 27 35 -4 30 0 0.00 0.0 0 14.5 25 350 M M 3 34 360
21 49 27 38 -2 27 0 0.00 0.0 0 9.0 17 110 M M 7 23 100
22 39 23 31 -9 34 0 0.77 M M 12.9 25 360 M M 8 138 32 350
23 32 15 24 -16 41 0 T M M 8.1 16 100 M M 5 23 80
24 47 30 39 -2 26 0 0.98 M M 12.0 25 130 M M 9 13 33 130
25 62 42 52 11 13 0 0.38 0.0 0 9.7 17 300 M M 7 13 23 120
26 42 27 35 -7 30 0 0.33 M M 19.9 30 300 M M 10 18 43 300
27 41 23 32 -10 33 0 0.00 0.0 M 11.0 23 290 M M 4 33 280
28 54 27 41 -1 24 0 0.00 0.0 M 5.3 14 120 M M 3 19 120
================================================================================
SM 1503 799 661 0 3.22 0.0 324.0 M 99
================================================================================
AV 53.7 28.5 11.6 FASTST M M 4 MAX(MPH)
MISC ----> 43 220 56 220
================================================================================
NOTES:
# LAST OF SEVERAL OCCURRENCES
COLUMN 17 PEAK WIND IN M.P.H.
PRELIMINARY LOCAL CLIMATOLOGICAL DATA (WS FORM: F-6) , PAGE 2
STATION: AMES IA
MONTH: MARCH
YEAR: 2024
LATITUDE: 41 59 N
LONGITUDE: 93 37 W
[TEMPERATURE DATA] [PRECIPITATION DATA] SYMBOLS USED IN COLUMN 16
AVERAGE MONTHLY: 41.1 TOTAL FOR MONTH: 3.22 1 = FOG OR MIST
DPTR FM NORMAL: 4.8 DPTR FM NORMAL: 1.56 2 = FOG REDUCING VISIBILITY
HIGHEST: 79 ON 3 GRTST 24HR 1.14 ON 24-25 TO 1/4 MILE OR LESS
LOWEST: 15 ON 23 3 = THUNDER
SNOW, ICE PELLETS, HAIL 4 = ICE PELLETS
TOTAL MONTH: 0.0 INCH 5 = HAIL
GRTST 24HR 0.0 6 = FREEZING RAIN OR DRIZZLE
GRTST DEPTH: 0 7 = DUSTSTORM OR SANDSTORM:
VSBY 1/2 MILE OR LESS
8 = SMOKE OR HAZE
[NO. OF DAYS WITH] [WEATHER - DAYS WITH] 9 = BLOWING SNOW
X = TORNADO
MAX 32 OR BELOW: 1 0.01 INCH OR MORE: 8
MAX 90 OR ABOVE: 0 0.10 INCH OR MORE: 7
MIN 32 OR BELOW: 19 0.50 INCH OR MORE: 3
MIN 0 OR BELOW: 0 1.00 INCH OR MORE: 0
[HDD (BASE 65) ]
TOTAL THIS MO. 661 CLEAR (SCALE 0-3) 14
DPTR FM NORMAL -141 PTCLDY (SCALE 4-7) 10
TOTAL FM JUL 1 4782 CLOUDY (SCALE 8-10) 4
DPTR FM NORMAL -1221
[CDD (BASE 65) ]
TOTAL THIS MO. 0
DPTR FM NORMAL 0 [PRESSURE DATA]
TOTAL FM JAN 1 0 HIGHEST SLP M ON M
DPTR FM NORMAL 0 LOWEST SLP 29.31 ON 26
[REMARKS]