000
CXAK56 PAFC 012013 RRA
CF6ANC
PRELIMINARY LOCAL CLIMATOLOGICAL DATA (WS FORM: F-6)
STATION: ANCHORAGE AK
MONTH: JULY
YEAR: 2021
LATITUDE: 61 10 N
LONGITUDE: 150 2 W
TEMPERATURE IN F: :PCPN: SNOW: WIND :SUNSHINE: SKY :PK WND
================================================================================
1 2 3 4 5 6A 6B 7 8 9 10 11 12 13 14 15 16 17 18
12Z AVG MX 2MIN
DY MAX MIN AVG DEP HDD CDD WTR SNW DPTH SPD SPD DIR MIN PSBL S-S WX SPD DR
================================================================================
1 68 46 57 -2 8 0 0.00 0.0 0 8.2 26 150 M M 6 43 160
2 67 53 60 1 5 0 0.07 0.0 0 14.5 24 140 M M 8 38 160
3 56 50 53 -6 12 0 0.04 0.0 0 5.3 17 240 M M 9 18 26 220
4 64 50 57 -2 8 0 0.00 0.0 0 5.1 10 270 M M 7 16 230
5 61 48 55 -4 10 0 T 0.0 0 8.0 22 150 M M 9 34 150
6 59 53 56 -3 9 0 0.33 0.0 0 10.7 23 140 M M 9 1 32 180
7 59 52 56 -3 9 0 0.02 0.0 0 7.9 15 170 M M 8 26 190
8 61 49 55 -4 10 0 T 0.0 0 10.3 22 170 M M 8 36 170
9 65 51 58 -1 7 0 T 0.0 0 11.9 22 140 M M 9 33 150
10 57 49 53 -7 12 0 0.02 0.0 0 5.2 12 160 M M 9 16 170
11 62 48 55 -5 10 0 T 0.0 0 5.2 16 160 M M 8 28 160
12 64 51 58 -2 7 0 T 0.0 0 5.0 15 160 M M 9 25 150
13 68 52 60 0 5 0 T 0.0 0 7.1 16 150 M M 8 28 170
14 65 51 58 -2 7 0 0.00 0.0 0 5.5 14 170 M M 7 23 190
15 71 50 61 1 4 0 0.00 0.0 0 4.6 10 240 M M 7 15 230
16 76 56 66 6 0 1 0.00 0.0 0 5.0 13 230 M M 6 17 200
17 79 58 69 9 0 4 0.00 0.0 0 4.5 10 220 M M 5 14 220
18 81 59 70 10 0 5 0.00 0.0 0 5.5 13 150 M M 7 17 140
19 71 61 66 6 0 1 0.07 0.0 0 7.7 21 150 M M 8 33 160
20 67 56 62 2 3 0 0.02 0.0 0 7.6 23 170 M M 8 1 33 180
21 62 56 59 -1 6 0 0.34 0.0 0 3.2 9 180 M M 10 1 11 160
22 69 56 63 3 2 0 0.30 0.0 0 6.0 23 160 M M 8 1 32 150
23 64 57 61 1 4 0 T 0.0 0 8.0 16 140 M M 10 29 170
24 63 55 59 -1 6 0 0.01 0.0 0 6.7 16 300 M M 9 25 210
25 65 51 58 -2 7 0 0.00 0.0 0 6.2 12 280 M M 8 15 280
26 67 51 59 -1 6 0 0.00 0.0 0 5.1 10 280 M M 4 13 280
27 68 50 59 -1 6 0 0.00 0.0 0 6.5 10 240 M M 8 23 170
28 61 56 59 -1 6 0 0.00 0.0 0 7.0 14 260 M M 10 20 150
29 59 52 56 -4 9 0 0.01 0.0 0 4.5 10 280 M M 10 18 13 270
30 62 54 58 -2 7 0 0.00 0.0 0 3.3 8 240 M M 10 12 350
31 68 53 61 1 4 0 0.00 0.0 0 4.6 13 280 M M 8 15 340
================================================================================
SM 2029 1634 189 11 1.23 0.0 205.9 M 250
================================================================================
AV 65.5 52.7 6.6 FASTST M M 8 MAX(MPH)
MISC ----> 26 150 43 160
================================================================================
NOTES:
# LAST OF SEVERAL OCCURRENCES
COLUMN 17 PEAK WIND IN M.P.H.
PRELIMINARY LOCAL CLIMATOLOGICAL DATA (WS FORM: F-6) , PAGE 2
STATION: ANCHORAGE AK
MONTH: JULY
YEAR: 2021
LATITUDE: 61 10 N
LONGITUDE: 150 2 W
[TEMPERATURE DATA] [PRECIPITATION DATA] SYMBOLS USED IN COLUMN 16
AVERAGE MONTHLY: 59.1 TOTAL FOR MONTH: 1.23 1 = FOG OR MIST
DPTR FM NORMAL: -0.5 DPTR FM NORMAL: -0.59 2 = FOG REDUCING VISIBILITY
HIGHEST: 81 ON 18 GRTST 24HR 0.62 ON 21-22 TO 1/4 MILE OR LESS
LOWEST: 46 ON 1 3 = THUNDER
SNOW, ICE PELLETS, HAIL 4 = ICE PELLETS
TOTAL MONTH: 0.0 INCH 5 = HAIL
GRTST 24HR 0.0 6 = FREEZING RAIN OR DRIZZLE
GRTST DEPTH: 0 7 = DUSTSTORM OR SANDSTORM:
VSBY 1/2 MILE OR LESS
8 = SMOKE OR HAZE
[NO. OF DAYS WITH] [WEATHER - DAYS WITH] 9 = BLOWING SNOW
X = TORNADO
MAX 32 OR BELOW: 0 0.01 INCH OR MORE: 11
MAX 90 OR ABOVE: 0 0.10 INCH OR MORE: 3
MIN 32 OR BELOW: 0 0.50 INCH OR MORE: 0
MIN 0 OR BELOW: 0 1.00 INCH OR MORE: 0
[HDD (BASE 65) ]
TOTAL THIS MO. 189 CLEAR (SCALE 0-3) 0
DPTR FM NORMAL 15 PTCLDY (SCALE 4-7) 16
TOTAL FM JUL 1 189 CLOUDY (SCALE 8-10) 15
DPTR FM NORMAL 20
[CDD (BASE 65) ]
TOTAL THIS MO. 11
DPTR FM NORMAL 6 [PRESSURE DATA]
TOTAL FM JAN 1 11 HIGHEST SLP 30.27 ON 4
DPTR FM NORMAL 4 LOWEST SLP 29.69 ON 21
[REMARKS]
#FINAL-07-21#