000
CXUS51 KCTP 010800
CF6AOO
PRELIMINARY LOCAL CLIMATOLOGICAL DATA (WS FORM: F-6)
STATION: ALTOONA
MONTH: MARCH
YEAR: 2023
LATITUDE: 40 17 N
LONGITUDE: 78 19 W
TEMPERATURE IN F: :PCPN: SNOW: WIND :SUNSHINE: SKY :PK WND
================================================================================
1 2 3 4 5 6A 6B 7 8 9 10 11 12 13 14 15 16 17 18
12Z AVG MX 2MIN
DY MAX MIN AVG DEP HDD CDD WTR SNW DPTH SPD SPD DIR MIN PSBL S-S WX SPD DR
================================================================================
1 59 25 42 8 23 0 0.00 M M 7.5 24 170 M M 3 1 32 170
2 57 36 47 13 18 0 T M M 10.4 20 300 M M 2 27 290
3 39 30 35 1 30 0 0.83 M M 7.4 22 140 M M 6 1238 29 140
4 44 32 38 3 27 0 0.10 M M 12.0 38 290 M M 7 1 58 300
5 52 29 41 6 24 0 0.00 M M 7.3 20 310 M M 2 29 340
6 54 25 40 5 25 0 T M M 4.1 22 10 M M 2 1 26 10
7 44 29 37 1 28 0 0.03 M M 16.1 30 330 M M 5 18 43 320
8 47 26 37 1 28 0 0.00 M M 11.5 20 340 M M 1 26 310
9 50 24 37 1 28 0 0.00 M M 6.6 14 10 M M 0 19 20
10 38 33 36 -1 29 0 0.14 M M 8.4 25 280 M M 8 18 34 280
11 35 30 33 -4 32 0 T M M 11.9 24 320 M M 10 34 310
12 33 25 29 -8 36 0 0.04 M M 5.8 15 160 M M 6 128 20 160
13 38 30 34 -4 31 0 0.04 M M 5.4 22 280 M M 10 18 27 280
14 30 25 28 -10 37 0 0.01 M M 20.3 30 300 M M 10 42 320
15 43 24 34 -4 31 0 0.00 M M 13.1 26 320 M M 3 41 330
16 60 28 44 5 21 0 0.00 0.0 0 6.4 14 300 M M 0 20 230
17 52 36 44 5 21 0 0.21 M M 7.4 26 310 M M 10 1 36 310
18 42 22 32 -7 33 0 T M M 16.1 28 270 M M 8 36 290
19 33 17 25 -15 40 0 T M M 15.6 25 280 M M 4 34 320
20 50 22 36 -4 29 0 0.00 M M 9.3 15 270 M M 0 20 260
21 60 28 44 4 21 0 0.00 M M 8.4 14 230 M M 0 20 230
22 60 40 50 9 15 0 T M M 8.5 17 220 M M 7 8 21 210
23 66 48 57 16 8 0 0.87 M M 11.5 22 220 M M 10 13 30 220
24 50 42 46 5 19 0 0.16 M M 3.5 10 10 M M 10 1 22 20
25 51 37 44 2 21 0 0.37 M M 10.2 28 270 M M 6 12 37 260
26 58 38 48 6 17 0 0.00 M M 12.3 31 270 M M 0 41 280
27 63 35 49 6 16 0 T M M 6.4 22 330 M M 3 28 330
28 50 39 45 2 20 0 T M M 7.2 16 310 M M 8 22 320
29 55 28 42 -1 23 0 0.01 M M 9.4 32 320 M M 4 1 37 320
30 49 24 37 -7 28 0 0.00 M M 6.6 17 330 M M 0 23 350
31 50 31 41 -3 24 0 0.09 M M 4.9 14 180 M M 7 1 17 190
================================================================================
SM 1512 938 783 0 2.90 0.0 291.5 M 152
================================================================================
AV 48.8 30.3 9.4 FASTST M M 5 MAX(MPH)
MISC ----> 38 290 58 300
================================================================================
NOTES:
# LAST OF SEVERAL OCCURRENCES
COLUMN 17 PEAK WIND IN M.P.H.
PRELIMINARY LOCAL CLIMATOLOGICAL DATA (WS FORM: F-6) , PAGE 2
STATION: ALTOONA
MONTH: MARCH
YEAR: 2023
LATITUDE: 40 17 N
LONGITUDE: 78 19 W
[TEMPERATURE DATA] [PRECIPITATION DATA] SYMBOLS USED IN COLUMN 16
AVERAGE MONTHLY: 39.5 TOTAL FOR MONTH: 2.90 1 = FOG OR MIST
DPTR FM NORMAL: 0.8 DPTR FM NORMAL: -0.11 2 = FOG REDUCING VISIBILITY
HIGHEST: 66 ON 23 GRTST 24HR 0.93 ON 3- 4 TO 1/4 MILE OR LESS
LOWEST: 17 ON 19 3 = THUNDER
SNOW, ICE PELLETS, HAIL 4 = ICE PELLETS
TOTAL MONTH: 0.0 INCH 5 = HAIL
GRTST 24HR 0.0 6 = FREEZING RAIN OR DRIZZLE
GRTST DEPTH: 0 7 = DUSTSTORM OR SANDSTORM:
VSBY 1/2 MILE OR LESS
8 = SMOKE OR HAZE
[NO. OF DAYS WITH] [WEATHER - DAYS WITH] 9 = BLOWING SNOW
X = TORNADO
MAX 32 OR BELOW: 1 0.01 INCH OR MORE: 13
MAX 90 OR ABOVE: 0 0.10 INCH OR MORE: 7
MIN 32 OR BELOW: 21 0.50 INCH OR MORE: 2
MIN 0 OR BELOW: 0 1.00 INCH OR MORE: 0
[HDD (BASE 65) ]
TOTAL THIS MO. 783 CLEAR (SCALE 0-3) 12
DPTR FM NORMAL -32 PTCLDY (SCALE 4-7) 11
TOTAL FM JUL 1 4578 CLOUDY (SCALE 8-10) 8
DPTR FM NORMAL -509
[CDD (BASE 65) ]
TOTAL THIS MO. 0
DPTR FM NORMAL -1 [PRESSURE DATA]
TOTAL FM JAN 1 0 HIGHEST SLP 30.41 ON 21
DPTR FM NORMAL -1 LOWEST SLP 29.30 ON 4
[REMARKS]
#FINAL-03-23#