000
CXUS51 KCTP 010800
CF6AOO
PRELIMINARY LOCAL CLIMATOLOGICAL DATA (WS FORM: F-6)
STATION: ALTOONA
MONTH: MARCH
YEAR: 2022
LATITUDE: 40 17 N
LONGITUDE: 78 19 W
TEMPERATURE IN F: :PCPN: SNOW: WIND :SUNSHINE: SKY :PK WND
================================================================================
1 2 3 4 5 6A 6B 7 8 9 10 11 12 13 14 15 16 17 18
12Z AVG MX 2MIN
DY MAX MIN AVG DEP HDD CDD WTR SNW DPTH SPD SPD DIR MIN PSBL S-S WX SPD DR
================================================================================
1 56 30 43 9 22 0 0.01 M M 11.3 28 290 M M 7 36 300
2 52 33 43 9 22 0 T M M 7.0 20 240 M M 4 8 30 250
3 50 21 36 2 29 0 0.13 M M 13.6 24 330 M M 3 1 32 330
4 44 14 29 -6 36 0 0.00 M M 3.5 12 190 M M 0 15 170
5 53 28 41 6 24 0 0.00 M M 4.1 17 170 M M 0 21 170
6 69 41 55 20 10 0 T M M 14.0 31 240 M M 5 41 240
7 63 37 50 14 15 0 0.26 0.0 M 14.0 40 270 M M 7 1 49 270
8 39 30 35 -1 30 0 T M M 9.1 28 290 M M 7 40 290
9 36 31 34 -2 31 0 0.36 M M 3.6 12 300 M M 8 12 14 310
10 49 25 37 0 28 0 0.00 M M 3.7 12 160 M M 3 18 14 160
11 57 31 44 7 21 0 0.00 M M 6.3 20 310 M M 3 26 320
12 43 15 29 -8 36 0 0.17 M M 17.3 32 320 M M 10 128 47 300
13 34 12 23 -15 42 0 T M M 12.3 28 300 M M 5 35 310
14 58 28 43 5 22 0 0.00 M M 7.8 17 210 M M 3 20 210
15 61 39 50 12 15 0 0.00 M M 8.8 20 230 M M 4 25 220
16 67 39 53 14 12 0 0.00 M M 6.5 16 160 M M 0 19 160
17 63 47 55 16 10 0 0.08 M M 5.5 13 180 M M 7 1 16 180
18 70 43 57 18 8 0 0.00 M M 8.8 28 160 M M 2 1 36 140
19 69 49 59 19 6 0 0.14 M M 11.6 29 280 M M 3 3 39 260
20 50 40 45 5 20 0 T M M 14.8 30 260 M M 7 37 250
21 63 35 49 9 16 0 0.00 M M 8.0 21 270 M M 1 26 300
22 53 36 45 4 20 0 T M M 4.4 13 80 M M 2 16 80
23 48 40 44 3 21 0 0.24 M M 7.9 14 130 M M 7 18 20 120
24 62 43 53 12 12 0 0.42 M M 5.2 15 150 M M 9 12 18 150
25 47 38 43 1 22 0 T M M 11.6 21 260 M M 7 27 270
26 43 32 38 -4 27 0 0.01 M M 15.7 32 260 M M 9 18 39 260
27 33 21 27 -16 38 0 T M M 15.9 30 300 M M 10 8 38 300
28 28 20 24 -19 41 0 T M M 17.9 33 310 M M 9 45 300
29 39 18 29 -14 36 0 0.00 M M 9.7 22 310 M M 3 29 310
30 53 25 39 -5 26 0 0.04 M M 7.2 20 160 M M 4 6 23 160
31 70 48 59 15 6 0 0.37 M M 14.1 31 260 M M 6 13 42 270
================================================================================
SM 1622 989 704 0 2.23 0.0 301.2 M 155
================================================================================
AV 52.3 31.9 9.7 FASTST M M 5 MAX(MPH)
MISC ----> 40 270 49 270
================================================================================
NOTES:
# LAST OF SEVERAL OCCURRENCES
COLUMN 17 PEAK WIND IN M.P.H.
PRELIMINARY LOCAL CLIMATOLOGICAL DATA (WS FORM: F-6) , PAGE 2
STATION: ALTOONA
MONTH: MARCH
YEAR: 2022
LATITUDE: 40 17 N
LONGITUDE: 78 19 W
[TEMPERATURE DATA] [PRECIPITATION DATA] SYMBOLS USED IN COLUMN 16
AVERAGE MONTHLY: 42.1 TOTAL FOR MONTH: 2.23 1 = FOG OR MIST
DPTR FM NORMAL: 3.4 DPTR FM NORMAL: -0.78 2 = FOG REDUCING VISIBILITY
HIGHEST: 70 ON 31,18 GRTST 24HR 0.42 ON 24-24 TO 1/4 MILE OR LESS
LOWEST: 12 ON 13 3 = THUNDER
SNOW, ICE PELLETS, HAIL 4 = ICE PELLETS
TOTAL MONTH: 0.0 INCH 5 = HAIL
GRTST 24HR 0.0 6 = FREEZING RAIN OR DRIZZLE
GRTST DEPTH: M ON M 7 = DUSTSTORM OR SANDSTORM:
VSBY 1/2 MILE OR LESS
8 = SMOKE OR HAZE
[NO. OF DAYS WITH] [WEATHER - DAYS WITH] 9 = BLOWING SNOW
X = TORNADO
MAX 32 OR BELOW: 1 0.01 INCH OR MORE: 12
MAX 90 OR ABOVE: 0 0.10 INCH OR MORE: 8
MIN 32 OR BELOW: 16 0.50 INCH OR MORE: 0
MIN 0 OR BELOW: 0 1.00 INCH OR MORE: 0
[HDD (BASE 65) ]
TOTAL THIS MO. 704 CLEAR (SCALE 0-3) 10
DPTR FM NORMAL -111 PTCLDY (SCALE 4-7) 16
TOTAL FM JUL 1 4615 CLOUDY (SCALE 8-10) 5
DPTR FM NORMAL -472
[CDD (BASE 65) ]
TOTAL THIS MO. 0
DPTR FM NORMAL -1 [PRESSURE DATA]
TOTAL FM JAN 1 0 HIGHEST SLP 30.55 ON 4
DPTR FM NORMAL -1 LOWEST SLP 29.36 ON 31
[REMARKS]
#FINAL-03-22#