000
CXUS51 KCTP 230800
CF6AOO
PRELIMINARY LOCAL CLIMATOLOGICAL DATA (WS FORM: F-6)
STATION: ALTOONA
MONTH: APRIL
YEAR: 2024
LATITUDE: 40 17 N
LONGITUDE: 78 19 W
TEMPERATURE IN F: :PCPN: SNOW: WIND :SUNSHINE: SKY :PK WND
================================================================================
1 2 3 4 5 6A 6B 7 8 9 10 11 12 13 14 15 16 17 18
12Z AVG MX 2MIN
DY MAX MIN AVG DEP HDD CDD WTR SNW DPTH SPD SPD DIR MIN PSBL S-S WX SPD DR
================================================================================
1 56 44 50 5 15 0 0.71 M M 5.0 17 350 M M 10 13 23 350
2 50 44 47 2 18 0 1.79 M M 8.5 17 160 M M 10 13 24 170
3 46 43 45 0 20 0 1.52 M M 7.5 16 130 M M 10 18 33 100
4 45 32 39 -7 26 0 0.10 M M 5.8 23 260 M M 8 123 29 260
5 40 36 38 -8 27 0 0.04 M M 11.5 22 310 M M 10 1 33 300
6 52 35 44 -3 21 0 0.00 M M 13.5 21 350 M M 7 30 320
7 62 32 47 0 18 0 0.00 M M 4.9 16 350 M M 0 23 360
8 66 38 52 4 13 0 T M M 1.9 10 150 M M 3 14 150
9 77 40 59 11 6 0 0.00 M M 4.8 13 210 M M 2 18 200
10 69 55 62 14 3 0 0.02 M M 5.1 13 220 M M 8 1 15 270
11 67 55 61 12 4 0 0.46 M M 12.8 28 150 M M 9 1 38 150
12 64 44 54 5 11 0 0.99 M M 18.9 35 280 M M 10 1 55 310
13 58 42 50 0 15 0 0.01 M M 18.4 35 290 M M 5 48 300
14 82 44 63 13 2 0 0.19 M M 13.6 33 260 M M 2 3 48 270
15 77 49 63 13 2 0 0.14 M M 7.7 20 360 M M 4 13 28 10
16 77 41 59 8 6 0 0.00 M M 2.6 12 220 M M 0 16 220
17 72 50 61 10 4 0 0.03 M M 5.6 24 310 M M 4 13 37 310
18 68 50 59 7 6 0 0.00 M M 5.3 16 320 M M 6 24 300
19 57 49 53 1 12 0 T M M 8.0 16 180 M M 9 18 23 170
20 62 34 48 -4 17 0 0.00 M M 12.2 32 270 M M 4 46 260
21 48 31 40 -13 25 0 0.00 M M 6.8 17 310 M M 6 24 280
22 60 29 45 -8 20 0 0.00 M M 6.9 20 310 M M 0 26 300
================================================================================
SM 1355 917 291 0 6.00 M 187.3 M 127
================================================================================
AV 61.6 41.7 8.5 FASTST M M 6 MAX(MPH)
MISC ----> # 35 280 55 310
================================================================================
NOTES:
# LAST OF SEVERAL OCCURRENCES
COLUMN 17 PEAK WIND IN M.P.H.
PRELIMINARY LOCAL CLIMATOLOGICAL DATA (WS FORM: F-6) , PAGE 2
STATION: ALTOONA
MONTH: APRIL
YEAR: 2024
LATITUDE: 40 17 N
LONGITUDE: 78 19 W
[TEMPERATURE DATA] [PRECIPITATION DATA] SYMBOLS USED IN COLUMN 16
AVERAGE MONTHLY: 51.6 TOTAL FOR MONTH: 6.00 1 = FOG OR MIST
DPTR FM NORMAL: 2.7 DPTR FM NORMAL: 3.66 2 = FOG REDUCING VISIBILITY
HIGHEST: 82 ON 14 GRTST 24HR 2.16 ON 2- 3 TO 1/4 MILE OR LESS
LOWEST: 29 ON 22 3 = THUNDER
SNOW, ICE PELLETS, HAIL 4 = ICE PELLETS
TOTAL MONTH: M 5 = HAIL
GRTST 24HR M ON M 6 = FREEZING RAIN OR DRIZZLE
GRTST DEPTH: M ON M 7 = DUSTSTORM OR SANDSTORM:
VSBY 1/2 MILE OR LESS
8 = SMOKE OR HAZE
[NO. OF DAYS WITH] [WEATHER - DAYS WITH] 9 = BLOWING SNOW
X = TORNADO
MAX 32 OR BELOW: 0 0.01 INCH OR MORE: 12
MAX 90 OR ABOVE: 0 0.10 INCH OR MORE: 8
MIN 32 OR BELOW: 4 0.50 INCH OR MORE: 4
MIN 0 OR BELOW: 0 1.00 INCH OR MORE: 2
[HDD (BASE 65) ]
TOTAL THIS MO. 291 CLEAR (SCALE 0-3) 6
DPTR FM NORMAL -66 PTCLDY (SCALE 4-7) 7
TOTAL FM JUL 1 4675 CLOUDY (SCALE 8-10) 9
DPTR FM NORMAL -771
[CDD (BASE 65) ]
TOTAL THIS MO. 0
DPTR FM NORMAL 0 [PRESSURE DATA]
TOTAL FM JAN 1 0 HIGHEST SLP M ON M
DPTR FM NORMAL -1 LOWEST SLP 29.20 ON 12
[REMARKS]