145
CXUS55 KBOU 091920
CF6APA
PRELIMINARY LOCAL CLIMATOLOGICAL DATA (WS FORM: F-6)
STATION: CENTENNIAL CO
MONTH: JANUARY
YEAR: 2021
LATITUDE: 39 33 N
LONGITUDE: 104 51 W
TEMPERATURE IN F: :PCPN: SNOW: WIND :SUNSHINE: SKY :PK WND
================================================================================
1 2 3 4 5 6A 6B 7 8 9 10 11 12 13 14 15 16 17 18
12Z AVG MX 2MIN
DY MAX MIN AVG DEP HDD CDD WTR SNW DPTH SPD SPD DIR MIN PSBL S-S WX SPD DR
================================================================================
1 40 22 31 0 34 0 0.00 M M 4.6 12 200 M M 4 16 200
2 51 20 36 5 29 0 0.00 M M 9.3 28 320 M M 2 38 330
3 53 24 39 8 26 0 0.00 M M 8.5 29 300 M M 3 43 290
4 54 25 40 9 25 0 0.00 M M 11.2 23 170 M M 2 31 160
5 54 25 40 9 25 0 0.00 M M 10.0 26 360 M M 5 35 360
6 44 18 31 0 34 0 0.00 M M 5.9 12 120 M M 2 15 100
7 48 23 36 5 29 0 0.00 M M 4.5 13 360 M M 5 15 360
8 43 19 31 0 34 0 0.00 M M 6.7 15 110 M M 2 19 110
9 31 21 26 -5 39 0 0.05 M M 4.0 12 350 M M 9 18 16 340
10 34 17 26 -5 39 0 T M M 3.1 8 160 M M 6 128 11 150
11 46 15 31 0 34 0 0.00 M M 3.2 12 130 M M 2 14 140
12 53 15 34 2 31 0 0.00 M M 5.5 14 200 M M 3 16 170
13 63 35 49 17 16 0 0.00 M M 10.8 36 320 M M 6 53 340
14 44 18 31 -1 34 0 0.00 M M 17.3 48 330 M M 4 68 330
15 44 13 29 -3 36 0 0.00 M M 4.4 14 150 M M 2 18 140
16 47 24 36 4 29 0 0.00 M M 6.3 16 20 M M 6 22 40
17 50 24 37 5 28 0 0.00 M M 6.4 16 290 M M 8 22 290
18 42 25 34 2 31 0 T M M 7.3 18 40 M M 8 30 30
19 40 22 31 -1 34 0 T M M 5.4 15 160 M M 6 21 170
20 59 31 45 13 20 0 0.00 M M 10.5 24 330 M M 1 34 320
21 50 26 38 6 27 0 0.00 M M 6.3 15 100 M M 5 19 90
22 52 22 37 5 28 0 0.00 M M 5.5 17 350 M M 3 23 340
23 49 20 35 3 30 0 T M M 5.6 18 350 M M 4 24 40
24 39 16 28 -4 37 0 0.00 M M 5.1 13 10 M M 7 16 350
25 35 21 28 -4 37 0 T M M 6.9 14 360 M M 8 18 18 360
26 24 12 18 -14 47 0 0.08 M M 7.3 15 170 M M 10 18 21 170
27 47 5 26 -6 39 0 0.00 M M 7.1 21 200 M M 1 1 28 200
28 56 32 44 12 21 0 0.00 M M 7.7 17 210 M M 5 8 24 210
29 61 35 48 16 17 0 0.00 M M 13.1 30 240 M M 4 40 240
30 52 27 40 8 25 0 0.00 M M 8.8 25 310 M M 5 33 300
31 51 20 36 4 29 0 0.00 M M 5.6 12 150 M M 1 15 200
================================================================================
SM 1456 672 944 0 0.13 M 223.9 M 139
================================================================================
AV 47.0 21.7 7.2 FASTST M M 4 MAX(MPH)
MISC ----> 48 330 68 330
================================================================================
NOTES:
# LAST OF SEVERAL OCCURRENCES
COLUMN 17 PEAK WIND IN M.P.H.
PRELIMINARY LOCAL CLIMATOLOGICAL DATA (WS FORM: F-6) , PAGE 2
STATION: CENTENNIAL CO
MONTH: JANUARY
YEAR: 2021
LATITUDE: 39 33 N
LONGITUDE: 104 51 W
[TEMPERATURE DATA] [PRECIPITATION DATA] SYMBOLS USED IN COLUMN 16
AVERAGE MONTHLY: 34.3 TOTAL FOR MONTH: 0.13 1 = FOG OR MIST
DPTR FM NORMAL: 2.9 DPTR FM NORMAL: -0.32 2 = FOG REDUCING VISIBILITY
HIGHEST: 63 ON 13 GRTST 24HR 0.18 ON 9-10 TO 1/4 MILE OR LESS
LOWEST: 5 ON 27 3 = THUNDER
SNOW, ICE PELLETS, HAIL 4 = ICE PELLETS
TOTAL MONTH: M 5 = HAIL
GRTST 24HR M ON M 6 = FREEZING RAIN OR DRIZZLE
GRTST DEPTH: M ON M 7 = DUSTSTORM OR SANDSTORM:
VSBY 1/2 MILE OR LESS
8 = SMOKE OR HAZE
[NO. OF DAYS WITH] [WEATHER - DAYS WITH] 9 = BLOWING SNOW
X = TORNADO
MAX 32 OR BELOW: 2 0.01 INCH OR MORE: 2
MAX 90 OR ABOVE: 0 0.10 INCH OR MORE: 0
MIN 32 OR BELOW: 29 0.50 INCH OR MORE: 0
MIN 0 OR BELOW: 0 1.00 INCH OR MORE: 0
[HDD (BASE 65) ]
TOTAL THIS MO. 944 CLEAR (SCALE 0-3) 9
DPTR FM NORMAL -98 PTCLDY (SCALE 4-7) 19
TOTAL FM JUL 1 3131 CLOUDY (SCALE 8-10) 3
DPTR FM NORMAL -429
[CDD (BASE 65) ]
TOTAL THIS MO. 0
DPTR FM NORMAL 0 [PRESSURE DATA]
TOTAL FM JAN 1 0 HIGHEST SLP 30.54 ON 19
DPTR FM NORMAL 0 LOWEST SLP 29.48 ON 30
[REMARKS]
#FINAL-01-21#