682
CXUS55 KBOU 011323
CF6APA
PRELIMINARY LOCAL CLIMATOLOGICAL DATA (WS FORM: F-6)
STATION: CENTENNIAL CO
MONTH: JULY
YEAR: 2020
LATITUDE: 39 33 N
LONGITUDE: 104 51 W
TEMPERATURE IN F: :PCPN: SNOW: WIND :SUNSHINE: SKY :PK WND
================================================================================
1 2 3 4 5 6A 6B 7 8 9 10 11 12 13 14 15 16 17 18
12Z AVG MX 2MIN
DY MAX MIN AVG DEP HDD CDD WTR SNW DPTH SPD SPD DIR MIN PSBL S-S WX SPD DR
================================================================================
1 85 52 69 -1 0 4 0.00 M M 13.0 30 170 M M 2 42 170
2 94 61 78 7 0 13 0.00 M M 9.8 26 150 M M 3 36 170
3 90 58 74 3 0 9 T M M 11.6 31 210 M M 5 3 41 210
4 89 62 76 5 0 11 T M M 10.8 26 180 M M 7 3 42 180
5 90 57 74 3 0 9 T M M 9.6 28 210 M M 3 40 210
6 95 58 77 5 0 12 T M M 10.6 30 230 M M 4 44 230
7 94 64 79 7 0 14 T M M 12.7 32 210 M M 5 60 200
8 95 57 76 4 0 11 0.00 M M 6.2 17 20 M M 4 27 80
9 93 60 77 5 0 12 0.00 M M 9.9 24 150 M M 3 35 100
10 98 63 81 9 0 16 0.00 M M 7.6 20 160 M M 2 27 170
11 94 65 80 8 0 15 0.00 M M 7.7 14 170 M M 3 23 70
12 97 68 83 10 0 18 0.00 M M 10.3 26 310 M M 4 3 36 280
13 96 66 81 8 0 16 0.02 M M 10.8 23 40 M M 7 3 35 40
14 78 63 71 -2 0 6 0.12 M M 10.0 25 160 M M 7 138 33 170
15 78 57 68 -5 0 3 0.15 M M 10.6 29 180 M M 6 3 40 200
16 92 58 75 2 0 10 T M M 12.1 30 190 M M 6 3 42 180
17 94 63 79 6 0 14 0.00 M M 10.2 31 270 M M 4 8 42 270
18 96 64 80 7 0 15 0.00 M M 8.4 31 330 M M 6 43 10
19 89 62 76 3 0 11 0.00 M M 9.8 25 300 M M 5 3 36 310
20 93 67 80 7 0 15 0.00 M M 8.2 17 230 M M 3 26 60
21 86 61 74 1 0 9 0.00 M M 10.0 24 190 M M 4 35 190
22 95 56 76 3 0 11 0.00 M M 5.9 23 210 M M 6 3 33 210
23 92 66 79 6 0 14 0.00 M M 5.4 21 310 M M 7 27 320
24 89 64 77 4 0 12 0.08 M M 8.6 20 80 M M 7 3 30 80
25 86 64 75 2 0 10 0.13 M M 8.1 22 180 M M 7 13 30 180
26 83 63 73 0 0 8 T M M 7.1 18 360 M M 8 27 360
27 86 57 72 -1 0 7 0.00 M M 7.6 22 160 M M 6 30 160
28 87 61 74 1 0 9 0.01 M M 7.4 33 290 M M 4 3 47 280
29 94 59 77 4 0 12 0.00 M M 12.7 31 340 M M 3 44 310
30 79 55 67 -6 0 2 0.00 M M 7.6 22 20 M M 4 30 360
31 87 54 71 -1 0 6 T 0.0 0 5.9 29 330 M M 3 3 42 350
================================================================================
SM 2794 1885 0 334 0.51 0.0 286.2 M 148
================================================================================
AV 90.1 60.8 9.2 FASTST M M 5 MAX(MPH)
MISC ----> # 33 290 # 60 200
================================================================================
NOTES:
# LAST OF SEVERAL OCCURRENCES
COLUMN 17 PEAK WIND IN M.P.H.
PRELIMINARY LOCAL CLIMATOLOGICAL DATA (WS FORM: F-6) , PAGE 2
STATION: CENTENNIAL CO
MONTH: JULY
YEAR: 2020
LATITUDE: 39 33 N
LONGITUDE: 104 51 W
[TEMPERATURE DATA] [PRECIPITATION DATA] SYMBOLS USED IN COLUMN 16
AVERAGE MONTHLY: 75.5 TOTAL FOR MONTH: 0.51 1 = FOG OR MIST
DPTR FM NORMAL: 3.1 DPTR FM NORMAL: -1.53 2 = FOG REDUCING VISIBILITY
HIGHEST: 98 ON 10 GRTST 24HR 0.15 ON 15-15 TO 1/4 MILE OR LESS
LOWEST: 52 ON 1 3 = THUNDER
SNOW, ICE PELLETS, HAIL 4 = ICE PELLETS
TOTAL MONTH: 0.0 INCH 5 = HAIL
GRTST 24HR 0.0 6 = FREEZING RAIN OR DRIZZLE
GRTST DEPTH: 0 7 = DUSTSTORM OR SANDSTORM:
VSBY 1/2 MILE OR LESS
8 = SMOKE OR HAZE
[NO. OF DAYS WITH] [WEATHER - DAYS WITH] 9 = BLOWING SNOW
X = TORNADO
MAX 32 OR BELOW: 0 0.01 INCH OR MORE: 6
MAX 90 OR ABOVE: 18 0.10 INCH OR MORE: 3
MIN 32 OR BELOW: 0 0.50 INCH OR MORE: 0
MIN 0 OR BELOW: 0 1.00 INCH OR MORE: 0
[HDD (BASE 65) ]
TOTAL THIS MO. 0 CLEAR (SCALE 0-3) 9
DPTR FM NORMAL -6 PTCLDY (SCALE 4-7) 21
TOTAL FM JUL 1 0 CLOUDY (SCALE 8-10) 1
DPTR FM NORMAL -6
[CDD (BASE 65) ]
TOTAL THIS MO. 334
DPTR FM NORMAL 98 [PRESSURE DATA]
TOTAL FM JAN 1 560 HIGHEST SLP 30.21 ON 30
DPTR FM NORMAL 219 LOWEST SLP 29.62 ON 13
[REMARKS]
#FINAL-07-20#