000
CXUS53 KAPX 010830
CF6APX
PRELIMINARY LOCAL CLIMATOLOGICAL DATA (WS FORM: F-6)
STATION: GAYLORD WFO
MONTH: FEBRUARY
YEAR: 2023
LATITUDE: 45 4 N
LONGITUDE: 84 43 W
TEMPERATURE IN F: :PCPN: SNOW: WIND :SUNSHINE: SKY :PK WND
================================================================================
1 2 3 4 5 6A 6B 7 8 9 10 11 12 13 14 15 16 17 18
12Z AVG MX 2MIN
DY MAX MIN AVG DEP HDD CDD WTR SNW DPTH SPD SPD DIR MIN PSBL S-S WX SPD DR
================================================================================
1 25 9 17 0 48 0 T T 10 M M M M M M 9 M M
2 25 5 15 -2 50 0 0.21 3.7 9 M M M M M M M M
3 10 -1 5 -13 60 0 0.02 0.4 10 M M M M M M M M
4 28 5 17 -1 48 0 0.03 0.9 10 M M M M M M M M
5 31 19 25 7 40 0 T T 10 M M M M M M M M
6 29 19 24 6 41 0 T T 10 M M M M M M M M
7 36 25 31 13 34 0 0.11 T 7 M M M M M M M M
8 47 23 35 17 30 0 0.00 0.0 7 M M M M M M M M
9 33 28 31 13 34 0 0.69 2.8 6 M M M M M M M M
10 31 21 26 8 39 0 0.09 1.3 9 M M M M M M M M
11 42 16 29 10 36 0 T T 9 M M M M M M M M
12 46 28 37 18 28 0 0.00 0.0 9 M M M M M M M M
13 38 28 33 14 32 0 0.00 0.0 9 M M M M M M M M
14 49 29 39 20 26 0 0.08 0.0 9 M M M M M M M M
15 44 23 34 15 31 0 0.03 0.1 5 M M M M M M M M
16 23 17 20 0 45 0 0.29 4.3 4 M M M M M M M M
17 19 9 14 -6 51 0 0.07 1.1 9 M M M M M M M M
18 35 15 25 5 40 0 0.00 0.0 9 M M M M M M M M
19 45 29 37 17 28 0 T T 9 M M M M M M M M
20 34 23 29 8 36 0 T 0.1 4 M M M M M M M M
21 30 18 24 3 41 0 0.15 1.8 5 M M M M M M M M
22 23 17 20 -1 45 0 0.48 5.8 8 M M M M M M M M
23 23 12 18 -4 47 0 0.27 3.0 11 M M M M M M 6 M M
24 16 7 12 -10 53 0 T 0.1 10 M M M M M M M M
25 28 11 20 -2 45 0 0.11 2.3 12 M M M M M M M M
26 27 15 21 -1 44 0 0.00 0.0 11 M M M M M M M M
27 27 14 21 -2 44 0 0.40 3.1 11 M M M M M M M M
28 38 22 30 7 35 0 0.02 0.3 13 M M M M M M M M
================================================================================
SM 882 486 1131 0 3.05 31.1 M M M
================================================================================
AV 31.5 17.4 M FASTST M M M MAX(MPH)
MISC ----> M M M M
================================================================================
NOTES:
# LAST OF SEVERAL OCCURRENCES
COLUMN 17 PEAK WIND IN M.P.H.
PRELIMINARY LOCAL CLIMATOLOGICAL DATA (WS FORM: F-6) , PAGE 2
STATION: GAYLORD WFO
MONTH: FEBRUARY
YEAR: 2023
LATITUDE: 45 4 N
LONGITUDE: 84 43 W
[TEMPERATURE DATA] [PRECIPITATION DATA] SYMBOLS USED IN COLUMN 16
AVERAGE MONTHLY: 24.4 TOTAL FOR MONTH: 3.05 1 = FOG OR MIST
DPTR FM NORMAL: 4.8 DPTR FM NORMAL: 0.97 2 = FOG REDUCING VISIBILITY
HIGHEST: 49 ON 14 GRTST 24HR 0.69 ON 9- 9 TO 1/4 MILE OR LESS
LOWEST: -1 ON 3 3 = THUNDER
SNOW, ICE PELLETS, HAIL 4 = ICE PELLETS
TOTAL MONTH: 31.3 INCHES 5 = HAIL
GRTST 24HR 5.8 ON 22-22 6 = FREEZING RAIN OR DRIZZLE
GRTST DEPTH: 13 ON 28 7 = DUSTSTORM OR SANDSTORM:
VSBY 1/2 MILE OR LESS
8 = SMOKE OR HAZE
[NO. OF DAYS WITH] [WEATHER - DAYS WITH] 9 = BLOWING SNOW
X = TORNADO
MAX 32 OR BELOW: 16 0.01 INCH OR MORE: 16
MAX 90 OR ABOVE: 0 0.10 INCH OR MORE: 9
MIN 32 OR BELOW: 28 0.50 INCH OR MORE: 1
MIN 0 OR BELOW: 1 1.00 INCH OR MORE: 0
[HDD (BASE 65) ]
TOTAL THIS MO. 1131 CLEAR (SCALE 0-3) 0
DPTR FM NORMAL -140 PTCLDY (SCALE 4-7) 0
TOTAL FM JUL 1 5126 CLOUDY (SCALE 8-10) 28
DPTR FM NORMAL -692
[CDD (BASE 65) ]
TOTAL THIS MO. 0
DPTR FM NORMAL 0 [PRESSURE DATA]
TOTAL FM JAN 1 0 HIGHEST SLP M ON M
DPTR FM NORMAL 0 LOWEST SLP M ON M
[REMARKS]
#FINAL-02-23#