000
CXUS53 KAPX 010830
CF6APX
PRELIMINARY LOCAL CLIMATOLOGICAL DATA (WS FORM: F-6)
STATION: GAYLORD WFO
MONTH: FEBRUARY
YEAR: 2024
LATITUDE: 45 4 N
LONGITUDE: 84 43 W
TEMPERATURE IN F: :PCPN: SNOW: WIND :SUNSHINE: SKY :PK WND
================================================================================
1 2 3 4 5 6A 6B 7 8 9 10 11 12 13 14 15 16 17 18
12Z AVG MX 2MIN
DY MAX MIN AVG DEP HDD CDD WTR SNW DPTH SPD SPD DIR MIN PSBL S-S WX SPD DR
================================================================================
1 37 28 33 16 32 0 T 0.0 4 M M M M M M M M
2 36 24 30 13 35 0 0.00 0.0 4 M M M M M M M M
3 45 18 32 14 33 0 0.00 0.0 3 M M M M M M M M
4 48 21 35 17 30 0 0.00 0.0 3 M M M M M M M M
5 40 23 32 14 33 0 0.00 0.0 3 M M M M M M M M
6 41 26 34 16 31 0 0.00 0.0 3 M M M M M M M M
7 48 31 40 22 25 0 0.00 0.0 2 M M M M M M M M
8 52 35 44 26 21 0 T 0.0 2 M M M M M M M M
9 49 35 42 24 23 0 T 0.0 T M M M M M M M M
10 35 27 31 13 34 0 0.04 0.2 T M M M M M M M M
11 29 23 26 7 39 0 T T T M M M M M M M M
12 38 21 30 11 35 0 T T T M M M M M M M M
13 38 17 28 9 37 0 T 0.1 T M M M M M M M M
14 32 13 23 4 42 0 T T T M M M M M M M M
15 31 22 27 8 38 0 0.05 5.7 1 M M M M M M M M
16 22 13 18 -2 47 0 0.05 1.4 6 M M M M M M M M
17 25 10 18 -2 47 0 0.17 3.3 8 M M M M M M M M
18 29 19 24 4 41 0 0.01 0.2 9 M M M M M M M M
19 35 16 26 6 39 0 0.00 0.0 8 M M M M M M M M
20 44 20 32 11 33 0 0.00 0.0 5 M M M M M M M M
21 50 30 40 19 25 0 0.01 0.0 3 M M M M M M 8 M M
22 50 28 39 18 26 0 0.00 0.0 3 M M M M M M 12 M M
23 37 11 24 2 41 0 0.00 0.0 1 M M M M M M M M
24 29 6 18 -4 47 0 0.00 0.0 T M M M M M M M M
25 44 23 34 12 31 0 T T T M M M M M M M M
26 47 25 36 14 29 0 0.00 0.0 T M M M M M M M M
27 67 44 56 33 9 0 0.00 0.0 T M M M M M M M M
28 54 13 34 11 31 0 0.64 1.6 T M M M M M M 39 M M
29 25 13 19 -4 46 0 T T 1 M M M M M M M M
================================================================================
SM 1157 635 980 0 0.97 12.5 M M M
================================================================================
AV 39.9 21.9 M FASTST M M M MAX(MPH)
MISC ----> M M M M
================================================================================
NOTES:
# LAST OF SEVERAL OCCURRENCES
COLUMN 17 PEAK WIND IN M.P.H.
PRELIMINARY LOCAL CLIMATOLOGICAL DATA (WS FORM: F-6) , PAGE 2
STATION: GAYLORD WFO
MONTH: FEBRUARY
YEAR: 2024
LATITUDE: 45 4 N
LONGITUDE: 84 43 W
[TEMPERATURE DATA] [PRECIPITATION DATA] SYMBOLS USED IN COLUMN 16
AVERAGE MONTHLY: 30.9 TOTAL FOR MONTH: 0.97 1 = FOG OR MIST
DPTR FM NORMAL: 11.3 DPTR FM NORMAL: -1.11 2 = FOG REDUCING VISIBILITY
HIGHEST: 67 ON 27 GRTST 24HR 0.64 ON 28-28 TO 1/4 MILE OR LESS
LOWEST: 6 ON 24 3 = THUNDER
SNOW, ICE PELLETS, HAIL 4 = ICE PELLETS
TOTAL MONTH: 12.5 INCHES 5 = HAIL
GRTST 24HR 5.7 ON 15-15 6 = FREEZING RAIN OR DRIZZLE
GRTST DEPTH: 9 ON 18 7 = DUSTSTORM OR SANDSTORM:
VSBY 1/2 MILE OR LESS
8 = SMOKE OR HAZE
[NO. OF DAYS WITH] [WEATHER - DAYS WITH] 9 = BLOWING SNOW
X = TORNADO
MAX 32 OR BELOW: 8 0.01 INCH OR MORE: 7
MAX 90 OR ABOVE: 0 0.10 INCH OR MORE: 2
MIN 32 OR BELOW: 26 0.50 INCH OR MORE: 1
MIN 0 OR BELOW: 0 1.00 INCH OR MORE: 0
[HDD (BASE 65) ]
TOTAL THIS MO. 980 CLEAR (SCALE 0-3) 0
DPTR FM NORMAL -291 PTCLDY (SCALE 4-7) 0
TOTAL FM JUL 1 4948 CLOUDY (SCALE 8-10) 29
DPTR FM NORMAL -954
[CDD (BASE 65) ]
TOTAL THIS MO. 0
DPTR FM NORMAL 0 [PRESSURE DATA]
TOTAL FM JAN 1 0 HIGHEST SLP M ON M
DPTR FM NORMAL 0 LOWEST SLP M ON M
[REMARKS]
#FINAL-02-24#