000
CXUS54 KHGX 251632
CF6ARM
PRELIMINARY LOCAL CLIMATOLOGICAL DATA (WS FORM: F-6)
STATION: Wharton
MONTH: AUGUST
YEAR: 2020
LATITUDE: 29 15 N
LONGITUDE: 96 9 W
TEMPERATURE IN F: :PCPN: SNOW: WIND :SUNSHINE: SKY :PK WND
================================================================================
1 2 3 4 5 6A 6B 7 8 9 10 11 12 13 14 15 16 17 18
12Z AVG MX 2MIN
DY MAX MIN AVG DEP HDD CDD WTR SNW DPTH SPD SPD DIR MIN PSBL S-S WX SPD DR
================================================================================
1 85 70 78 M 0 13 0.51 0.0 0 3.6 9 40 M M 4 3 M M
2 93 70 82 M 0 17 0.00 0.0 0 1.7 5 110 M M 1 13 M M
3 93 72 83 M 0 18 0.00 0.0 0 2.5 8 170 M M 3 1 M M
4 93 76 85 M 0 20 0.00 0.0 0 3.7 8 160 M M 5 M M
5 92 73 83 M 0 18 0.00 0.0 0 4.8 12 130 M M 1 1 16 130
6 92 72 82 M 0 17 0.00 0.0 0 4.5 12 150 M M 1 1 M M
7 93 73 83 M 0 18 0.00 0.0 0 4.0 13 160 M M 2 1 M M
8 92 73 83 M 0 18 0.00 0.0 0 4.4 14 220 M M 3 1 23 220
9 92 74 83 M 0 18 0.01 0.0 0 6.0 14 160 M M 2 20 170
10 93 74 84 M 0 19 0.00 0.0 0 7.0 15 150 M M 2 1 21 170
11 95 75 85 M 0 20 0.00 0.0 0 6.6 14 150 M M 2 1 18 150
12 95 74 85 M 0 20 0.00 0.0 0 6.3 14 160 M M 2 20 160
13 96 73 85 M 0 20 0.00 0.0 0 5.5 14 150 M M 2 1 16 140
14 97 72 85 M 0 20 0.00 0.0 0 6.7 15 170 M M 3 12 18 170
15 97 76 87 M 0 22 0.00 0.0 0 6.2 14 160 M M 1 16 140
16 99 72 86 M 0 21 0.00 0.0 0 3.6 7 190 M M 1 1 M M
17 94 72 83 M 0 18 0.00 0.0 0 3.5 13 30 M M 1 17 30
18 98 72 85 M 0 20 0.00 0.0 0 4.2 9 160 M M 2 3 M M
19 99 71 85 M 0 20 0.00 0.0 0 4.3 10 360 M M 0 M M
20 97 71 84 M 0 19 0.00 0.0 0 3.5 12 140 M M 3 1 M M
21 93 70 82 M 0 17 0.02 0.0 0 3.8 15 100 M M 2 13 23 100
22 87 70 79 M 0 14 0.00 0.0 0 3.9 13 310 M M 2 1 20 290
23 94 69 82 M 0 17 0.00 0.0 0 4.1 12 110 M M 2 21 110
24 91 71 81 M 0 16 0.00 0.0 0 4.7 10 80 M M 1 8 M M
25 99 72 86 M 0 21 0.00 0.0 0 5.9 12 20 M M 2 8 17 40
26 95 77 86 M 0 21 0.02 0.0 0 8.1 15 40 M M 5 22 40
27 98 74 86 M 0 21 0.18 0.0 0 6.2 14 190 M M 2 21 190
28 98 79 89 M 0 24 0.00 0.0 0 9.0 17 180 M M 4 1 23 180
29 98 75 87 M 0 22 1.30 0.0 0 5.3 16 170 M M 3 17 300
30 96 76 86 M 0 21 0.00 0.0 0 6.2 16 160 M M 3 1 21 170
31 96 78 87 M 0 22 0.00 0.0 0 10.5 21 180 M M 4 1 24 160
================================================================================
SM 2930 2266 0 592 2.04 0.0 160.3 M 71
================================================================================
AV 94.5 73.1 5.2 FASTST M M 2 MAX(MPH)
MISC ----> 21 180 24 160
================================================================================
NOTES:
# LAST OF SEVERAL OCCURRENCES
COLUMN 17 PEAK WIND IN M.P.H.
PRELIMINARY LOCAL CLIMATOLOGICAL DATA (WS FORM: F-6) , PAGE 2
STATION: Wharton
MONTH: AUGUST
YEAR: 2020
LATITUDE: 29 15 N
LONGITUDE: 96 9 W
[TEMPERATURE DATA] [PRECIPITATION DATA] SYMBOLS USED IN COLUMN 16
AVERAGE MONTHLY: 83.8 TOTAL FOR MONTH: 2.04 1 = FOG OR MIST
DPTR FM NORMAL: 0.0 DPTR FM NORMAL: M 2 = FOG REDUCING VISIBILITY
HIGHEST: 99 ON 25,19 GRTST 24HR 1.30 ON 29-29 TO 1/4 MILE OR LESS
LOWEST: 69 ON 23 3 = THUNDER
SNOW, ICE PELLETS, HAIL 4 = ICE PELLETS
TOTAL MONTH: 0.0 INCH 5 = HAIL
GRTST 24HR 0.0 6 = FREEZING RAIN OR DRIZZLE
GRTST DEPTH: 0 7 = DUSTSTORM OR SANDSTORM:
VSBY 1/2 MILE OR LESS
8 = SMOKE OR HAZE
[NO. OF DAYS WITH] [WEATHER - DAYS WITH] 9 = BLOWING SNOW
X = TORNADO
MAX 32 OR BELOW: 0 0.01 INCH OR MORE: 6
MAX 90 OR ABOVE: 29 0.10 INCH OR MORE: 3
MIN 32 OR BELOW: 0 0.50 INCH OR MORE: 2
MIN 0 OR BELOW: 0 1.00 INCH OR MORE: 1
[HDD (BASE 65) ]
TOTAL THIS MO. 0 CLEAR (SCALE 0-3) 26
DPTR FM NORMAL M PTCLDY (SCALE 4-7) 5
TOTAL FM JUL 1 0 CLOUDY (SCALE 8-10) 0
DPTR FM NORMAL M
[CDD (BASE 65) ]
TOTAL THIS MO. 592
DPTR FM NORMAL M [PRESSURE DATA]
TOTAL FM JAN 1 2370 HIGHEST SLP M ON M
DPTR FM NORMAL M LOWEST SLP M ON M
[REMARKS]
#FINAL-08-20#