000
CXUS55 KGJT 011211
CF6ASE
PRELIMINARY LOCAL CLIMATOLOGICAL DATA (WS FORM: F-6)
STATION: ASPEN CO
MONTH: AUGUST
YEAR: 2020
LATITUDE: 39 13 N
LONGITUDE: 106 52 W
TEMPERATURE IN F: :PCPN: SNOW: WIND :SUNSHINE: SKY :PK WND
================================================================================
1 2 3 4 5 6A 6B 7 8 9 10 11 12 13 14 15 16 17 18
12Z AVG MX 2MIN
DY MAX MIN AVG DEP HDD CDD WTR SNW DPTH SPD SPD DIR MIN PSBL S-S WX SPD DR
================================================================================
1 87 48 68 4 0 3 0.00 M M 6.4 26 360 M M 1 3 40 360
2 87 50 69 6 0 4 0.00 M M 6.2 22 40 M M 1 40 30
3 88 50 69 6 0 4 T M M 7.2 21 360 M M 1 3 32 270
4 85 55 70 7 0 5 T M M 6.8 22 320 M M 0 37 330
5 87 50 69 6 0 4 0.00 M M 6.1 16 330 M M 0 26 330
6 84 52 68 5 0 3 0.00 M M 7.6 17 230 M M 3 29 240
7 83 47 65 2 0 0 0.00 M M 8.3 20 200 M M 0 32 250
8 84 45 65 2 0 0 0.00 M M 6.6 17 340 M M 0 26 330
9 85 47 66 3 0 1 0.00 M M 6.6 17 340 M M 0 27 10
10 85 48 67 5 0 2 0.00 M M 6.6 17 240 M M 0 32 70
11 85 52 69 7 0 4 0.00 M M 7.6 24 220 M M 0 34 230
12 84 49 67 5 0 2 0.00 M M 6.2 22 200 M M 1 33 210
13 87 47 67 5 0 2 0.00 M M 7.5 20 270 M M 0 34 340
14 87 47 67 5 0 2 0.00 M M 8.2 17 340 M M 1 8 31 320
15 86 45 66 4 0 1 0.00 M M 8.0 17 350 M M 3 8 26 340
16 89 46 68 6 0 3 0.00 M M 5.5 14 320 M M 1 8 25 330
17 88 51 70 9 0 5 0.00 M M 6.2 15 10 M M 2 8 27 300
18 90 51 71 10 0 6 0.00 M M 6.6 17 320 M M 0 8 28 350
19 90 53 72 11 0 7 T M M 7.5 33 10 M M 1 8 50 10
20 87 49 68 7 0 3 T M M 6.7 20 320 M M 1 38 29 10
21 87 48 68 7 0 3 0.00 M M 6.1 16 340 M M 1 8 28 10
22 89 49 69 9 0 4 0.00 M M 6.6 16 320 M M 0 8 21 280
23 87 50 69 9 0 4 0.00 M M 6.0 20 160 M M 0 8 27 180
24 87 51 69 9 0 4 T M M 7.1 25 170 M M 2 8 36 170
25 89 50 70 10 0 5 T M M 8.8 26 160 M M 2 38 38 150
26 85 51 68 8 0 3 0.02 M M 9.0 24 160 M M 2 8 35 140
27 86 47 67 8 0 2 0.00 M M 7.1 17 350 M M 0 8 25 340
28 78 50 64 5 1 0 0.04 M M 7.1 28 140 M M 3 8 41 150
29 71 45 58 -1 7 0 0.73 M M 5.7 26 320 M M 5 13 40 330
30 77 42 60 1 5 0 0.04 M M 7.2 28 340 M M 2 38 42 350
31 76 45 61 3 4 0 0.08 M M 7.4 28 340 M M 5 3 49 320
================================================================================
SM 2640 1510 17 86 0.91 M 216.5 M 38
================================================================================
AV 85.2 48.7 7.0 FASTST M M 1 MAX(MPH)
MISC ----> # 33 10 # 50 10
================================================================================
NOTES:
# LAST OF SEVERAL OCCURRENCES
COLUMN 17 PEAK WIND IN M.P.H.
PRELIMINARY LOCAL CLIMATOLOGICAL DATA (WS FORM: F-6) , PAGE 2
STATION: ASPEN CO
MONTH: AUGUST
YEAR: 2020
LATITUDE: 39 13 N
LONGITUDE: 106 52 W
[TEMPERATURE DATA] [PRECIPITATION DATA] SYMBOLS USED IN COLUMN 16
AVERAGE MONTHLY: 66.9 TOTAL FOR MONTH: 0.91 1 = FOG OR MIST
DPTR FM NORMAL: 5.6 DPTR FM NORMAL: -0.77 2 = FOG REDUCING VISIBILITY
HIGHEST: 90 ON 19,18 GRTST 24HR 0.73 ON 29-29 TO 1/4 MILE OR LESS
LOWEST: 42 ON 30 3 = THUNDER
SNOW, ICE PELLETS, HAIL 4 = ICE PELLETS
TOTAL MONTH: M 5 = HAIL
GRTST 24HR M ON M 6 = FREEZING RAIN OR DRIZZLE
GRTST DEPTH: M ON M 7 = DUSTSTORM OR SANDSTORM:
VSBY 1/2 MILE OR LESS
8 = SMOKE OR HAZE
[NO. OF DAYS WITH] [WEATHER - DAYS WITH] 9 = BLOWING SNOW
X = TORNADO
MAX 32 OR BELOW: 0 0.01 INCH OR MORE: 5
MAX 90 OR ABOVE: 2 0.10 INCH OR MORE: 1
MIN 32 OR BELOW: 0 0.50 INCH OR MORE: 1
MIN 0 OR BELOW: 0 1.00 INCH OR MORE: 0
[HDD (BASE 65) ]
TOTAL THIS MO. 17 CLEAR (SCALE 0-3) 29
DPTR FM NORMAL -108 PTCLDY (SCALE 4-7) 2
TOTAL FM JUL 1 34 CLOUDY (SCALE 8-10) 0
DPTR FM NORMAL -162
[CDD (BASE 65) ]
TOTAL THIS MO. 86
DPTR FM NORMAL 76 [PRESSURE DATA]
TOTAL FM JAN 1 129 HIGHEST SLP 30.19 ON 29
DPTR FM NORMAL 90 LOWEST SLP 29.64 ON 31
[REMARKS]
#FINAL-08-20#