000
CXAK56 PAJK 041930
CF6ASI
PRELIMINARY LOCAL CLIMATOLOGICAL DATA (WS FORM: F-6)
STATION: SITKA
MONTH: MAY
YEAR: 2022
LATITUDE: 57 4 N
LONGITUDE: 135 21 W
TEMPERATURE IN F: :PCPN: SNOW: WIND :SUNSHINE: SKY :PK WND
================================================================================
1 2 3 4 5 6A 6B 7 8 9 10 11 12 13 14 15 16 17 18
12Z AVG MX 2MIN
DY MAX MIN AVG DEP HDD CDD WTR SNW DPTH SPD SPD DIR MIN PSBL S-S WX SPD DR
================================================================================
1 53 43 48 2 17 0 0.12 M M 13.2 21 190 M M 10 27 130
2 49 43 46 0 19 0 0.22 M M 12.0 30 110 M M 9 1 42 110
3 47 41 44 -2 21 0 0.52 M M 14.3 30 100 M M 10 8 38 100
4 48 41 45 -1 20 0 0.20 M M 10.5 22 200 M M 9 27 100
5 46 37 42 -4 23 0 0.29 M M 2.6 15 220 M M 7 18 220
6 49 36 43 -3 22 0 0.00 M M 3.6 9 220 M M 5 1 11 220
7 52 36 44 -3 21 0 0.00 M M 7.5 21 280 M M 4 23 280
8 54 38 46 -1 19 0 0.00 M M 10.6 24 300 M M 2 28 310
9 55 39 47 0 18 0 0.04 M M 7.1 20 290 M M 4 21 290
10 46 40 43 -4 22 0 0.28 M M 6.4 21 220 M M 10 18 25 220
11 55 39 47 0 18 0 T M M 5.1 17 110 M M 4 23 130
12 57 40 49 1 16 0 0.01 M M 3.6 22 130 M M 2 27 130
13 51 40 46 -2 19 0 0.18 M M 6.2 17 190 M M 6 21 190
14 52 39 46 -2 19 0 T M M 6.9 15 220 M M 6 8 18 210
15 56 44 50 2 15 0 0.06 M M 9.6 23 210 M M 8 31 200
16 52 42 47 -1 18 0 0.17 M M 6.7 20 120 M M 9 18 25 100
17 54 46 50 2 15 0 0.00 M M 12.6 18 110 M M 8 23 100
18 60 46 53 5 12 0 0.00 M M 4.9 13 120 M M 5 17 120
19 58 43 51 2 14 0 0.00 M M 4.7 12 300 M M 1 14 220
20 60 44 52 3 13 0 0.00 M M 4.0 13 330 M M 0 18 15 200
21 63 46 55 6 10 0 0.00 M M 2.4 12 210 M M 0 13 210
22 55 46 51 2 14 0 0.03 M M 6.2 15 230 M M 6 19 240
23 50 45 48 -1 17 0 0.16 M M 9.1 17 250 M M 10 18 23 260
24 55 42 49 -1 16 0 0.01 M M 4.9 15 300 M M 8 16 300
25 56 41 49 -1 16 0 T M M 8.4 22 290 M M 6 24 290
26 62 42 52 2 13 0 0.00 M M 5.4 16 290 M M 4 18 290
27 67 44 56 6 9 0 0.00 M M 4.9 15 300 M M 3 16 300
28 55 50 53 3 12 0 T M M 6.4 13 230 M M 8 1 15 230
29 53 49 51 1 14 0 0.00 M M 4.4 9 220 M M 9 18 12 220
30 54 46 50 0 15 0 0.00 M M 3.3 9 230 M M 7 12 12 230
31 54 48 51 0 14 0 T M M 4.9 10 230 M M 7 128 12 230
================================================================================
SM 1678 1316 511 0 2.29 M 212.4 M 187
================================================================================
AV 54.1 42.5 6.9 FASTST M M 6 MAX(MPH)
MISC ----> # 30 110 42 110
================================================================================
NOTES:
# LAST OF SEVERAL OCCURRENCES
COLUMN 17 PEAK WIND IN M.P.H.
PRELIMINARY LOCAL CLIMATOLOGICAL DATA (WS FORM: F-6) , PAGE 2
STATION: SITKA
MONTH: MAY
YEAR: 2022
LATITUDE: 57 4 N
LONGITUDE: 135 21 W
[TEMPERATURE DATA] [PRECIPITATION DATA] SYMBOLS USED IN COLUMN 16
AVERAGE MONTHLY: 48.3 TOTAL FOR MONTH: 2.29 1 = FOG OR MIST
DPTR FM NORMAL: 0.2 DPTR FM NORMAL: -1.52 2 = FOG REDUCING VISIBILITY
HIGHEST: 67 ON 27 GRTST 24HR 0.54 ON 3- 4 TO 1/4 MILE OR LESS
LOWEST: 36 ON 7, 6 3 = THUNDER
SNOW, ICE PELLETS, HAIL 4 = ICE PELLETS
TOTAL MONTH: M 5 = HAIL
GRTST 24HR M ON M 6 = FREEZING RAIN OR DRIZZLE
GRTST DEPTH: M ON M 7 = DUSTSTORM OR SANDSTORM:
VSBY 1/2 MILE OR LESS
8 = SMOKE OR HAZE
[NO. OF DAYS WITH] [WEATHER - DAYS WITH] 9 = BLOWING SNOW
X = TORNADO
MAX 32 OR BELOW: 0 0.01 INCH OR MORE: 14
MAX 90 OR ABOVE: 0 0.10 INCH OR MORE: 9
MIN 32 OR BELOW: 0 0.50 INCH OR MORE: 1
MIN 0 OR BELOW: 0 1.00 INCH OR MORE: 0
[HDD (BASE 65) ]
TOTAL THIS MO. 511 CLEAR (SCALE 0-3) 6
DPTR FM NORMAL -11 PTCLDY (SCALE 4-7) 16
TOTAL FM JUL 1 6589 CLOUDY (SCALE 8-10) 9
DPTR FM NORMAL -172
[CDD (BASE 65) ]
TOTAL THIS MO. 0
DPTR FM NORMAL 0 [PRESSURE DATA]
TOTAL FM JAN 1 0 HIGHEST SLP 30.44 ON 20
DPTR FM NORMAL 0 LOWEST SLP 29.49 ON 3
[REMARKS]
#FINAL-05-22#