000
CXUS52 KFFC 011010
CF6ATL
PRELIMINARY LOCAL CLIMATOLOGICAL DATA (WS FORM: F-6)
STATION: ATLANTA
MONTH: APRIL
YEAR: 2023
LATITUDE: 33 39 N
LONGITUDE: 84 26 W
TEMPERATURE IN F: :PCPN: SNOW: WIND :SUNSHINE: SKY :PK WND
================================================================================
1 2 3 4 5 6A 6B 7 8 9 10 11 12 13 14 15 16 17 18
12Z AVG MX 2MIN
DY MAX MIN AVG DEP HDD CDD WTR SNW DPTH SPD SPD DIR MIN PSBL S-S WX SPD DR
================================================================================
1 81 57 69 9 0 4 0.50 0.0 0 17.0 33 310 M M 5 13 49 290
2 72 48 60 0 5 0 0.00 0.0 M 6.9 20 320 M M 5 27 320
3 59 54 57 -3 8 0 0.12 0.0 M 6.1 16 90 M M 9 138 20 110
4 78 57 68 8 0 3 T 0.0 M 6.9 12 140 M M 9 12 16 130
5 87 65 76 16 0 11 0.00 0.0 M 7.6 21 210 M M 6 18 28 210
6 83 69 76 15 0 11 0.00 0.0 M 4.1 14 270 M M 8 19 260
7 79 52 66 5 0 1 0.12 0.0 M 9.3 29 70 M M 8 1 37 70
8 52 44 48 -13 17 0 0.87 0.0 0 17.5 25 70 M M 10 1 34 70
9 66 44 55 -6 10 0 T 0.0 0 14.3 23 60 M M 4 33 70
10 66 46 56 -6 9 0 0.00 0.0 M 11.9 22 80 M M 5 31 80
11 73 46 60 -2 5 0 0.00 0.0 0 5.8 14 80 M M 1 21 50
12 78 48 63 1 2 0 0.00 0.0 M 4.7 14 110 M M 3 17 130
13 65 55 60 -2 5 0 0.79 0.0 M 10.5 21 80 M M 9 13 29 80
14 71 61 66 3 0 1 0.10 0.0 0 5.2 25 260 M M 9 1 33 260
15 80 58 69 6 0 4 0.00 0.0 M 5.8 16 290 M M 7 25 270
16 74 56 65 2 0 0 0.08 0.0 0 10.0 26 300 M M 8 1 31 290
17 71 47 59 -5 6 0 0.00 0.0 0 11.1 23 310 M M 1 32 290
18 80 49 65 1 0 0 0.00 0.0 M 6.7 14 290 M M 1 18 280
19 83 54 69 5 0 4 0.00 0.0 M 3.6 14 180 M M 1 19 190
20 84 59 72 8 0 7 0.00 0.0 M 6.1 18 190 M M 2 8 29 180
21 79 59 69 4 0 4 0.00 0.0 0 7.6 15 180 M M 6 21 180
22 71 55 63 -2 2 0 0.03 0.0 0 11.6 24 320 M M 5 3 35 290
23 71 51 61 -4 4 0 0.00 0.0 0 8.5 16 340 M M 5 25 340
24 69 50 60 -5 5 0 T M M 9.0 16 340 M M 6 24 300
25 74 47 61 -5 4 0 0.00 0.0 0 7.9 17 80 M M 7 23 70
26 62 56 59 -7 6 0 T 0.0 M 11.4 16 90 M M 10 21 80
27 62 55 59 -7 6 0 0.40 0.0 M 9.2 16 80 M M 10 1 21 90
28 79 60 70 4 0 5 T 0.0 0 7.8 21 270 M M 7 12 28 270
29 74 57 66 -1 0 1 0.21 0.0 0 5.6 13 130 M M 6 1 17 130
30 73 53 63 -4 2 0 1.15 0.0 0 14.5 30 310 M M 7 13 41 320
================================================================================
SM 2196 1612 96 56 4.37 0.0 264.2 M 180
================================================================================
AV 73.2 53.7 8.8 FASTST M M 6 MAX(MPH)
MISC ----> 33 310 49 290
================================================================================
NOTES:
# LAST OF SEVERAL OCCURRENCES
COLUMN 17 PEAK WIND IN M.P.H.
PRELIMINARY LOCAL CLIMATOLOGICAL DATA (WS FORM: F-6) , PAGE 2
STATION: ATLANTA
MONTH: APRIL
YEAR: 2023
LATITUDE: 33 39 N
LONGITUDE: 84 26 W
[TEMPERATURE DATA] [PRECIPITATION DATA] SYMBOLS USED IN COLUMN 16
AVERAGE MONTHLY: 63.5 TOTAL FOR MONTH: 4.37 1 = FOG OR MIST
DPTR FM NORMAL: 0.3 DPTR FM NORMAL: 0.56 2 = FOG REDUCING VISIBILITY
HIGHEST: 87 ON 5 GRTST 24HR 1.36 ON 29-30 TO 1/4 MILE OR LESS
LOWEST: 44 ON 9, 8 3 = THUNDER
SNOW, ICE PELLETS, HAIL 4 = ICE PELLETS
TOTAL MONTH: 0.0 INCH 5 = HAIL
GRTST 24HR 0.0 6 = FREEZING RAIN OR DRIZZLE
GRTST DEPTH: 0 7 = DUSTSTORM OR SANDSTORM:
VSBY 1/2 MILE OR LESS
8 = SMOKE OR HAZE
[NO. OF DAYS WITH] [WEATHER - DAYS WITH] 9 = BLOWING SNOW
X = TORNADO
MAX 32 OR BELOW: 0 0.01 INCH OR MORE: 11
MAX 90 OR ABOVE: 0 0.10 INCH OR MORE: 9
MIN 32 OR BELOW: 0 0.50 INCH OR MORE: 4
MIN 0 OR BELOW: 0 1.00 INCH OR MORE: 1
[HDD (BASE 65) ]
TOTAL THIS MO. 96 CLEAR (SCALE 0-3) 5
DPTR FM NORMAL -24 PTCLDY (SCALE 4-7) 17
TOTAL FM JUL 1 1911 CLOUDY (SCALE 8-10) 8
DPTR FM NORMAL -595
[CDD (BASE 65) ]
TOTAL THIS MO. 56
DPTR FM NORMAL -8 [PRESSURE DATA]
TOTAL FM JAN 1 115 HIGHEST SLP 30.43 ON 10
DPTR FM NORMAL 31 LOWEST SLP 29.45 ON 30
[REMARKS]
#FINAL-04-23#