000
CXUS52 KFFC 011010
CF6ATL
PRELIMINARY LOCAL CLIMATOLOGICAL DATA (WS FORM: F-6)
STATION: ATLANTA
MONTH: SEPTEMBER
YEAR: 2023
LATITUDE: 33 39 N
LONGITUDE: 84 26 W
TEMPERATURE IN F: :PCPN: SNOW: WIND :SUNSHINE: SKY :PK WND
================================================================================
1 2 3 4 5 6A 6B 7 8 9 10 11 12 13 14 15 16 17 18
12Z AVG MX 2MIN
DY MAX MIN AVG DEP HDD CDD WTR SNW DPTH SPD SPD DIR MIN PSBL S-S WX SPD DR
================================================================================
1 85 73 79 1 0 14 0.00 0.0 M 11.5 20 80 M M 8 26 90
2 83 68 76 -2 0 11 0.00 0.0 0 7.0 16 70 M M 7 27 70
3 87 67 77 -1 0 12 0.00 0.0 0 3.5 13 80 M M 3 17 60
4 91 69 80 2 0 15 0.00 0.0 M 2.9 10 290 M M 2 13 290
5 90 72 81 3 0 16 0.00 0.0 0 3.6 10 310 M M 6 15 300
6 91 73 82 5 0 17 0.00 0.0 M 5.5 16 330 M M 6 8 24 320
7 92 74 83 6 0 18 0.00 0.0 M 7.9 21 300 M M 4 8 26 310
8 86 66 76 -1 0 11 0.00 0.0 0 6.0 15 310 M M 4 8 21 310
9 86 69 78 1 0 13 T 0.0 0 7.3 15 40 M M 5 3 20 20
10 89 67 78 2 0 13 T 0.0 0 5.8 14 80 M M 4 19 80
11 93 70 82 6 0 17 0.00 0.0 0 4.8 10 150 M M 3 8 16 320
12 93 72 83 7 0 18 T 0.0 M 6.2 22 290 M M 5 3 30 290
13 85 71 78 2 0 13 0.19 0.0 M 5.8 17 310 M M 8 18 23 290
14 81 70 76 0 0 11 0.09 0.0 M 7.4 23 20 M M 8 3 29 20
15 74 68 71 -4 0 6 0.03 0.0 0 9.3 18 80 M M 8 1 25 50
16 71 66 69 -6 0 4 0.46 0.0 M 5.7 12 130 M M 9 1 17 130
17 82 66 74 -1 0 9 0.52 0.0 0 7.0 20 320 M M 6 1 25 280
18 81 61 71 -3 0 6 0.00 0.0 0 7.2 17 320 M M 1 25 320
19 83 62 73 -1 0 8 0.00 0.0 M 3.8 10 180 M M 4 14 140
20 81 64 73 -1 0 8 0.00 0.0 M 6.0 13 90 M M 7 8 19 90
21 83 66 75 1 0 10 0.00 0.0 0 8.9 16 80 M M 6 8 21 90
22 82 66 74 1 0 9 0.00 0.0 0 6.9 16 80 M M 3 8 22 70
23 86 61 74 1 0 9 0.00 0.0 M 8.2 24 320 M M 1 33 300
24 86 60 73 0 0 8 0.00 0.0 0 6.9 14 310 M M 2 19 310
25 89 62 76 4 0 11 0.00 0.0 0 5.5 14 310 M M 7 18 350
26 84 71 78 6 0 13 0.00 0.0 M 7.9 13 90 M M 8 17 50
27 75 65 70 -2 0 5 0.00 0.0 M 11.4 21 70 M M 8 26 60
28 78 61 70 -1 0 5 0.00 0.0 M 8.4 18 80 M M 7 28 60
29 86 63 75 4 0 10 0.00 0.0 0 5.0 13 60 M M 3 8 18 10
30 87 65 76 5 0 11 0.00 0.0 0 2.8 13 90 M M 3 15 80
================================================================================
SM 2540 2008 0 331 1.29 0.0 196.1 M 156
================================================================================
AV 84.7 66.9 6.5 FASTST M M 5 MAX(MPH)
MISC ----> 24 320 33 300
================================================================================
NOTES:
# LAST OF SEVERAL OCCURRENCES
COLUMN 17 PEAK WIND IN M.P.H.
PRELIMINARY LOCAL CLIMATOLOGICAL DATA (WS FORM: F-6) , PAGE 2
STATION: ATLANTA
MONTH: SEPTEMBER
YEAR: 2023
LATITUDE: 33 39 N
LONGITUDE: 84 26 W
[TEMPERATURE DATA] [PRECIPITATION DATA] SYMBOLS USED IN COLUMN 16
AVERAGE MONTHLY: 75.8 TOTAL FOR MONTH: 1.29 1 = FOG OR MIST
DPTR FM NORMAL: 0.9 DPTR FM NORMAL: -2.53 2 = FOG REDUCING VISIBILITY
HIGHEST: 93 ON 12,11 GRTST 24HR 0.98 ON 16-17 TO 1/4 MILE OR LESS
LOWEST: 60 ON 24 3 = THUNDER
SNOW, ICE PELLETS, HAIL 4 = ICE PELLETS
TOTAL MONTH: 0.0 INCH 5 = HAIL
GRTST 24HR 0.0 6 = FREEZING RAIN OR DRIZZLE
GRTST DEPTH: 0 7 = DUSTSTORM OR SANDSTORM:
VSBY 1/2 MILE OR LESS
8 = SMOKE OR HAZE
[NO. OF DAYS WITH] [WEATHER - DAYS WITH] 9 = BLOWING SNOW
X = TORNADO
MAX 32 OR BELOW: 0 0.01 INCH OR MORE: 5
MAX 90 OR ABOVE: 6 0.10 INCH OR MORE: 3
MIN 32 OR BELOW: 0 0.50 INCH OR MORE: 1
MIN 0 OR BELOW: 0 1.00 INCH OR MORE: 0
[HDD (BASE 65) ]
TOTAL THIS MO. 0 CLEAR (SCALE 0-3) 8
DPTR FM NORMAL -5 PTCLDY (SCALE 4-7) 18
TOTAL FM JUL 1 0 CLOUDY (SCALE 8-10) 4
DPTR FM NORMAL -2
[CDD (BASE 65) ]
TOTAL THIS MO. 331
DPTR FM NORMAL 29 [PRESSURE DATA]
TOTAL FM JAN 1 2115 HIGHEST SLP 30.24 ON 2
DPTR FM NORMAL 165 LOWEST SLP 29.80 ON 7
[REMARKS]
#FINAL-09-23#