000
CXUS54 KMAF 011110
CF6ATS
PRELIMINARY LOCAL CLIMATOLOGICAL DATA (WS FORM: F-6)
STATION: ARTESIA
MONTH: SEPTEMBER
YEAR: 2020
LATITUDE: 32 54 N
LONGITUDE: 104 30 W
TEMPERATURE IN F: :PCPN: SNOW: WIND :SUNSHINE: SKY :PK WND
================================================================================
1 2 3 4 5 6A 6B 7 8 9 10 11 12 13 14 15 16 17 18
12Z AVG MX 2MIN
DY MAX MIN AVG DEP HDD CDD WTR SNW DPTH SPD SPD DIR MIN PSBL S-S WX SPD DR
================================================================================
1 95 73 84 M 0 19 0.00 M M 9.2 35 350 M M 3 8 45 360
2 91 59 75 M 0 10 0.00 M M 6.5 14 30 M M 0 22 30
3 100 63 82 M 0 17 0.00 M M 6.1 16 110 M M 0 25 110
4 95 66 81 M 0 16 0.00 M M 7.7 14 150 M M 0 25 100
5 90 64 77 M 0 12 0.00 M M 6.1 12 130 M M 0 20 140
6 93 64 79 M 0 14 0.00 M M 9.4 18 120 M M 0 23 120
7 97 64 81 M 0 16 0.00 M M 10.9 15 170 M M 0 23 150
8 88 48 68 M 0 3 0.01 M M 18.5 33 10 M M 3 8 44 10
9 48 43 46 M 19 0 0.00 M M 17.0 21 350 M M 9 1 28 350
10 57 45 51 M 14 0 0.01 M M 9.6 15 360 M M 10 1 15 10
11 75 55 65 M 0 0 0.00 M M 7.4 15 140 M M 4 18 160
12 84 52 68 M 0 3 0.00 M M 5.7 12 320 M M 0 15 0
13 82 57 70 M 0 5 0.00 M M 9.8 17 360 M M 2 25 150
14 81 64 73 M 0 8 0.00 M M 6.4 17 230 M M 4 23 230
15 84 61 73 M 0 8 0.00 M M 7.3 14 160 M M 0 20 150
16 90 59 75 M 0 10 0.00 M M 6.1 14 110 M M 1 18 20
17 84 59 72 M 0 7 0.00 M M 6.3 13 20 M M 1 15 140
18 84 59 72 M 0 7 0.00 M M 5.0 10 120 M M 1 17 120
19 82 55 69 M 0 4 0.00 M M 6.8 13 150 M M 0 18 170
20 84 54 69 M 0 4 0.00 M M 8.0 15 140 M M 0 18 150
21 84 54 69 M 0 4 0.00 M M 9.3 16 140 M M 0 21 140
22 88 54 71 M 0 6 0.00 M M 7.9 13 140 M M 0 17 150
23 90 55 73 M 0 8 0.00 M M 6.6 13 250 M M 0 21 250
24 90 57 74 M 0 9 0.00 M M 5.5 12 210 M M 0 14 130
25 97 59 78 M 0 13 0.00 M M 9.1 15 130 M M 0 21 150
26 102 59 81 M 0 16 0.00 M M 8.1 16 260 M M 0 23 300
27 100 64 82 M 0 17 0.00 M M 15.4 31 30 M M 0 8 40 30
28 72 48 60 M 5 0 0.00 M M 12.8 27 30 M M 5 35 30
29 81 43 62 M 3 0 0.00 M M 5.5 12 160 M M 0 14 120
30 90 52 71 M 0 6 0.00 M M 5.6 13 230 M M 0 16 150
================================================================================
SM 2578 1709 41 242 0.02 M 255.7 M 43
================================================================================
AV 85.9 57.0 8.5 FASTST M M 1 MAX(MPH)
MISC ----> 35 350 45 360
================================================================================
NOTES:
# LAST OF SEVERAL OCCURRENCES
COLUMN 17 PEAK WIND IN M.P.H.
PRELIMINARY LOCAL CLIMATOLOGICAL DATA (WS FORM: F-6) , PAGE 2
STATION: ARTESIA
MONTH: SEPTEMBER
YEAR: 2020
LATITUDE: 32 54 N
LONGITUDE: 104 30 W
[TEMPERATURE DATA] [PRECIPITATION DATA] SYMBOLS USED IN COLUMN 16
AVERAGE MONTHLY: 71.5 TOTAL FOR MONTH: 0.02 1 = FOG OR MIST
DPTR FM NORMAL: 0.0 DPTR FM NORMAL: M 2 = FOG REDUCING VISIBILITY
HIGHEST: 102 ON 26 GRTST 24HR 0.01 ON 8- 8 TO 1/4 MILE OR LESS
LOWEST: 43 ON 29, 9 3 = THUNDER
SNOW, ICE PELLETS, HAIL 4 = ICE PELLETS
TOTAL MONTH: M 5 = HAIL
GRTST 24HR M ON M 6 = FREEZING RAIN OR DRIZZLE
GRTST DEPTH: M ON M 7 = DUSTSTORM OR SANDSTORM:
VSBY 1/2 MILE OR LESS
8 = SMOKE OR HAZE
[NO. OF DAYS WITH] [WEATHER - DAYS WITH] 9 = BLOWING SNOW
X = TORNADO
MAX 32 OR BELOW: 0 0.01 INCH OR MORE: 2
MAX 90 OR ABOVE: 14 0.10 INCH OR MORE: 0
MIN 32 OR BELOW: 0 0.50 INCH OR MORE: 0
MIN 0 OR BELOW: 0 1.00 INCH OR MORE: 0
[HDD (BASE 65) ]
TOTAL THIS MO. 41 CLEAR (SCALE 0-3) 25
DPTR FM NORMAL M PTCLDY (SCALE 4-7) 3
TOTAL FM JUL 1 41 CLOUDY (SCALE 8-10) 2
DPTR FM NORMAL M
[CDD (BASE 65) ]
TOTAL THIS MO. 242
DPTR FM NORMAL M [PRESSURE DATA]
TOTAL FM JAN 1 2370 HIGHEST SLP M ON M
DPTR FM NORMAL M LOWEST SLP M ON M
[REMARKS]
#FINAL-09-20#