000
CXUS53 KABR 011200
CF6ATY
PRELIMINARY LOCAL CLIMATOLOGICAL DATA (WS FORM: F-6)
STATION: WATERTOWN SD
MONTH: JANUARY
YEAR: 2022
LATITUDE: 44 55 N
LONGITUDE: 97 9 W
TEMPERATURE IN F: :PCPN: SNOW: WIND :SUNSHINE: SKY :PK WND
================================================================================
1 2 3 4 5 6A 6B 7 8 9 10 11 12 13 14 15 16 17 18
12Z AVG MX 2MIN
DY MAX MIN AVG DEP HDD CDD WTR SNW DPTH SPD SPD DIR MIN PSBL S-S WX SPD DR
================================================================================
1 -8 -17 -12 -26 77 0 0.00 0.0 3 7.7 17 330 M M 1 20 340
2 13 -17 -2 -15 67 0 0.00 0.0 3 8.2 15 190 M M 0 19 190
3 30 3 17 4 48 0 0.00 0.0 3 6.2 14 80 M M 0 18 70
4 24 3 14 1 51 0 0.02 0.2 3 15.7 38 310 M M 4 18 54 310
5 3 -9 -3 -16 68 0 T T 3 23.7 33 310 M M 10 18 47 300
6 -9 -17 -13 -26 78 0 0.00 0.0 3 10.9 23 330 M M 4 8 29 320
7 16 -13 2 -11 63 0 T T 3 17.7 36 170 M M 4 51 170
8 29 1 15 3 50 0 T T 3 19.7 29 330 M M 2 18 43 180
9 11 -5 3 -9 62 0 0.00 0.0 3 8.9 24 320 M M 2 32 310
10 13 -5 4 -8 61 0 0.00 0.0 3 8.5 22 170 M M 4 30 180
11 40 10 25 13 40 0 0.00 0.0 3 13.8 25 280 M M 0 38 260
12 39 22 31 19 34 0 0.00 0.0 2 4.9 17 230 M M 3 23 230
13 34 18 26 14 39 0 0.00 0.0 1 10.4 17 350 M M 6 1 21 340
14 21 -4 9 -3 56 0 0.45 5.4 2 13.5 25 20 M M 9 12 35 30
15 17 -16 1 -11 64 0 0.00 0.0 6 9.0 21 180 M M 2 128 27 180
16 36 17 27 15 38 0 T T 6 12.1 26 330 M M 7 33 330
17 35 19 27 15 38 0 0.00 0.0 6 6.2 15 170 M M 5 1 19 170
18 41 -1 20 8 45 0 T T 6 19.1 36 310 M M 5 8 45 320
19 0 -9 -4 -16 69 0 0.00 0.0 5 15.2 26 320 M M 0 36 300
20 6 -15 -4 -16 69 0 0.00 0.0 5 7.1 17 160 M M 0 22 160
21 32 1 17 5 48 0 0.03 0.4 5 18.8 30 190 M M 5 1 43 170
22 23 -4 10 -2 55 0 0.13 1.1 5 10.8 25 320 M M 7 18 34 310
23 31 -12 10 -2 55 0 0.08 1.2 6 9.3 22 200 M M 7 18 26 200
24 32 -14 9 -3 56 0 T T 7 12.3 26 340 M M 4 18 33 350
25 -5 -17 -11 -23 76 0 0.00 0.0 7 6.3 15 330 M M 0 1 18 330
26 35 -15 10 -2 55 0 0.00 0.0 7 15.8 25 200 M M 3 18 33 200
27 30 -13 9 -3 56 0 0.00 0.0 7 13.6 26 360 M M 6 18 33 320
28 25 -13 6 -6 59 0 0.00 0.0 7 6.1 12 170 M M 4 14 160
29 32 7 20 8 45 0 0.00 0.0 7 11.8 22 320 M M 1 28 320
30 19 4 12 0 53 0 0.00 0.0 7 8.8 16 170 M M 4 19 150
31 35 11 23 11 42 0 0.00 0.0 6 9.1 22 300 M M 0 33 300
================================================================================
SM 680 -100 1717 0 0.71 8.3 361.2 M 109
================================================================================
AV 21.9 -3.2 11.7 FASTST M M 4 MAX(MPH)
MISC ----> 38 310 54 310
================================================================================
NOTES:
# LAST OF SEVERAL OCCURRENCES
COLUMN 17 PEAK WIND IN M.P.H.
PRELIMINARY LOCAL CLIMATOLOGICAL DATA (WS FORM: F-6) , PAGE 2
STATION: WATERTOWN SD
MONTH: JANUARY
YEAR: 2022
LATITUDE: 44 55 N
LONGITUDE: 97 9 W
[TEMPERATURE DATA] [PRECIPITATION DATA] SYMBOLS USED IN COLUMN 16
AVERAGE MONTHLY: 9.4 TOTAL FOR MONTH: 0.71 1 = FOG OR MIST
DPTR FM NORMAL: -2.8 DPTR FM NORMAL: 0.13 2 = FOG REDUCING VISIBILITY
HIGHEST: 41 ON 18 GRTST 24HR 0.45 ON 14-14 TO 1/4 MILE OR LESS
LOWEST: -17 ON 25, 6 3 = THUNDER
SNOW, ICE PELLETS, HAIL 4 = ICE PELLETS
TOTAL MONTH: 8.7 INCHES 5 = HAIL
GRTST 24HR 5.4 ON 14-14 6 = FREEZING RAIN OR DRIZZLE
GRTST DEPTH: 7 ON 30,29 7 = DUSTSTORM OR SANDSTORM:
VSBY 1/2 MILE OR LESS
8 = SMOKE OR HAZE
[NO. OF DAYS WITH] [WEATHER - DAYS WITH] 9 = BLOWING SNOW
X = TORNADO
MAX 32 OR BELOW: 23 0.01 INCH OR MORE: 5
MAX 90 OR ABOVE: 0 0.10 INCH OR MORE: 2
MIN 32 OR BELOW: 31 0.50 INCH OR MORE: 0
MIN 0 OR BELOW: 19 1.00 INCH OR MORE: 0
[HDD (BASE 65) ]
TOTAL THIS MO. 1717 CLEAR (SCALE 0-3) 13
DPTR FM NORMAL 82 PTCLDY (SCALE 4-7) 16
TOTAL FM JUL 1 4552 CLOUDY (SCALE 8-10) 2
DPTR FM NORMAL -424
[CDD (BASE 65) ]
TOTAL THIS MO. 0
DPTR FM NORMAL 0 [PRESSURE DATA]
TOTAL FM JAN 1 0 HIGHEST SLP 30.77 ON 20
DPTR FM NORMAL 0 LOWEST SLP 29.45 ON 31
[REMARKS]
#FINAL-01-22#