000
CXUS51 KGYX 021634
CF6AUG
PRELIMINARY LOCAL CLIMATOLOGICAL DATA (WS FORM: F-6)
STATION: AUGUSTA
MONTH: NOVEMBER
YEAR: 2022
LATITUDE: 44 18 N
LONGITUDE: 69 48 W
TEMPERATURE IN F: :PCPN: SNOW: WIND :SUNSHINE: SKY :PK WND
================================================================================
1 2 3 4 5 6A 6B 7 8 9 10 11 12 13 14 15 16 17 18
12Z AVG MX 2MIN
DY MAX MIN AVG DEP HDD CDD WTR SNW DPTH SPD SPD DIR MIN PSBL S-S WX SPD DR
================================================================================
1 67 50 59 16 6 0 0.00 M M 2.1 12 330 M M 7 12 16 320
2 65 43 54 11 11 0 0.00 M M 7.3 16 10 M M 0 21 360
3 62 34 48 5 17 0 0.00 M M 3.8 10 190 M M 0 16 190
4 69 42 56 14 9 0 0.00 M M 5.2 8 200 M M 0 13 190
5 76 52 64 22 1 0 0.00 M M 7.7 15 160 M M 0 24 200
6 72 60 66 24 0 1 T M M 8.2 17 200 M M 5 28 200
7 75 49 62 21 3 0 0.02 M M 9.9 25 300 M M 3 1 42 300
8 49 35 42 1 23 0 0.00 M M 11.5 28 320 M M 0 43 320
9 50 29 40 0 25 0 0.00 M M 4.3 12 200 M M 0 18 200
10 64 38 51 11 14 0 0.00 M M 5.4 10 200 M M 1 19 210
11 67 45 56 16 9 0 1.10 M M 6.1 16 170 M M 3 1 25 170
12 71 55 63 24 2 0 0.42 M M 10.1 20 290 M M 8 1 35 280
13 56 36 46 7 19 0 0.56 M M 7.9 21 320 M M 10 1 30 320
14 38 30 34 -5 31 0 0.00 M M 12.1 23 280 M M 1 33 280
15 40 26 33 -5 32 0 0.00 M M 2.5 9 300 M M 1 12 300
16 35 31 33 -5 32 0 0.24 M M 9.1 23 330 M M 8 16 28 330
17 40 28 34 -3 31 0 0.00 M M 7.7 17 290 M M 2 27 250
18 42 24 33 -4 32 0 0.00 M M 4.5 13 220 M M 4 19 230
19 41 24 33 -4 32 0 0.00 M M 2.9 8 160 M M 1 13 190
20 35 22 29 -7 36 0 T M M 10.4 26 280 M M 4 18 40 290
21 33 18 26 -10 39 0 0.00 M M 9.3 21 290 M M 1 36 280
22 42 28 35 -1 30 0 0.00 M M 5.5 17 310 M M 2 26 280
23 43 26 35 0 30 0 0.00 M M 5.8 17 330 M M 6 27 330
24 38 21 30 -5 35 0 0.00 M M 3.5 12 250 M M 0 16 240
25 41 25 33 -1 32 0 0.15 M M 4.1 18 310 M M 5 1 28 300
26 45 32 39 5 26 0 0.00 M M 10.0 23 320 M M 2 37 300
27 54 29 42 8 23 0 0.53 M M 3.5 8 360 M M 3 1 13 160
28 47 30 39 6 26 0 0.24 M M 9.1 18 350 M M 6 1 23 320
29 37 26 32 -1 33 0 0.00 M M 4.6 12 50 M M 1 14 360
30 56 30 43 11 22 0 1.31 M M 11.1 28 160 M M 10 1 45 160
================================================================================
SM 1550 1018 661 1 4.57 M 205.2 M 94
================================================================================
AV 51.7 33.9 6.8 FASTST M M 3 MAX(MPH)
MISC ----> # 28 320 45 160
================================================================================
NOTES:
# LAST OF SEVERAL OCCURRENCES
COLUMN 17 PEAK WIND IN M.P.H.
PRELIMINARY LOCAL CLIMATOLOGICAL DATA (WS FORM: F-6) , PAGE 2
STATION: AUGUSTA
MONTH: NOVEMBER
YEAR: 2022
LATITUDE: 44 18 N
LONGITUDE: 69 48 W
[TEMPERATURE DATA] [PRECIPITATION DATA] SYMBOLS USED IN COLUMN 16
AVERAGE MONTHLY: 42.8 TOTAL FOR MONTH: 4.57 1 = FOG OR MIST
DPTR FM NORMAL: 4.8 DPTR FM NORMAL: 0.62 2 = FOG REDUCING VISIBILITY
HIGHEST: 76 ON 5 GRTST 24HR 1.52 ON 11-12 TO 1/4 MILE OR LESS
LOWEST: 18 ON 21 3 = THUNDER
SNOW, ICE PELLETS, HAIL 4 = ICE PELLETS
TOTAL MONTH: M 5 = HAIL
GRTST 24HR M ON M 6 = FREEZING RAIN OR DRIZZLE
GRTST DEPTH: M ON M 7 = DUSTSTORM OR SANDSTORM:
VSBY 1/2 MILE OR LESS
8 = SMOKE OR HAZE
[NO. OF DAYS WITH] [WEATHER - DAYS WITH] 9 = BLOWING SNOW
X = TORNADO
MAX 32 OR BELOW: 0 0.01 INCH OR MORE: 9
MAX 90 OR ABOVE: 0 0.10 INCH OR MORE: 8
MIN 32 OR BELOW: 18 0.50 INCH OR MORE: 4
MIN 0 OR BELOW: 0 1.00 INCH OR MORE: 2
[HDD (BASE 65) ]
TOTAL THIS MO. 661 CLEAR (SCALE 0-3) 19
DPTR FM NORMAL -149 PTCLDY (SCALE 4-7) 8
TOTAL FM JUL 1 1178 CLOUDY (SCALE 8-10) 3
DPTR FM NORMAL -318
[CDD (BASE 65) ]
TOTAL THIS MO. 1
DPTR FM NORMAL 1 [PRESSURE DATA]
TOTAL FM JAN 1 656 HIGHEST SLP 30.67 ON 9
DPTR FM NORMAL 229 LOWEST SLP 29.16 ON 28
[REMARKS]
#FINAL-11-22#