000
CXUS51 KGYX 020843
CF6AUG
PRELIMINARY LOCAL CLIMATOLOGICAL DATA (WS FORM: F-6)
STATION: AUGUSTA
MONTH: JULY
YEAR: 2022
LATITUDE: 44 18 N
LONGITUDE: 69 48 W
TEMPERATURE IN F: :PCPN: SNOW: WIND :SUNSHINE: SKY :PK WND
================================================================================
1 2 3 4 5 6A 6B 7 8 9 10 11 12 13 14 15 16 17 18
12Z AVG MX 2MIN
DY MAX MIN AVG DEP HDD CDD WTR SNW DPTH SPD SPD DIR MIN PSBL S-S WX SPD DR
================================================================================
1 87 59 73 5 0 8 0.00 M M 5.4 15 160 M M 1 22 180
2 84 63 74 5 0 9 0.27 M M 5.2 14 290 M M 3 13 21 290
3 82 60 71 2 0 6 0.00 M M 6.7 14 320 M M 0 22 310
4 80 59 70 1 0 5 0.00 M M 7.4 17 310 M M 1 25 290
5 78 58 68 -1 0 3 0.10 M M 4.3 13 170 M M 4 1 21 170
6 77 61 69 0 0 4 0.06 M M 10.3 26 350 M M 6 1 35 350
7 80 55 68 -2 0 3 0.00 M M 4.0 12 170 M M 4 18 160
8 84 62 73 3 0 8 0.02 M M 4.6 22 360 M M 2 8 27 10
9 79 58 69 -1 0 4 0.00 M M 7.2 14 330 M M 1 20 350
10 80 55 68 -2 0 3 0.00 M M 5.3 12 10 M M 0 18 170
11 83 56 70 0 0 5 0.00 M M 5.7 14 170 M M 0 20 200
12 84 63 74 4 0 9 0.00 M M 8.5 17 190 M M 1 29 200
13 86 64 75 5 0 10 0.00 M M 4.9 12 330 M M 3 17 300
14 84 61 73 3 0 8 0.14 M M 5.9 21 300 M M 5 13 28 300
15 84 59 72 2 0 7 0.00 M M 5.2 13 350 M M 0 20 350
16 85 58 72 2 0 7 0.00 M M 4.3 13 170 M M 1 19 190
17 90 64 77 7 0 12 T M M 4.0 16 160 M M 2 21 160
18 86 64 75 4 0 10 1.60 M M 5.8 16 190 M M 4 1 24 150
19 89 70 80 9 0 15 0.03 M M 9.9 18 280 M M 4 1 29 270
20 90 68 79 8 0 14 0.00 M M 5.5 13 300 M M 0 19 280
21 88 70 79 8 0 14 T M M 7.7 21 170 M M 1 1 35 150
22 89 69 79 8 0 14 0.00 M M 4.6 12 270 M M 1 1 17 200
23 92 65 79 8 0 14 0.00 M M 4.0 13 190 M M 0 1 19 190
24 92 68 80 9 0 15 0.00 M M 5.8 16 170 M M 1 28 160
25 82 67 75 4 0 10 0.13 M M 5.5 13 200 M M 4 138 23 240
26 81 62 72 1 0 7 0.00 M M 3.5 12 250 M M 2 17 240
27 85 62 74 3 0 9 0.00 M M 3.8 10 280 M M 0 14 280
28 88 61 75 4 0 10 0.82 M M 5.3 16 150 M M 3 13 25 160
29 86 67 77 7 0 12 0.00 M M 3.8 14 300 M M 4 12 22 300
30 81 65 73 3 0 8 0.00 M M 7.3 20 300 M M 3 28 310
31 83 64 74 4 0 9 0.00 M M 5.4 10 190 M M 0 17 200
================================================================================
SM 2619 1937 0 272 3.17 M 176.8 M 61
================================================================================
AV 84.5 62.5 5.7 FASTST M M 2 MAX(MPH)
MISC ----> 26 350 # 35 350
================================================================================
NOTES:
# LAST OF SEVERAL OCCURRENCES
COLUMN 17 PEAK WIND IN M.P.H.
PRELIMINARY LOCAL CLIMATOLOGICAL DATA (WS FORM: F-6) , PAGE 2
STATION: AUGUSTA
MONTH: JULY
YEAR: 2022
LATITUDE: 44 18 N
LONGITUDE: 69 48 W
[TEMPERATURE DATA] [PRECIPITATION DATA] SYMBOLS USED IN COLUMN 16
AVERAGE MONTHLY: 73.5 TOTAL FOR MONTH: 3.17 1 = FOG OR MIST
DPTR FM NORMAL: 3.4 DPTR FM NORMAL: -0.03 2 = FOG REDUCING VISIBILITY
HIGHEST: 92 ON 24,23 GRTST 24HR 1.60 ON 18-18 TO 1/4 MILE OR LESS
LOWEST: 55 ON 10, 7 3 = THUNDER
SNOW, ICE PELLETS, HAIL 4 = ICE PELLETS
TOTAL MONTH: M 5 = HAIL
GRTST 24HR M ON M 6 = FREEZING RAIN OR DRIZZLE
GRTST DEPTH: M ON M 7 = DUSTSTORM OR SANDSTORM:
VSBY 1/2 MILE OR LESS
8 = SMOKE OR HAZE
[NO. OF DAYS WITH] [WEATHER - DAYS WITH] 9 = BLOWING SNOW
X = TORNADO
MAX 32 OR BELOW: 0 0.01 INCH OR MORE: 9
MAX 90 OR ABOVE: 4 0.10 INCH OR MORE: 6
MIN 32 OR BELOW: 0 0.50 INCH OR MORE: 2
MIN 0 OR BELOW: 0 1.00 INCH OR MORE: 1
[HDD (BASE 65) ]
TOTAL THIS MO. 0 CLEAR (SCALE 0-3) 21
DPTR FM NORMAL -13 PTCLDY (SCALE 4-7) 10
TOTAL FM JUL 1 0 CLOUDY (SCALE 8-10) 0
DPTR FM NORMAL -5
[CDD (BASE 65) ]
TOTAL THIS MO. 272
DPTR FM NORMAL 101 [PRESSURE DATA]
TOTAL FM JAN 1 372 HIGHEST SLP 30.15 ON 31
DPTR FM NORMAL 124 LOWEST SLP 29.47 ON 19
[REMARKS]
#FINAL-07-22#