000
CXUS53 KGID 010838
CF6AUH
PRELIMINARY LOCAL CLIMATOLOGICAL DATA (WS FORM: F-6)
STATION: AURORA NE
MONTH: NOVEMBER
YEAR: 2021
LATITUDE: 40 54 N
LONGITUDE: 97 59 W
TEMPERATURE IN F: :PCPN: SNOW: WIND :SUNSHINE: SKY :PK WND
================================================================================
1 2 3 4 5 6A 6B 7 8 9 10 11 12 13 14 15 16 17 18
12Z AVG MX 2MIN
DY MAX MIN AVG DEP HDD CDD WTR SNW DPTH SPD SPD DIR MIN PSBL S-S WX SPD DR
================================================================================
1 43 33 38 M 27 0 0.13 M M 1.8 7 350 M M 10 17 250
2 48 30 39 M 26 0 0.00 M M 4.7 9 220 M M 8 12 M M
3 46 37 42 M 23 0 0.00 M M 8.6 14 250 M M 8 17 210
4 53 32 43 M 22 0 0.00 M M 8.6 15 170 M M 4 12 18 170
5 67 41 54 M 11 0 0.00 M M 13.3 21 220 M M 2 1 32 220
6 73 33 53 M 12 0 0.00 M M 8.2 14 190 M M 1 12 22 190
7 67 43 55 M 10 0 0.00 M M 8.5 13 200 M M 0 18 190
8 61 41 51 M 14 0 0.00 M M 13.9 23 30 M M 2 30 30
9 60 36 48 M 17 0 0.00 M M 8.2 17 30 M M 1 18 60
10 54 39 47 M 18 0 0.15 M M 8.8 22 330 M M 8 35 330
11 54 35 45 M 20 0 0.00 M M 17.5 28 310 M M 3 43 310
12 37 21 29 M 36 0 0.00 M M 21.3 30 320 M M 7 48 330
13 47 19 33 M 32 0 0.14 M M 8.7 21 340 M M 6 37 210
14 58 36 47 M 18 0 0.00 M M 9.5 17 190 M M 6 18 320
15 74 40 57 M 8 0 0.00 M M 8.2 13 300 M M 0 M M
16 72 42 57 M 8 0 0.00 M M 9.8 22 20 M M 0 25 20
17 49 24 37 M 28 0 0.00 M M 15.7 27 320 M M 1 33 330
18 46 21 34 M 31 0 0.00 M M 9.1 15 310 M M 0 18 310
19 51 30 41 M 24 0 0.00 M M 12.0 23 190 M M 0 32 190
20 58 27 43 M 22 0 0.00 M M 5.7 13 110 M M 2 M M
21 50 26 38 M 27 0 0.00 M M 10.6 22 340 M M 1 30 360
22 55 28 42 M 23 0 0.00 M M 5.5 12 170 M M 2 M M
23 70 34 52 M 13 0 0.00 M M 12.3 24 200 M M 0 29 200
24 51 34 43 M 22 0 0.00 M M 17.2 31 350 M M 4 39 350
25 37 22 30 M 35 0 0.00 M M 11.3 22 340 M M 3 28 340
26 69 28 49 M 16 0 0.00 M M 9.2 16 260 M M 0 20 260
27 63 28 46 M 19 0 0.00 M M 14.0 28 330 M M 0 36 320
28 55 24 40 M 25 0 0.00 M M 8.9 18 220 M M 0 21 220
29 73 36 55 M 10 0 0.00 M M 9.9 16 330 M M 0 27 310
30 60 36 48 M 17 0 0.00 M M 5.7 13 200 M M 3 8 M M
================================================================================
SM 1701 956 614 0 0.42 M 306.7 M 82
================================================================================
AV 56.7 31.9 10.2 FASTST M M 3 MAX(MPH)
MISC ----> 31 350 M M
================================================================================
NOTES:
# LAST OF SEVERAL OCCURRENCES
COLUMN 17 PEAK WIND IN M.P.H.
PRELIMINARY LOCAL CLIMATOLOGICAL DATA (WS FORM: F-6) , PAGE 2
STATION: AURORA NE
MONTH: NOVEMBER
YEAR: 2021
LATITUDE: 40 54 N
LONGITUDE: 97 59 W
[TEMPERATURE DATA] [PRECIPITATION DATA] SYMBOLS USED IN COLUMN 16
AVERAGE MONTHLY: 44.3 TOTAL FOR MONTH: 0.42 1 = FOG OR MIST
DPTR FM NORMAL: M DPTR FM NORMAL: M 2 = FOG REDUCING VISIBILITY
HIGHEST: 74 ON 15 GRTST 24HR 0.15 ON 10-10 TO 1/4 MILE OR LESS
LOWEST: 19 ON 13 3 = THUNDER
SNOW, ICE PELLETS, HAIL 4 = ICE PELLETS
TOTAL MONTH: M 5 = HAIL
GRTST 24HR M ON M 6 = FREEZING RAIN OR DRIZZLE
GRTST DEPTH: M ON M 7 = DUSTSTORM OR SANDSTORM:
VSBY 1/2 MILE OR LESS
8 = SMOKE OR HAZE
[NO. OF DAYS WITH] [WEATHER - DAYS WITH] 9 = BLOWING SNOW
X = TORNADO
MAX 32 OR BELOW: 0 0.01 INCH OR MORE: 3
MAX 90 OR ABOVE: 0 0.10 INCH OR MORE: 3
MIN 32 OR BELOW: 14 0.50 INCH OR MORE: 0
MIN 0 OR BELOW: 0 1.00 INCH OR MORE: 0
[HDD (BASE 65) ]
TOTAL THIS MO. 614 CLEAR (SCALE 0-3) 20
DPTR FM NORMAL M PTCLDY (SCALE 4-7) 8
TOTAL FM JUL 1 943 CLOUDY (SCALE 8-10) 2
DPTR FM NORMAL M
[CDD (BASE 65) ]
TOTAL THIS MO. 0
DPTR FM NORMAL M [PRESSURE DATA]
TOTAL FM JAN 1 1180 HIGHEST SLP M ON M
DPTR FM NORMAL 1170 LOWEST SLP M ON M
[REMARKS]
#FINAL-11-21#