000
CXUS54 KEWX 031243
CF6AUS
PRELIMINARY LOCAL CLIMATOLOGICAL DATA (WS FORM: F-6)
STATION: AUSTIN BERGSTROM
MONTH: JULY
YEAR: 2020
LATITUDE: 30 13 N
LONGITUDE: 97 40 W
TEMPERATURE IN F: :PCPN: SNOW: WIND :SUNSHINE: SKY :PK WND
================================================================================
1 2 3 4 5 6A 6B 7 8 9 10 11 12 13 14 15 16 17 18
12Z AVG MX 2MIN
DY MAX MIN AVG DEP HDD CDD WTR SNW DPTH SPD SPD DIR MIN PSBL S-S WX SPD DR
================================================================================
1 93 80 87 5 0 22 0.00 0.0 0 11.3 21 200 M M 8 26 200
2 95 78 87 4 0 22 0.00 0.0 0 8.9 16 150 M M 6 1 24 170
3 96 75 86 3 0 21 0.00 0.0 0 6.7 14 220 M M 4 20 210
4 98 74 86 3 0 21 0.00 0.0 0 7.2 13 200 M M 4 18 220
5 97 72 85 2 0 20 0.00 0.0 0 8.2 16 180 M M 4 23 180
6 93 78 86 3 0 21 0.00 0.0 0 8.1 17 180 M M 8 26 180
7 96 79 88 5 0 23 0.00 0.0 0 8.9 18 210 M M 7 26 200
8 96 79 88 5 0 23 0.00 0.0 0 10.0 18 180 M M 5 25 170
9 98 78 88 5 0 23 0.00 0.0 0 12.6 20 190 M M 4 30 150
10 99 78 89 6 0 24 0.00 0.0 0 9.2 17 180 M M 4 24 150
11 101 75 88 5 0 23 0.00 0.0 0 8.3 16 180 M M 3 1 22 170
12 102 77 90 7 0 25 0.00 0.0 0 8.2 17 200 M M 5 22 200
13 104 76 90 7 0 25 0.00 0.0 0 9.5 18 150 M M 2 25 140
14 103 77 90 7 0 25 0.00 0.0 0 11.6 20 160 M M 2 29 140
15 100 77 89 6 0 24 0.00 0.0 0 11.6 20 160 M M 5 28 200
16 99 75 87 3 0 22 0.00 0.0 0 7.0 14 170 M M 4 21 170
17 100 72 86 2 0 21 0.00 0.0 0 7.0 24 180 M M 3 31 170
18 96 73 85 1 0 20 0.00 0.0 0 5.6 16 130 M M 5 22 140
19 98 71 85 1 0 20 T 0.0 0 5.3 25 140 M M 4 3 36 150
20 98 72 85 1 0 20 0.00 0.0 0 5.7 16 110 M M 3 21 110
21 94 77 86 2 0 21 T 0.0 0 6.4 15 130 M M 6 21 130
22 97 75 86 2 0 21 0.00 0.0 0 5.8 16 120 M M 6 22 120
23 100 74 87 3 0 22 0.00 0.0 0 4.5 18 70 M M 4 23 70
24 99 75 87 3 0 22 0.00 0.0 0 11.0 23 70 M M 5 33 20
25 93 75 84 0 0 19 0.23 0.0 0 10.4 39 140 M M 6 1 59 140
26 93 75 84 0 0 19 0.42 0.0 0 7.3 21 120 M M 7 1 26 110
27 96 74 85 1 0 20 0.00 0.0 0 4.3 18 150 M M 6 1 23 150
28 98 74 86 2 0 21 0.00 0.0 0 4.7 28 140 M M 6 34 160
29 97 73 85 1 0 20 T 0.0 0 9.6 30 170 M M 4 46 170
30 98 75 87 3 0 22 0.00 0.0 0 11.4 22 140 M M 5 29 180
31 99 74 87 3 0 22 0.53 0.0 0 7.6 33 360 M M 7 13 42 360
================================================================================
SM 3026 2337 0 674 1.18 0.0 253.9 M 152
================================================================================
AV 97.6 75.4 8.2 FASTST M M 5 MAX(MPH)
MISC ----> # 39 140 # 59 140
================================================================================
NOTES:
# LAST OF SEVERAL OCCURRENCES
COLUMN 17 PEAK WIND IN M.P.H.
PRELIMINARY LOCAL CLIMATOLOGICAL DATA (WS FORM: F-6) , PAGE 2
STATION: AUSTIN BERGSTROM
MONTH: JULY
YEAR: 2020
LATITUDE: 30 13 N
LONGITUDE: 97 40 W
[TEMPERATURE DATA] [PRECIPITATION DATA] SYMBOLS USED IN COLUMN 16
AVERAGE MONTHLY: 86.5 TOTAL FOR MONTH: 1.18 1 = FOG OR MIST
DPTR FM NORMAL: 3.1 DPTR FM NORMAL: -1.26 2 = FOG REDUCING VISIBILITY
HIGHEST: 104 ON 13 GRTST 24HR 0.53 ON 31-31 TO 1/4 MILE OR LESS
LOWEST: 71 ON 19 3 = THUNDER
SNOW, ICE PELLETS, HAIL 4 = ICE PELLETS
TOTAL MONTH: 0.0 INCH 5 = HAIL
GRTST 24HR 0.0 6 = FREEZING RAIN OR DRIZZLE
GRTST DEPTH: 0 7 = DUSTSTORM OR SANDSTORM:
VSBY 1/2 MILE OR LESS
8 = SMOKE OR HAZE
[NO. OF DAYS WITH] [WEATHER - DAYS WITH] 9 = BLOWING SNOW
X = TORNADO
MAX 32 OR BELOW: 0 0.01 INCH OR MORE: 3
MAX 90 OR ABOVE: 31 0.10 INCH OR MORE: 3
MIN 32 OR BELOW: 0 0.50 INCH OR MORE: 1
MIN 0 OR BELOW: 0 1.00 INCH OR MORE: 0
[HDD (BASE 65) ]
TOTAL THIS MO. 0 CLEAR (SCALE 0-3) 3
DPTR FM NORMAL 0 PTCLDY (SCALE 4-7) 28
TOTAL FM JUL 1 0 CLOUDY (SCALE 8-10) 0
DPTR FM NORMAL 0
[CDD (BASE 65) ]
TOTAL THIS MO. 674
DPTR FM NORMAL 102 [PRESSURE DATA]
TOTAL FM JAN 1 1837 HIGHEST SLP 30.04 ON 17
DPTR FM NORMAL 277 LOWEST SLP 29.74 ON 5
[REMARKS]
#FINAL-07-20#