000
CXUS52 KGSP 010817
CF6AVL
PRELIMINARY LOCAL CLIMATOLOGICAL DATA (WS FORM: F-6)
STATION: ASHEVILLE NC
MONTH: APRIL
YEAR: 2023
LATITUDE: 35 25 N
LONGITUDE: 82 33 W
TEMPERATURE IN F: :PCPN: SNOW: WIND :SUNSHINE: SKY :PK WND
================================================================================
1 2 3 4 5 6A 6B 7 8 9 10 11 12 13 14 15 16 17 18
12Z AVG MX 2MIN
DY MAX MIN AVG DEP HDD CDD WTR SNW DPTH SPD SPD DIR MIN PSBL S-S WX SPD DR
================================================================================
1 78 48 63 10 2 0 0.29 0.0 0 14.0 32 270 M M 4 13 45 290
2 70 38 54 1 11 0 0.00 0.0 0 8.4 24 330 M M 0 32 320
3 58 41 50 -3 15 0 0.01 0.0 0 3.4 17 220 M M 5 25 200
4 80 41 61 7 4 0 0.00 0.0 0 5.3 18 170 M M 1 24 140
5 80 60 70 16 0 5 0.00 0.0 0 7.7 24 190 M M 4 33 210
6 78 64 71 17 0 6 T 0.0 0 3.1 18 310 M M 5 22 320
7 67 45 56 2 9 0 1.61 0.0 0 6.4 21 340 M M 10 13 25 340
8 45 38 42 -13 23 0 1.05 0.0 0 2.7 10 10 M M 10 1 15 20
9 61 37 49 -6 16 0 0.00 0.0 0 3.5 12 30 M M 3 18 50
10 63 31 47 -8 18 0 0.00 0.0 0 2.5 12 160 M M 0 17 170
11 72 33 53 -3 12 0 0.00 0.0 0 3.2 14 340 M M 0 19 250
12 77 37 57 1 8 0 0.00 0.0 0 2.5 14 340 M M 0 19 340
13 75 40 58 2 7 0 0.02 0.0 0 4.6 21 180 M M 4 1 25 180
14 68 54 61 4 4 0 0.24 0.0 0 4.2 14 240 M M 9 13 20 140
15 74 53 64 7 1 0 0.00 0.0 0 4.0 15 340 M M 5 1 20 330
16 76 52 64 7 1 0 0.03 0.0 0 8.4 22 200 M M 5 29 330
17 70 41 56 -2 9 0 0.00 0.0 0 10.5 26 310 M M 1 35 310
18 77 39 58 0 7 0 0.00 0.0 0 5.7 22 320 M M 0 31 330
19 81 44 63 5 2 0 0.00 0.0 0 3.7 16 170 M M 0 25 210
20 81 46 64 6 1 0 0.00 0.0 0 5.1 18 190 M M 0 25 190
21 77 47 62 3 3 0 0.00 0.0 0 7.6 21 170 M M 1 26 150
22 65 43 54 -5 11 0 0.59 0.0 0 8.3 26 330 M M 4 13 34 320
23 62 37 50 -9 15 0 0.00 0.0 0 6.5 20 330 M M 4 1 22 330
24 61 42 52 -8 13 0 0.00 0.0 0 9.3 18 340 M M 2 23 330
25 62 36 49 -11 16 0 T 0.0 0 3.9 10 160 M M 3 16 140
26 55 47 51 -9 14 0 0.15 0.0 0 0.7 6 210 M M 10 1 8 240
27 57 50 54 -6 11 0 1.28 0.0 0 2.0 8 220 M M 10 1 13 140
28 74 54 64 4 1 0 0.21 0.0 0 3.3 20 200 M M 8 18 24 220
29 74 50 62 1 3 0 0.02 0.0 0 5.1 16 150 M M 2 12 21 160
30 70 43 57 -4 8 0 0.29 0.0 0 9.4 29 310 M M 8 1 42 320
================================================================================
SM 2088 1331 245 11 5.79 0.0 165.0 M 118
================================================================================
AV 69.6 44.4 5.5 FASTST M M 4 MAX(MPH)
MISC ----> 32 270 45 290
================================================================================
NOTES:
# LAST OF SEVERAL OCCURRENCES
COLUMN 17 PEAK WIND IN M.P.H.
PRELIMINARY LOCAL CLIMATOLOGICAL DATA (WS FORM: F-6) , PAGE 2
STATION: ASHEVILLE NC
MONTH: APRIL
YEAR: 2023
LATITUDE: 35 25 N
LONGITUDE: 82 33 W
[TEMPERATURE DATA] [PRECIPITATION DATA] SYMBOLS USED IN COLUMN 16
AVERAGE MONTHLY: 57.0 TOTAL FOR MONTH: 5.79 1 = FOG OR MIST
DPTR FM NORMAL: 0.0 DPTR FM NORMAL: 1.62 2 = FOG REDUCING VISIBILITY
HIGHEST: 81 ON 20,19 GRTST 24HR 1.71 ON 7- 8 TO 1/4 MILE OR LESS
LOWEST: 31 ON 10 3 = THUNDER
SNOW, ICE PELLETS, HAIL 4 = ICE PELLETS
TOTAL MONTH: 0.0 INCH 5 = HAIL
GRTST 24HR 0.0 6 = FREEZING RAIN OR DRIZZLE
GRTST DEPTH: 0 7 = DUSTSTORM OR SANDSTORM:
VSBY 1/2 MILE OR LESS
8 = SMOKE OR HAZE
[NO. OF DAYS WITH] [WEATHER - DAYS WITH] 9 = BLOWING SNOW
X = TORNADO
MAX 32 OR BELOW: 0 0.01 INCH OR MORE: 13
MAX 90 OR ABOVE: 0 0.10 INCH OR MORE: 9
MIN 32 OR BELOW: 1 0.50 INCH OR MORE: 4
MIN 0 OR BELOW: 0 1.00 INCH OR MORE: 3
[HDD (BASE 65) ]
TOTAL THIS MO. 245 CLEAR (SCALE 0-3) 13
DPTR FM NORMAL -9 PTCLDY (SCALE 4-7) 12
TOTAL FM JUL 1 3503 CLOUDY (SCALE 8-10) 5
DPTR FM NORMAL -244
[CDD (BASE 65) ]
TOTAL THIS MO. 11
DPTR FM NORMAL -3 [PRESSURE DATA]
TOTAL FM JAN 1 12 HIGHEST SLP 30.48 ON 10
DPTR FM NORMAL -3 LOWEST SLP 29.36 ON 30
[REMARKS]
#FINAL-04-23#