000
CXUS52 KGSP 011713
CF6AVL
PRELIMINARY LOCAL CLIMATOLOGICAL DATA (WS FORM: F-6)
STATION: ASHEVILLE NC
MONTH: NOVEMBER
YEAR: 2022
LATITUDE: 35 25 N
LONGITUDE: 82 33 W
TEMPERATURE IN F: :PCPN: SNOW: WIND :SUNSHINE: SKY :PK WND
================================================================================
1 2 3 4 5 6A 6B 7 8 9 10 11 12 13 14 15 16 17 18
12Z AVG MX 2MIN
DY MAX MIN AVG DEP HDD CDD WTR SNW DPTH SPD SPD DIR MIN PSBL S-S WX SPD DR
================================================================================
1 67 40 54 2 11 0 0.00 0.0 0 3.5 15 350 M M 3 12 20 330
2 60 45 53 1 12 0 T 0.0 0 1.2 12 180 M M 2 12 14 180
3 69 44 57 6 8 0 0.00 0.0 0 1.7 12 170 M M 5 12 17 170
4 67 40 54 3 11 0 0.00 0.0 0 3.9 15 170 M M 6 12 19 170
5 68 59 64 13 1 0 0.15 0.0 0 7.4 18 170 M M 9 1 27 140
6 77 58 68 18 0 3 0.07 0.0 0 4.9 17 170 M M 5 1 21 200
7 76 57 67 17 0 2 0.00 0.0 0 6.2 21 340 M M 8 12 17 340
8 73 45 59 9 6 0 0.00 0.0 0 3.3 12 160 M M 2 12 14 150
9 61 37 49 -1 16 0 0.00 0.0 0 3.1 13 110 M M 2 18 100
10 58 48 53 4 12 0 0.53 0.0 0 1.6 7 10 M M 10 18 10 20
11 65 56 61 12 4 0 2.26 0.0 0 6.1 15 190 M M 9 1 22 120
12 66 37 52 3 13 0 T 0.0 0 10.2 25 340 M M 7 35 330
13 37 28 33 -15 32 0 0.00 0.0 0 14.2 28 340 M M 4 33 340
14 46 22 34 -14 31 0 0.00 0.0 0 4.5 13 170 M M 1 17 160
15 44 36 40 -8 25 0 0.60 0.0 0 6.3 16 340 M M 10 1 22 330
16 44 34 39 -9 26 0 0.00 0.0 0 12.2 21 340 M M 4 28 330
17 42 29 36 -11 29 0 0.00 0.0 0 9.5 21 330 M M 1 26 330
18 49 25 37 -10 28 0 0.00 0.0 0 5.9 16 330 M M 0 20 360
19 50 30 40 -7 25 0 0.00 0.0 0 6.8 20 340 M M 0 25 330
20 40 26 33 -13 32 0 0.00 0.0 0 13.3 30 340 M M 0 37 340
21 53 19 36 -10 29 0 0.00 0.0 0 2.3 9 120 M M 0 14 100
22 53 26 40 -6 25 0 T 0.0 0 1.9 7 330 M M 2 9 220
23 66 28 47 1 18 0 0.00 0.0 0 2.1 12 160 M M 0 15 160
24 60 31 46 0 19 0 0.00 0.0 0 2.9 14 170 M M 7 16 160
25 58 45 52 7 13 0 0.03 0.0 0 7.4 22 340 M M 6 35 340
26 64 31 48 3 17 0 T 0.0 0 4.5 15 170 M M 2 12 19 160
27 67 46 57 12 8 0 0.43 0.0 0 8.0 24 200 M M 6 1 32 210
28 56 36 46 1 19 0 0.00 0.0 0 7.4 20 340 M M 4 24 330
29 57 30 44 0 21 0 0.43 0.0 0 4.7 15 160 M M 2 1 20 100
30 62 35 49 5 16 0 1.06 0.0 0 9.3 25 340 M M 4 13 35 350
================================================================================
SM 1755 1123 507 5 5.56 0.0 176.3 M 121
================================================================================
AV 58.5 37.4 5.9 FASTST M M 4 MAX(MPH)
MISC ----> 30 340 37 340
================================================================================
NOTES:
# LAST OF SEVERAL OCCURRENCES
COLUMN 17 PEAK WIND IN M.P.H.
PRELIMINARY LOCAL CLIMATOLOGICAL DATA (WS FORM: F-6) , PAGE 2
STATION: ASHEVILLE NC
MONTH: NOVEMBER
YEAR: 2022
LATITUDE: 35 25 N
LONGITUDE: 82 33 W
[TEMPERATURE DATA] [PRECIPITATION DATA] SYMBOLS USED IN COLUMN 16
AVERAGE MONTHLY: 48.0 TOTAL FOR MONTH: 5.56 1 = FOG OR MIST
DPTR FM NORMAL: 0.2 DPTR FM NORMAL: 1.84 2 = FOG REDUCING VISIBILITY
HIGHEST: 77 ON 6 GRTST 24HR 2.60 ON 10-11 TO 1/4 MILE OR LESS
LOWEST: 19 ON 21 3 = THUNDER
SNOW, ICE PELLETS, HAIL 4 = ICE PELLETS
TOTAL MONTH: 0.0 INCH 5 = HAIL
GRTST 24HR 0.0 6 = FREEZING RAIN OR DRIZZLE
GRTST DEPTH: 0 7 = DUSTSTORM OR SANDSTORM:
VSBY 1/2 MILE OR LESS
8 = SMOKE OR HAZE
[NO. OF DAYS WITH] [WEATHER - DAYS WITH] 9 = BLOWING SNOW
X = TORNADO
MAX 32 OR BELOW: 0 0.01 INCH OR MORE: 9
MAX 90 OR ABOVE: 0 0.10 INCH OR MORE: 7
MIN 32 OR BELOW: 12 0.50 INCH OR MORE: 4
MIN 0 OR BELOW: 0 1.00 INCH OR MORE: 2
[HDD (BASE 65) ]
TOTAL THIS MO. 507 CLEAR (SCALE 0-3) 14
DPTR FM NORMAL -10 PTCLDY (SCALE 4-7) 12
TOTAL FM JUL 1 903 CLOUDY (SCALE 8-10) 4
DPTR FM NORMAL 112
[CDD (BASE 65) ]
TOTAL THIS MO. 5
DPTR FM NORMAL 4 [PRESSURE DATA]
TOTAL FM JAN 1 1022 HIGHEST SLP 30.50 ON 9
DPTR FM NORMAL -26 LOWEST SLP 29.54 ON 11
[REMARKS]
#FINAL-11-22#