000
CXUS51 KBGM 021313 CCB
CF6AVP
PRELIMINARY LOCAL CLIMATOLOGICAL DATA (WS FORM: F-6)
STATION: AVOCA PA
MONTH: JANUARY
YEAR: 2024
LATITUDE: 41 19 N
LONGITUDE: 75 44 W
TEMPERATURE IN F: :PCPN: SNOW: WIND :SUNSHINE: SKY :PK WND
================================================================================
1 2 3 4 5 6A 6B 7 8 9 10 11 12 13 14 15 16 17 18
12Z AVG MX 2MIN
DY MAX MIN AVG DEP HDD CDD WTR SNW DPTH SPD SPD DIR MIN PSBL S-S WX SPD DR
================================================================================
1 39 30 35 5 30 0 T T M 4.8 17 340 M M 10 18 25 320
2 41 28 35 6 30 0 0.00 0.0 M 6.9 15 350 M M 5 21 10
3 35 29 32 3 33 0 0.00 0.0 M 4.8 10 250 M M 10 14 240
4 39 22 31 2 34 0 T T M 10.4 25 340 M M 7 8 32 340
5 36 22 29 0 36 0 T T M 4.6 10 230 M M 5 8 14 220
6 33 22 28 -1 37 0 0.93 4.5 M 5.9 17 60 M M 6 12 30 50
7 35 30 33 4 32 0 0.18 1.0 M 5.9 16 320 M M 10 168 25 300
8 41 30 36 8 29 0 0.00 0.0 M 4.1 18 310 M M 9 1 27 320
9 56 29 43 15 22 0 1.55 0.2 M 9.8 28 130 M M 7 1 55 150
10 56 38 47 19 18 0 0.11 0.0 M 14.5 31 260 M M 10 1 42 240
11 43 36 40 12 25 0 0.00 0.0 M 8.4 15 260 M M 10 23 240
12 47 33 40 12 25 0 0.25 0.0 M 5.5 18 140 M M 5 1 31 110
13 50 30 40 12 25 0 0.28 0.0 M 16.4 32 130 M M 10 18 57 130
14 34 17 26 -2 39 0 T T M 14.1 33 270 M M 5 8 50 250
15 23 13 18 -10 47 0 T 0.2 M 6.4 16 240 M M 5 1 23 250
16 24 15 20 -8 45 0 0.19 2.0 M 6.5 20 320 M M 9 18 31 320
17 20 8 14 -14 51 0 0.00 0.0 M 10.4 20 260 M M 1 26 270
18 26 14 20 -8 45 0 0.00 0.0 M 6.5 14 250 M M 7 19 220
19 27 16 22 -6 43 0 0.17 1.9 M 4.9 17 320 M M 9 18 27 320
20 17 11 14 -13 51 0 T T M 10.4 23 330 M M 7 8 30 330
21 26 15 21 -6 44 0 T T M 9.4 22 320 M M 6 8 35 340
22 32 7 20 -7 45 0 0.00 0.0 M 4.8 14 240 M M 3 19 250
23 36 31 34 7 31 0 0.20 T M 2.6 10 250 M M 10 1 14 250
24 42 34 38 11 27 0 0.31 0.0 M 1.7 10 240 M M 10 18 17 200
25 51 41 46 18 19 0 0.12 0.0 M 2.0 8 60 M M 10 128 11 50
26 56 42 49 21 16 0 0.21 0.0 M 5.6 16 340 M M 9 1 24 350
27 46 39 43 15 22 0 0.00 0.0 M 3.4 14 340 M M 9 21 360
28 42 33 38 10 27 0 0.84 0.8 M 4.4 13 60 M M 10 1 19 50
29 36 30 33 5 32 0 0.01 T M 10.3 21 330 M M 10 18 29 320
30 33 29 31 3 34 0 0.00 0.0 M 3.1 9 150 M M 10 17 190
31 39 30 35 7 30 0 0.00 0.0 M 3.5 9 300 M M 10 18 150
================================================================================
SM 1161 804 1024 0 5.35 10.6 212.0 M 244
================================================================================
AV 37.5 25.9 6.8 FASTST M M 8 MAX(MPH)
MISC ----> 33 270 57 130
================================================================================
NOTES:
# LAST OF SEVERAL OCCURRENCES
COLUMN 17 PEAK WIND IN M.P.H.
PRELIMINARY LOCAL CLIMATOLOGICAL DATA (WS FORM: F-6) , PAGE 2
STATION: AVOCA PA
MONTH: JANUARY
YEAR: 2024
LATITUDE: 41 19 N
LONGITUDE: 75 44 W
[TEMPERATURE DATA] [PRECIPITATION DATA] SYMBOLS USED IN COLUMN 16
AVERAGE MONTHLY: 31.7 TOTAL FOR MONTH: 5.35 1 = FOG OR MIST
DPTR FM NORMAL: 3.7 DPTR FM NORMAL: 2.76 2 = FOG REDUCING VISIBILITY
HIGHEST: 56 ON 26,10 GRTST 24HR 1.55 ON 9- 9 TO 1/4 MILE OR LESS
LOWEST: 7 ON 22 3 = THUNDER
SNOW, ICE PELLETS, HAIL 4 = ICE PELLETS
TOTAL MONTH: 10.6 INCHES 5 = HAIL
GRTST 24HR 4.5 ON 6- 6 6 = FREEZING RAIN OR DRIZZLE
GRTST DEPTH: M ON M 7 = DUSTSTORM OR SANDSTORM:
VSBY 1/2 MILE OR LESS
8 = SMOKE OR HAZE
[NO. OF DAYS WITH] [WEATHER - DAYS WITH] 9 = BLOWING SNOW
X = TORNADO
MAX 32 OR BELOW: 8 0.01 INCH OR MORE: 14
MAX 90 OR ABOVE: 0 0.10 INCH OR MORE: 13
MIN 32 OR BELOW: 23 0.50 INCH OR MORE: 3
MIN 0 OR BELOW: 0 1.00 INCH OR MORE: 1
[HDD (BASE 65) ]
TOTAL THIS MO. 1024 CLEAR (SCALE 0-3) 1
DPTR FM NORMAL -123 PTCLDY (SCALE 4-7) 12
TOTAL FM JUL 1 2907 CLOUDY (SCALE 8-10) 18
DPTR FM NORMAL -376
[CDD (BASE 65) ]
TOTAL THIS MO. 0
DPTR FM NORMAL 0 [PRESSURE DATA]
TOTAL FM JAN 1 0 HIGHEST SLP 30.57 ON 22
DPTR FM NORMAL 0 LOWEST SLP 28.97 ON 10
[REMARKS]
#FINAL-01-24#
CORRECTED DAY 18 WINDS AND MONTHLY TOTAL AVERAGE WIND
CORRECTED DAY 31 SNOW DEPTH FROM ZERO TO MISSING
3RD MOST JANUARY PRECIPITATION
TAC