000
CXUS51 KBGM 010838
CLMAVP
CLIMATE REPORT
NATIONAL WEATHER SERVICE BINGHAMTON, NY
438 AM EDT SUN OCT 01 2023
...................................
...THE AVOCA PA CLIMATE SUMMARY FOR THE MONTH OF SEPTEMBER 2023...
CLIMATE NORMAL PERIOD 1991 TO 2020
CLIMATE RECORD PERIOD 1901 TO 2023
WEATHER OBSERVED NORMAL DEPART LAST YEAR`S
VALUE DATE(S) VALUE FROM VALUE DATE(S)
NORMAL
................................................................
TEMPERATURE (F)
RECORD
HIGH 95 09/08/2015
09/11/2013
09/10/1983
LOW 29 09/29/2000
HIGHEST 92 09/04 72 20 83 09/04
09/09
09/18
LOWEST 44 09/21 53 -9 40 09/24
09/27
AVG. MAXIMUM 74.9 75.1 -0.2 74.1
AVG. MINIMUM 55.4 54.0 1.4 55.1
MEAN 65.2 64.6 0.6 64.6
DAYS MAX >= 90 2 1.0 1.0 0
DAYS MAX <= 32 0 0.0 0.0 0
DAYS MIN <= 32 0 0.1 -0.1 0
DAYS MIN <= 0 0 0.0 0.0 0
PRECIPITATION (INCHES)
RECORD
MAXIMUM 11.46 2011
MINIMUM 0.52 1943
TOTALS 6.11 4.15 1.96 6.07
DAILY AVG. 0.20 0.14 0.06 0.20
DAYS >= .01 12 10.0 2.0 11
DAYS >= .10 8 6.4 1.6 10
DAYS >= .50 5 2.4 2.6 4
DAYS >= 1.00 1 1.3 -0.3 2
GREATEST
24 HR. TOTAL 2.90 09/24 TO 09/25
SNOWFALL (INCHES)
RECORDS
TOTAL T 1993
24 HR TOTAL T 09/29/1993 TO 09/29/1993
09/22/1992 TO 09/22/1992
09/13/1990 TO 09/13/1990
TOTALS 0.0 0.0 0.0 0.0
SINCE 7/1 0.0 0.0 0.0 MM
DAYS >= TRACE 0 0.0 0.0 0
DAYS >= 1.0 0 0.0 0.0 0
GREATEST
24 HR TOTAL 0.0
DEGREE DAYS
HEATING TOTAL 93 96 -3 86
SINCE 7/1 94 106 -12 MM
COOLING TOTAL 105 82 23 84
SINCE 1/1 740 781 -41 MM
................................................................
WIND (MPH)
AVERAGE WIND SPEED 4.5
RESULTANT WIND SPEED/DIRECTION 2/050
HIGHEST WIND SPEED/DIRECTION 20/320 DATE 09/07
20/320 09/18
HIGHEST GUST SPEED/DIRECTION 33/060 DATE 09/25
SKY COVER
POSSIBLE SUNSHINE (PERCENT) MM
AVERAGE SKY COVER 0.42
NUMBER OF DAYS FAIR 15
NUMBER OF DAYS PC 7
NUMBER OF DAYS CLOUDY 8
AVERAGE RH (PERCENT) 74
WEATHER CONDITIONS. NUMBER OF DAYS WITH
THUNDERSTORM 3 MIXED PRECIP 0
HEAVY RAIN 5 RAIN 9
LIGHT RAIN 14 FREEZING RAIN 0
LT FREEZING RAIN 0 HAIL 0
HEAVY SNOW 0 SNOW 0
LIGHT SNOW 0 SLEET 0
FOG 20 FOG W/VIS <= 1/4 MILE 3
HAZE 6
- INDICATES NEGATIVE NUMBERS.
R INDICATES RECORD WAS SET OR TIED.
MM INDICATES DATA IS MISSING.
T INDICATES TRACE AMOUNT.
$$