000
CXUS51 KBGM 012216 CCA
CLSAVP
CLIMATE REPORT...CORRECTED
NATIONAL WEATHER SERVICE BINGHAMTON NY
615 PM EDT TUE SEP 1 2020
...................................
...THE AVOCA PA CLIMATE SUMMARY FOR THE SEASON, FROM
6/1/2020 TO 8/31/2020...
CLIMATE NORMAL PERIOD 1981 TO 2010
CLIMATE RECORD PERIOD 1901 TO 2020
WEATHER OBSERVED NORMAL DEPART LAST YEAR`S
VALUE DATE(S) VALUE FROM VALUE DATE(S)
NORMAL
................................................................
TEMPERATURE (F)
RECORD
HIGH 101 07/16/1988
07/03/1966
LOW 34 06/11/1972
HIGHEST 97 07/27 80 17 94 07/20
LOWEST 39 06/01 59 -20 41 06/04
AVG. MAXIMUM 85.3 79.8 5.5 82.5
AVG. MINIMUM 62.8 59.0 3.8 61.2
MEAN 74.1 69.4 4.7 71.8
DAYS MAX >= 90 24 5.5 18.5 11
DAYS MAX <= 32 0 0.0 0.0 0
DAYS MIN <= 32 0 0.0 0.0 0
DAYS MIN <= 0 0 0.0 0.0 0
PRECIPITATION (INCHES)
RECORD
MAXIMUM 19.72 2018
MINIMUM 5.56 1995
TOTALS 10.38 11.23 -0.85 18.87
DAILY AVG. 0.11 0.12 -0.01 0.21
DAYS >= .01 30 35.3 -5.3 42
DAYS >= .10 18 22.2 -4.2 30
DAYS >= .50 7 7.2 -0.2 11
DAYS >= 1.00 2 2.2 -0.2 5
GREATEST
24 HR. TOTAL 2.54 08/04 TO 08/04
SNOWFALL (INCHES)
RECORDS
TOTAL 0.0 MM
24 HR TOTAL 0.0 MM
TOTALS 0.0 0.0 0.0 0.0
SINCE 7/1 0.0 0.0 0.0 0.0
DAYS >= TRACE 0 0.0 0.0 0
DAYS >= 1.0 0 0.0 0.0 0
GREATEST
24 HR TOTAL 0.0
DEGREE_DAYS
HEATING TOTAL 34 80 -46 33
SINCE 7/1 0 26 -26 1
COOLING TOTAL 889 487 402 689
SINCE 1/1 956 524 432 739
FREEZE DATES
RECORD
EARLIEST 09/21/1956
LATEST 05/25/1956
EARLIEST 10/15
LATEST 04/26
.................................................................
WIND (MPH)
AVERAGE WIND SPEED 5.2
RESULTANT WIND SPEED/DIRECTION 1/224
HIGHEST WIND SPEED/DIRECTION 30/330 DATE 08/17
HIGHEST GUST SPEED/DIRECTION 39/330 DATE 08/17
SKY COVER
POSSIBLE SUNSHINE (PERCENT) MM
AVERAGE SKY COVER 0.30
NUMBER OF DAYS FAIR 50
NUMBER OF DAYS PC 41
NUMBER OF DAYS CLOUDY 1
AVERAGE RH (PERCENT) 66
WEATHER CONDITIONS. NUMBER OF DAYS WITH
THUNDERSTORM 20 MIXED PRECIP 0
HEAVY RAIN 14 RAIN 19
LIGHT RAIN 45 FREEZING RAIN 0
LT FREEZING RAIN 0 HAIL 0
HEAVY SNOW 0 SNOW 0
LIGHT SNOW 0 SLEET 0
FOG 35 FOG W/VIS <= 1/4 MILE 1
HAZE 4
- INDICATES NEGATIVE NUMBERS.
R INDICATES RECORD WAS SET OR TIED.
MM INDICATES DATA IS MISSING.
T INDICATES TRACE AMOUNT.
&&
CORRECTED MEAN TEMPERATURE
CORRECTED 24 HOUR GREATEST PRECIPITATION DATES
CORRECTED 24 HOUR GREATEST SNOWFALL TOTAL FROM MISSING TO 0.0 INCHES
2ND WARMEST JUNE TO AUGUST RECORD 74.5F IN 2005
$$
TAC