000
CXUS56 KLOX 011155
CF6AVX
PRELIMINARY LOCAL CLIMATOLOGICAL DATA (WS FORM: F-6)
STATION: AVALON
MONTH: JULY
YEAR: 2022
LATITUDE: 33 24 N
LONGITUDE: 118 25 W
TEMPERATURE IN F: :PCPN: SNOW: WIND :SUNSHINE: SKY :PK WND
================================================================================
1 2 3 4 5 6A 6B 7 8 9 10 11 12 13 14 15 16 17 18
12Z AVG MX 2MIN
DY MAX MIN AVG DEP HDD CDD WTR SNW DPTH SPD SPD DIR MIN PSBL S-S WX SPD DR
================================================================================
1 78 63 71 5 0 6 0.00 M M 4.4 14 250 M M 0 15 240
2 72 54 63 -3 2 0 0.00 M M 6.2 15 250 M M 2 128 17 240
3 69 54 62 -4 3 0 0.00 M M 8.2 18 250 M M 7 12 22 260
4 69 54 62 -4 3 0 0.00 M M 7.5 16 250 M M 6 128 20 240
5 69 57 63 -4 2 0 0.00 M M 8.5 20 260 M M 5 128 22 260
6 69 56 63 -4 2 0 0.00 M M 8.2 15 250 M M 4 12 18 250
7 75 60 68 1 0 3 0.00 M M 5.3 10 240 M M 0 18 13 240
8 76 58 67 0 0 2 0.00 M M 4.5 10 260 M M 2 128 13 270
9 82 56 69 2 0 4 0.00 M M 5.7 14 330 M M 0 128 16 320
10 82 70 76 8 0 11 0.00 M M 5.6 10 320 M M 0 13 310
11 74 55 65 -3 0 0 0.00 M M 4.7 13 240 M M 1 128 14 250
12 69 55 62 -6 3 0 0.00 M M 6.6 12 240 M M 5 12 15 250
13 69 54 62 -6 3 0 0.00 M M 7.3 15 240 M M 4 128 19 250
14 72 56 64 -4 1 0 0.00 M M 5.2 12 250 M M 4 128 14 250
15 79 58 69 1 0 4 0.00 M M 3.5 9 260 M M 0 128 11 140
16 84 69 77 9 0 12 0.00 M M 3.2 9 240 M M 0 12 250
17 92 62 77 9 0 12 0.00 M M 4.5 12 250 M M 1 128 15 190
18 84 67 76 8 0 11 0.00 M M 3.1 13 170 M M 0 19 170
19 84 70 77 9 0 12 0.00 M M 4.4 10 260 M M 0 8 12 260
20 84 69 77 8 0 12 0.00 M M 5.9 12 250 M M 0 13 250
21 83 57 70 1 0 5 0.00 M M 4.1 10 260 M M 0 128 12 260
22 77 58 68 -1 0 3 0.00 M M 4.9 10 120 M M 4 12 13 120
23 73 57 65 -4 0 0 0.00 M M 6.1 14 240 M M 6 128 17 240
24 72 59 66 -3 0 1 0.00 M M 5.9 14 240 M M 9 128 16 240
25 71 57 64 -5 1 0 0.00 M M 6.5 13 240 M M 8 128 15 240
26 72 55 64 -5 1 0 0.00 M M 4.7 14 240 M M 4 128 16 260
27 75 54 65 -4 0 0 0.00 M M 4.8 13 240 M M 2 128 15 250
28 78 58 68 -1 0 3 0.00 M M 4.4 10 110 M M 1 128 13 100
29 77 58 68 -1 0 3 0.00 M M 4.3 12 60 M M 5 128 15 60
30 81 58 70 1 0 5 0.00 M M 5.5 14 150 M M 1 18 17 140
31 83 63 73 4 0 8 0.00 M M 3.9 13 240 M M 2 8 14 250
================================================================================
SM 2374 1831 21 117 0.00 M 167.6 M 83
================================================================================
AV 76.6 59.1 5.4 FASTST M M 3 MAX(MPH)
MISC ----> 20 260 # 22 260
================================================================================
NOTES:
# LAST OF SEVERAL OCCURRENCES
COLUMN 17 PEAK WIND IN M.P.H.
PRELIMINARY LOCAL CLIMATOLOGICAL DATA (WS FORM: F-6) , PAGE 2
STATION: AVALON
MONTH: JULY
YEAR: 2022
LATITUDE: 33 24 N
LONGITUDE: 118 25 W
[TEMPERATURE DATA] [PRECIPITATION DATA] SYMBOLS USED IN COLUMN 16
AVERAGE MONTHLY: 67.8 TOTAL FOR MONTH: 0.00 1 = FOG OR MIST
DPTR FM NORMAL: -0.2 DPTR FM NORMAL: -0.08 2 = FOG REDUCING VISIBILITY
HIGHEST: 92 ON 17 GRTST 24HR 0.00 ON 1- 1 TO 1/4 MILE OR LESS
LOWEST: 54 ON 27,13 3 = THUNDER
SNOW, ICE PELLETS, HAIL 4 = ICE PELLETS
TOTAL MONTH: M 5 = HAIL
GRTST 24HR M ON M 6 = FREEZING RAIN OR DRIZZLE
GRTST DEPTH: M ON M 7 = DUSTSTORM OR SANDSTORM:
VSBY 1/2 MILE OR LESS
8 = SMOKE OR HAZE
[NO. OF DAYS WITH] [WEATHER - DAYS WITH] 9 = BLOWING SNOW
X = TORNADO
MAX 32 OR BELOW: 0 0.01 INCH OR MORE: 0
MAX 90 OR ABOVE: 1 0.10 INCH OR MORE: 0
MIN 32 OR BELOW: 0 0.50 INCH OR MORE: 0
MIN 0 OR BELOW: 0 1.00 INCH OR MORE: 0
[HDD (BASE 65) ]
TOTAL THIS MO. 21 CLEAR (SCALE 0-3) 18
DPTR FM NORMAL -22 PTCLDY (SCALE 4-7) 12
TOTAL FM JUL 1 21 CLOUDY (SCALE 8-10) 1
DPTR FM NORMAL -22
[CDD (BASE 65) ]
TOTAL THIS MO. 117
DPTR FM NORMAL -19 [PRESSURE DATA]
TOTAL FM JAN 1 426 HIGHEST SLP 30.08 ON 9
DPTR FM NORMAL 147 LOWEST SLP 29.78 ON 17
[REMARKS]
#FINAL-07-22#