494
CXUS53 KGRR 011010
CF6AZO
PRELIMINARY LOCAL CLIMATOLOGICAL DATA (WS FORM: F-6)
STATION: KALAMAZOO
MONTH: DECEMBER
YEAR: 2020
LATITUDE: 42 13 N
LONGITUDE: 85 33 W
TEMPERATURE IN F: :PCPN: SNOW: WIND :SUNSHINE: SKY :PK WND
================================================================================
1 2 3 4 5 6A 6B 7 8 9 10 11 12 13 14 15 16 17 18
12Z AVG MX 2MIN
DY MAX MIN AVG DEP HDD CDD WTR SNW DPTH SPD SPD DIR MIN PSBL S-S WX SPD DR
================================================================================
1 42 30 36 2 29 0 0.00 M M 16.2 26 320 M M 5 34 310
2 49 29 39 6 26 0 0.00 M M 9.4 16 300 M M 0 22 320
3 48 29 39 6 26 0 0.00 M M 11.5 24 250 M M 0 33 260
4 47 34 41 8 24 0 0.00 M M 10.6 18 240 M M 8 26 230
5 37 24 31 -1 34 0 0.00 M M 5.2 13 360 M M 5 17 350
6 33 20 27 -5 38 0 0.00 M M 2.1 8 10 M M 7 12 10
7 37 27 32 1 33 0 0.00 M M 3.6 12 340 M M 8 15 320
8 37 31 34 3 31 0 T M M 8.8 18 240 M M 10 18 28 240
9 50 28 39 8 26 0 0.00 M M 7.7 17 240 M M 5 128 25 240
10 52 24 38 8 27 0 0.00 M M 3.9 10 160 M M 1 128 16 150
11 49 30 40 10 25 0 0.14 M M 5.8 14 50 M M 3 18 23 70
12 49 33 41 11 24 0 1.10 M M 8.7 25 230 M M 10 18 36 230
13 38 32 35 6 30 0 T M M 6.6 12 240 M M 10 1 16 340
14 35 24 30 1 35 0 T M M 10.6 21 320 M M 9 27 320
15 30 17 24 -5 41 0 0.00 M M 3.8 10 60 M M 1 14 90
16 33 24 29 1 36 0 T M M 6.9 14 100 M M 8 8 23 80
17 31 25 28 0 37 0 0.00 M M 4.2 10 360 M M 9 16 50
18 38 27 33 5 32 0 0.00 M M 7.8 18 190 M M 5 8 24 200
19 40 32 36 8 29 0 T M M 9.2 16 180 M M 8 18 24 190
20 39 33 36 9 29 0 0.00 M M 8.9 16 200 M M 8 18 23 200
21 41 32 37 10 28 0 0.06 M M 10.2 21 270 M M 10 18 30 270
22 42 33 38 11 27 0 0.01 M M 8.4 16 290 M M 8 1 22 300
23 52 37 45 18 20 0 0.27 M M 17.9 30 180 M M 5 1 42 200
24 47 18 33 7 32 0 0.03 M M 14.0 30 250 M M 10 18 42 260
25 24 14 19 -7 46 0 0.01 M M 10.5 22 290 M M 9 1 29 290
26 28 19 24 -2 41 0 0.00 M M 8.7 20 230 M M 10 28 230
27 43 21 32 6 33 0 0.05 M M 6.5 20 260 M M 3 1 28 260
28 41 24 33 7 32 0 T M M 11.8 25 260 M M 7 8 36 270
29 31 19 25 -1 40 0 0.12 M M 5.7 17 160 M M 3 12 26 170
30 38 29 34 9 31 0 0.27 M M 13.0 23 240 M M 10 168 31 240
31 31 21 26 1 39 0 0.00 M M 4.1 16 300 M M 9 23 280
================================================================================
SM 1232 820 981 0 2.06 M 262.3 M 204
================================================================================
AV 39.7 26.5 8.5 FASTST M M 7 MAX(MPH)
MISC ----> # 30 180 # 42 200
================================================================================
NOTES:
# LAST OF SEVERAL OCCURRENCES
COLUMN 17 PEAK WIND IN M.P.H.
PRELIMINARY LOCAL CLIMATOLOGICAL DATA (WS FORM: F-6) , PAGE 2
STATION: KALAMAZOO
MONTH: DECEMBER
YEAR: 2020
LATITUDE: 42 13 N
LONGITUDE: 85 33 W
[TEMPERATURE DATA] [PRECIPITATION DATA] SYMBOLS USED IN COLUMN 16
AVERAGE MONTHLY: 33.1 TOTAL FOR MONTH: 2.06 1 = FOG OR MIST
DPTR FM NORMAL: 4.4 DPTR FM NORMAL: 0.08 2 = FOG REDUCING VISIBILITY
HIGHEST: 52 ON 23,10 GRTST 24HR 1.24 ON 11-12 TO 1/4 MILE OR LESS
LOWEST: 14 ON 25 3 = THUNDER
SNOW, ICE PELLETS, HAIL 4 = ICE PELLETS
TOTAL MONTH: M 5 = HAIL
GRTST 24HR M ON M 6 = FREEZING RAIN OR DRIZZLE
GRTST DEPTH: M ON M 7 = DUSTSTORM OR SANDSTORM:
VSBY 1/2 MILE OR LESS
8 = SMOKE OR HAZE
[NO. OF DAYS WITH] [WEATHER - DAYS WITH] 9 = BLOWING SNOW
X = TORNADO
MAX 32 OR BELOW: 6 0.01 INCH OR MORE: 10
MAX 90 OR ABOVE: 0 0.10 INCH OR MORE: 5
MIN 32 OR BELOW: 26 0.50 INCH OR MORE: 1
MIN 0 OR BELOW: 0 1.00 INCH OR MORE: 1
[HDD (BASE 65) ]
TOTAL THIS MO. 981 CLEAR (SCALE 0-3) 6
DPTR FM NORMAL -143 PTCLDY (SCALE 4-7) 11
TOTAL FM JUL 1 2181 CLOUDY (SCALE 8-10) 14
DPTR FM NORMAL -269
[CDD (BASE 65) ]
TOTAL THIS MO. 0
DPTR FM NORMAL 0 [PRESSURE DATA]
TOTAL FM JAN 1 935 HIGHEST SLP 30.59 ON 29
DPTR FM NORMAL 260 LOWEST SLP 29.45 ON 23
[REMARKS]
#FINAL-12-20#