000
CXUS54 KEWX 011010
CF6BAZ
PRELIMINARY LOCAL CLIMATOLOGICAL DATA (WS FORM: F-6)
STATION: NEW BRAUNFELS
MONTH: JUNE
YEAR: 2021
LATITUDE: 29 43 N
LONGITUDE: 98 3 W
TEMPERATURE IN F: :PCPN: SNOW: WIND :SUNSHINE: SKY :PK WND
================================================================================
1 2 3 4 5 6A 6B 7 8 9 10 11 12 13 14 15 16 17 18
12Z AVG MX 2MIN
DY MAX MIN AVG DEP HDD CDD WTR SNW DPTH SPD SPD DIR MIN PSBL S-S WX SPD DR
================================================================================
1 85 69 77 -3 0 12 0.53 M M 6.8 28 120 M M 7 13 35 130
2 87 68 78 -3 0 13 0.00 M M 6.4 25 10 M M 3 35 340
3 77 67 72 -9 0 7 0.87 M M 7.9 23 20 M M 6 13 30 10
4 84 65 75 -6 0 10 T M M 4.4 13 80 M M 7 1 16 50
5 84 69 77 -4 0 12 0.02 M M 4.7 23 130 M M 6 138 30 130
6 89 66 78 -3 0 13 0.00 M M 7.0 17 150 M M 6 1 23 140
7 91 78 85 3 0 20 T M M 11.7 23 160 M M 7 18 29 140
8 91 75 83 1 0 18 0.00 M M 11.0 20 160 M M 7 18 25 160
9 92 76 84 2 0 19 0.00 M M 9.8 17 170 M M 6 18 24 160
10 93 76 85 3 0 20 0.00 M M 10.2 17 180 M M 6 24 170
11 92 76 84 2 0 19 0.00 M M 10.7 21 180 M M 6 27 170
12 94 74 84 2 0 19 T M M 6.9 15 210 M M 4 20 220
13 96 72 84 2 0 19 0.00 M M 4.5 12 120 M M 1 1 18 130
14 98 74 86 4 0 21 0.00 M M 5.0 25 130 M M 0 3 35 130
15 98 72 85 2 0 20 0.00 M M 5.8 23 110 M M 1 3 33 110
16 95 70 83 0 0 18 0.00 M M 6.8 23 110 M M 0 30 120
17 97 73 85 2 0 20 0.00 M M 5.2 14 140 M M 1 18 160
18 93 74 84 1 0 19 0.00 M M 3.9 14 80 M M 3 18 130
19 94 68 81 -2 0 16 0.00 M M 6.0 14 170 M M 1 19 180
20 94 73 84 1 0 19 T M M 9.6 20 160 M M 4 27 160
21 94 79 87 4 0 22 0.00 M M 9.9 17 160 M M 6 18 24 170
22 91 74 83 0 0 18 0.05 M M 7.2 23 190 M M 6 13 30 200
23 96 76 86 3 0 21 0.00 M M 8.7 16 170 M M 5 1 23 190
24 97 76 87 4 0 22 0.00 0.0 0 11.5 21 150 M M 5 32 140
25 95 77 86 3 0 21 0.00 0.0 0 13.5 24 150 M M 6 32 160
26 96 75 86 3 0 21 0.00 0.0 0 13.8 22 150 M M 5 31 180
27 91 72 82 -1 0 17 1.24 M M 5.2 21 130 M M 7 123 26 140
28 90 73 82 -1 0 17 T M M 8.1 22 140 M M 4 13 26 150
29 86 73 80 -4 0 15 0.26 M M 6.6 25 150 M M 6 138 32 150
30 92 75 84 0 0 19 0.14 0.0 0 5.2 17 110 M M 7 13 21 130
================================================================================
SM 2752 2185 0 527 3.11 0.0 234.0 M 139
================================================================================
AV 91.7 72.8 7.8 FASTST M M 5 MAX(MPH)
MISC ----> 28 120 # 35 130
================================================================================
NOTES:
# LAST OF SEVERAL OCCURRENCES
COLUMN 17 PEAK WIND IN M.P.H.
PRELIMINARY LOCAL CLIMATOLOGICAL DATA (WS FORM: F-6) , PAGE 2
STATION: NEW BRAUNFELS
MONTH: JUNE
YEAR: 2021
LATITUDE: 29 43 N
LONGITUDE: 98 3 W
[TEMPERATURE DATA] [PRECIPITATION DATA] SYMBOLS USED IN COLUMN 16
AVERAGE MONTHLY: 82.3 TOTAL FOR MONTH: 3.11 1 = FOG OR MIST
DPTR FM NORMAL: -0.1 DPTR FM NORMAL: -0.33 2 = FOG REDUCING VISIBILITY
HIGHEST: 98 ON 15,14 GRTST 24HR 1.24 ON 27-27 TO 1/4 MILE OR LESS
LOWEST: 65 ON 4 3 = THUNDER
SNOW, ICE PELLETS, HAIL 4 = ICE PELLETS
TOTAL MONTH: 0.0 INCH 5 = HAIL
GRTST 24HR 0.0 6 = FREEZING RAIN OR DRIZZLE
GRTST DEPTH: 0 7 = DUSTSTORM OR SANDSTORM:
VSBY 1/2 MILE OR LESS
8 = SMOKE OR HAZE
[NO. OF DAYS WITH] [WEATHER - DAYS WITH] 9 = BLOWING SNOW
X = TORNADO
MAX 32 OR BELOW: 0 0.01 INCH OR MORE: 7
MAX 90 OR ABOVE: 23 0.10 INCH OR MORE: 5
MIN 32 OR BELOW: 0 0.50 INCH OR MORE: 3
MIN 0 OR BELOW: 0 1.00 INCH OR MORE: 1
[HDD (BASE 65) ]
TOTAL THIS MO. 0 CLEAR (SCALE 0-3) 8
DPTR FM NORMAL 0 PTCLDY (SCALE 4-7) 22
TOTAL FM JUL 1 1213 CLOUDY (SCALE 8-10) 0
DPTR FM NORMAL -234
[CDD (BASE 65) ]
TOTAL THIS MO. 527
DPTR FM NORMAL 5 [PRESSURE DATA]
TOTAL FM JAN 1 1155 HIGHEST SLP 30.06 ON 30
DPTR FM NORMAL -14 LOWEST SLP 29.68 ON 6
[REMARKS]
#FINAL-06-21#