000
CXUS55 KLBF 011410
CF6BBW
PRELIMINARY LOCAL CLIMATOLOGICAL DATA (WS FORM: F-6)
STATION: BROKEN BOW
MONTH: SEPTEMBER
YEAR: 2021
LATITUDE: 41 26 N
LONGITUDE: 99 39 W
TEMPERATURE IN F: :PCPN: SNOW: WIND :SUNSHINE: SKY :PK WND
================================================================================
1 2 3 4 5 6A 6B 7 8 9 10 11 12 13 14 15 16 17 18
12Z AVG MX 2MIN
DY MAX MIN AVG DEP HDD CDD WTR SNW DPTH SPD SPD DIR MIN PSBL S-S WX SPD DR
================================================================================
1 80 63 72 3 0 7 0.00 M M 12.7 22 130 M M 7 31 140
2 79 64 72 3 0 7 0.92 M M 10.8 32 150 M M 7 13 46 150
3 75 60 68 -1 0 3 T M M 8.1 20 350 M M 5 30 340
4 81 61 71 2 0 6 T M M 3.1 9 30 M M 3 14 90
5 84 60 72 4 0 7 0.00 M M 6.0 15 220 M M 1 22 160
6 92 53 73 5 0 8 0.00 M M 4.6 17 190 M M 0 12 23 160
7 80 50 65 -3 0 0 0.00 M M 9.2 24 360 M M 0 34 350
8 83 46 65 -2 0 0 0.00 M M 3.6 15 30 M M 1 22 20
9 79 47 63 -4 2 0 0.00 M M 4.8 15 130 M M 0 19 120
10 90 51 71 4 0 6 0.00 M M 2.6 10 150 M M 0 1 15 150
11 94 55 75 9 0 10 0.00 M M 5.2 23 270 M M 2 12 33 290
12 85 60 73 7 0 8 T M M 7.7 16 10 M M 1 25 10
13 86 55 71 5 0 6 0.00 M M 6.0 16 300 M M 4 12 22 300
14 79 50 65 0 0 0 T 0.0 M 5.3 20 340 M M 2 32 330
15 83 48 66 1 0 1 0.00 M M 10.0 23 180 M M 3 34 180
16 94 64 79 15 0 14 0.00 M M 14.7 24 170 M M 0 3 33 170
17 72 50 61 -3 4 0 0.03 M M 9.5 29 70 M M 7 44 360
18 88 50 69 5 0 4 0.00 M M 12.1 25 170 M M 0 34 180
19 92 67 80 17 0 15 0.02 M M 15.7 29 150 M M 1 3 39 170
20 73 47 60 -3 5 0 T M M 12.4 28 340 M M 5 41 330
21 71 39 55 -7 10 0 0.01 M M 7.1 17 320 M M 4 25 310
22 79 35 57 -5 8 0 0.00 M M 6.5 22 180 M M 0 27 180
23 87 40 64 3 1 0 0.00 M M 7.1 16 200 M M 0 8 25 150
24 70 41 56 -5 9 0 T M M 10.4 26 340 M M 1 39 350
25 85 38 62 2 3 0 0.00 M M 8.1 25 210 M M 0 38 230
26 97 47 72 12 0 7 0.00 M M 4.9 16 230 M M 0 20 240
27 94 46 70 10 0 5 0.00 M M 4.1 16 120 M M 0 20 120
28 92 50 71 12 0 6 0.00 M M 8.0 24 160 M M 0 35 150
29 80 56 68 9 0 3 0.57 M M 11.4 37 300 M M 3 13 47 300
30 60 51 56 -2 9 0 0.31 M M 12.6 22 300 M M 10 3 30 300
================================================================================
SM 2484 1544 51 123 1.86 0.0 244.3 M 67
================================================================================
AV 82.8 51.5 8.1 FASTST M M 2 MAX(MPH)
MISC ----> 37 300 47 300
================================================================================
NOTES:
# LAST OF SEVERAL OCCURRENCES
COLUMN 17 PEAK WIND IN M.P.H.
PRELIMINARY LOCAL CLIMATOLOGICAL DATA (WS FORM: F-6) , PAGE 2
STATION: BROKEN BOW
MONTH: SEPTEMBER
YEAR: 2021
LATITUDE: 41 26 N
LONGITUDE: 99 39 W
[TEMPERATURE DATA] [PRECIPITATION DATA] SYMBOLS USED IN COLUMN 16
AVERAGE MONTHLY: 67.1 TOTAL FOR MONTH: 1.86 1 = FOG OR MIST
DPTR FM NORMAL: 2.8 DPTR FM NORMAL: -0.35 2 = FOG REDUCING VISIBILITY
HIGHEST: 97 ON 26 GRTST 24HR 0.92 ON 2- 2 TO 1/4 MILE OR LESS
LOWEST: 35 ON 22 3 = THUNDER
SNOW, ICE PELLETS, HAIL 4 = ICE PELLETS
TOTAL MONTH: 0.0 INCH 5 = HAIL
GRTST 24HR 0.0 6 = FREEZING RAIN OR DRIZZLE
GRTST DEPTH: M ON M 7 = DUSTSTORM OR SANDSTORM:
VSBY 1/2 MILE OR LESS
8 = SMOKE OR HAZE
[NO. OF DAYS WITH] [WEATHER - DAYS WITH] 9 = BLOWING SNOW
X = TORNADO
MAX 32 OR BELOW: 0 0.01 INCH OR MORE: 6
MAX 90 OR ABOVE: 8 0.10 INCH OR MORE: 3
MIN 32 OR BELOW: 0 0.50 INCH OR MORE: 2
MIN 0 OR BELOW: 0 1.00 INCH OR MORE: 0
[HDD (BASE 65) ]
TOTAL THIS MO. 51 CLEAR (SCALE 0-3) 21
DPTR FM NORMAL -66 PTCLDY (SCALE 4-7) 8
TOTAL FM JUL 1 51 CLOUDY (SCALE 8-10) 1
DPTR FM NORMAL -78
[CDD (BASE 65) ]
TOTAL THIS MO. 123
DPTR FM NORMAL 29 [PRESSURE DATA]
TOTAL FM JAN 1 999 HIGHEST SLP 30.43 ON 21
DPTR FM NORMAL 95 LOWEST SLP 29.54 ON 20
[REMARKS]
#FINAL-09-21#