000
CXUS53 KFGF 250815
CF6BDE
PRELIMINARY LOCAL CLIMATOLOGICAL DATA (WS FORM: F-6)
STATION: BAUDETTE MN
MONTH: APRIL
YEAR: 2024
LATITUDE: 48 43 N
LONGITUDE: 94 36 W
TEMPERATURE IN F: :PCPN: SNOW: WIND :SUNSHINE: SKY :PK WND
================================================================================
1 2 3 4 5 6A 6B 7 8 9 10 11 12 13 14 15 16 17 18
12Z AVG MX 2MIN
DY MAX MIN AVG DEP HDD CDD WTR SNW DPTH SPD SPD DIR MIN PSBL S-S WX SPD DR
================================================================================
1 46 17 32 0 33 0 0.00 M M 2.7 15 310 M M 0 17 330
2 41 27 34 1 31 0 T M M 4.7 12 340 M M 7 8 16 340
3 49 28 39 6 26 0 0.00 M M 11.8 23 10 M M 0 31 350
4 49 29 39 5 26 0 0.00 M M 7.6 18 310 M M 0 22 310
5 56 27 42 8 23 0 0.00 M M 8.3 17 90 M M 0 22 80
6 61 34 48 13 17 0 0.00 M M 12.9 22 120 M M 0 31 110
7 62 37 50 15 15 0 T M M 13.7 24 80 M M 1 34 90
8 50 40 45 9 20 0 0.03 M M 7.6 15 90 M M 10 1 20 70
9 55 40 48 12 17 0 0.01 M M 5.0 9 310 M M 9 1 14 150
10 62 35 49 13 16 0 0.00 M M 5.6 18 340 M M 6 18 22 330
11 59 41 50 13 15 0 T M M 10.7 22 320 M M 6 29 320
12 56 36 46 8 19 0 0.00 M M 8.1 18 320 M M 1 29 320
13 67 36 52 14 13 0 T M M 8.1 21 180 M M 6 32 180
14 65 34 50 12 15 0 0.00 M M 10.0 23 330 M M 1 31 340
15 65 30 48 9 17 0 T M M 4.1 13 90 M M 2 17 100
16 60 39 50 11 15 0 0.06 M M 17.7 29 100 M M 8 39 110
17 48 39 44 4 21 0 0.01 M M 6.6 14 300 M M 10 18 20 90
18 41 33 37 -3 28 0 0.01 M M 11.5 22 230 M M 7 8 35 250
19 38 30 34 -7 31 0 T M M 14.9 24 310 M M 9 34 330
20 50 29 40 -1 25 0 T M M 12.7 22 300 M M 4 30 270
21 64 31 48 6 17 0 0.00 M M 7.2 18 300 M M 0 25 300
22 66 41 54 12 11 0 0.05 M M 7.8 21 340 M M 4 3 29 310
23 53 35 44 2 21 0 0.03 M M 10.3 21 320 M M 4 18 29 30
24 64 30 47 4 18 0 0.00 M M 5.4 13 160 M M 2 20 160
================================================================================
SM 1327 798 490 0 0.20 M 215.0 M 97
================================================================================
AV 55.3 33.3 9.0 FASTST M M 4 MAX(MPH)
MISC ----> 29 100 39 110
================================================================================
NOTES:
# LAST OF SEVERAL OCCURRENCES
COLUMN 17 PEAK WIND IN M.P.H.
PRELIMINARY LOCAL CLIMATOLOGICAL DATA (WS FORM: F-6) , PAGE 2
STATION: BAUDETTE MN
MONTH: APRIL
YEAR: 2024
LATITUDE: 48 43 N
LONGITUDE: 94 36 W
[TEMPERATURE DATA] [PRECIPITATION DATA] SYMBOLS USED IN COLUMN 16
AVERAGE MONTHLY: 44.3 TOTAL FOR MONTH: 0.20 1 = FOG OR MIST
DPTR FM NORMAL: 6.6 DPTR FM NORMAL: -0.54 2 = FOG REDUCING VISIBILITY
HIGHEST: 67 ON 13 GRTST 24HR 0.08 ON 22-23 TO 1/4 MILE OR LESS
LOWEST: 17 ON 1 3 = THUNDER
SNOW, ICE PELLETS, HAIL 4 = ICE PELLETS
TOTAL MONTH: M 5 = HAIL
GRTST 24HR M ON M 6 = FREEZING RAIN OR DRIZZLE
GRTST DEPTH: M ON M 7 = DUSTSTORM OR SANDSTORM:
VSBY 1/2 MILE OR LESS
8 = SMOKE OR HAZE
[NO. OF DAYS WITH] [WEATHER - DAYS WITH] 9 = BLOWING SNOW
X = TORNADO
MAX 32 OR BELOW: 0 0.01 INCH OR MORE: 7
MAX 90 OR ABOVE: 0 0.10 INCH OR MORE: 0
MIN 32 OR BELOW: 10 0.50 INCH OR MORE: 0
MIN 0 OR BELOW: 0 1.00 INCH OR MORE: 0
[HDD (BASE 65) ]
TOTAL THIS MO. 490 CLEAR (SCALE 0-3) 11
DPTR FM NORMAL -165 PTCLDY (SCALE 4-7) 9
TOTAL FM JUL 1 7024 CLOUDY (SCALE 8-10) 4
DPTR FM NORMAL -2205
[CDD (BASE 65) ]
TOTAL THIS MO. 0
DPTR FM NORMAL 0 [PRESSURE DATA]
TOTAL FM JAN 1 0 HIGHEST SLP M ON M
DPTR FM NORMAL 0 LOWEST SLP 29.50 ON 22
[REMARKS]