000
CXUS53 KIWX 010910
CF6BEH
PRELIMINARY LOCAL CLIMATOLOGICAL DATA (WS FORM: F-6)
STATION: BENTON HARBOR
MONTH: DECEMBER
YEAR: 2022
LATITUDE: 42 7 N
LONGITUDE: 86 26 W
TEMPERATURE IN F: :PCPN: SNOW: WIND :SUNSHINE: SKY :PK WND
================================================================================
1 2 3 4 5 6A 6B 7 8 9 10 11 12 13 14 15 16 17 18
12Z AVG MX 2MIN
DY MAX MIN AVG DEP HDD CDD WTR SNW DPTH SPD SPD DIR MIN PSBL S-S WX SPD DR
================================================================================
1 36 28 32 -4 33 0 0.00 M M 10.8 22 280 M M 7 32 300
2 54 35 45 9 20 0 T M M 13.9 23 200 M M 10 36 200
3 51 27 39 3 26 0 0.04 M M 16.0 33 280 M M 6 1 46 280
4 39 20 30 -5 35 0 0.00 M M 10.6 23 230 M M 0 32 250
5 43 29 36 1 29 0 0.00 M M 7.7 14 180 M M 5 21 180
6 47 37 42 7 23 0 0.00 M M 3.3 12 130 M M 10 8 14 130
7 47 39 43 9 22 0 0.00 M M 3.2 12 260 M M 10 18 17 280
8 40 30 35 1 30 0 0.00 M M 4.3 10 70 M M 7 15 80
9 34 29 32 -2 33 0 0.20 M M 11.5 18 90 M M 7 128 29 80
10 36 33 35 1 30 0 0.01 M M 7.6 16 100 M M 10 18 20 100
11 42 35 39 6 26 0 0.01 M M 3.4 13 280 M M 10 12 18 280
12 40 34 37 4 28 0 0.00 M M 5.8 15 110 M M 10 1 23 110
13 37 34 36 3 29 0 0.00 M M 13.8 23 110 M M 6 32 120
14 43 35 39 7 26 0 0.04 M M 18.4 30 100 M M 9 18 43 100
15 41 32 37 5 28 0 0.36 M M 10.8 29 110 M M 10 1 42 100
16 33 27 30 -2 35 0 0.04 M M 13.4 25 240 M M 10 18 35 230
17 30 25 28 -4 37 0 0.01 M M 17.1 28 260 M M 10 18 37 240
18 28 23 26 -6 39 0 T M M 16.0 23 260 M M 10 18 34 250
19 27 24 26 -5 39 0 0.00 M M 6.7 16 270 M M 10 23 270
20 34 22 28 -3 37 0 0.00 M M 6.2 13 250 M M 9 18 17 120
21 32 26 29 -2 36 0 0.00 M M 5.8 14 120 M M 8 8 18 120
22 35 11 23 -8 42 0 0.21 M M 9.8 23 280 M M 10 128 38 310
23 12 2 7 -23 58 0 0.03 M M 27.8 37 260 M M 10 2 58 270
24 18 2 10 -20 55 0 T M M 24.7 41 260 M M 7 128 57 270
25 21 15 18 -12 47 0 T M M 16.1 28 270 M M 10 8 37 280
26 23 15 19 -11 46 0 T M M 5.9 12 180 M M 10 8 16 180
27 28 16 22 -8 43 0 0.00 M M 11.1 20 180 M M 5 18 31 180
28 46 27 37 8 28 0 0.00 M M 13.7 25 170 M M 0 41 160
29 56 43 50 21 15 0 0.00 M M 13.1 22 190 M M 6 33 200
30 57 38 48 19 17 0 0.02 M M 7.7 17 250 M M 9 18 29 180
31 39 34 37 8 28 0 0.00 M M 2.4 9 250 M M 10 1 14 270
================================================================================
SM 1149 827 1020 0 0.97 M 338.6 M 251
================================================================================
AV 37.1 26.7 10.9 FASTST M M 8 MAX(MPH)
MISC ----> 41 260 58 270
================================================================================
NOTES:
# LAST OF SEVERAL OCCURRENCES
COLUMN 17 PEAK WIND IN M.P.H.
PRELIMINARY LOCAL CLIMATOLOGICAL DATA (WS FORM: F-6) , PAGE 2
STATION: BENTON HARBOR
MONTH: DECEMBER
YEAR: 2022
LATITUDE: 42 7 N
LONGITUDE: 86 26 W
[TEMPERATURE DATA] [PRECIPITATION DATA] SYMBOLS USED IN COLUMN 16
AVERAGE MONTHLY: 31.9 TOTAL FOR MONTH: 0.97 1 = FOG OR MIST
DPTR FM NORMAL: -0.3 DPTR FM NORMAL: -1.05 2 = FOG REDUCING VISIBILITY
HIGHEST: 57 ON 30 GRTST 24HR 0.39 ON 14-15 TO 1/4 MILE OR LESS
LOWEST: 2 ON 24,23 3 = THUNDER
SNOW, ICE PELLETS, HAIL 4 = ICE PELLETS
TOTAL MONTH: M 5 = HAIL
GRTST 24HR M ON M 6 = FREEZING RAIN OR DRIZZLE
GRTST DEPTH: M ON M 7 = DUSTSTORM OR SANDSTORM:
VSBY 1/2 MILE OR LESS
8 = SMOKE OR HAZE
[NO. OF DAYS WITH] [WEATHER - DAYS WITH] 9 = BLOWING SNOW
X = TORNADO
MAX 32 OR BELOW: 9 0.01 INCH OR MORE: 11
MAX 90 OR ABOVE: 0 0.10 INCH OR MORE: 3
MIN 32 OR BELOW: 20 0.50 INCH OR MORE: 0
MIN 0 OR BELOW: 0 1.00 INCH OR MORE: 0
[HDD (BASE 65) ]
TOTAL THIS MO. 1020 CLEAR (SCALE 0-3) 2
DPTR FM NORMAL 3 PTCLDY (SCALE 4-7) 9
TOTAL FM JUL 1 2169 CLOUDY (SCALE 8-10) 20
DPTR FM NORMAL -96
[CDD (BASE 65) ]
TOTAL THIS MO. 0
DPTR FM NORMAL 0 [PRESSURE DATA]
TOTAL FM JAN 1 761 HIGHEST SLP 30.51 ON 1
DPTR FM NORMAL 106 LOWEST SLP 29.38 ON 15
[REMARKS]
#FINAL-12-22#