000
CXAK56 PAFC 011734
CF6BET
PRELIMINARY LOCAL CLIMATOLOGICAL DATA (WS FORM: F-6)
STATION: BETHEL
MONTH: DECEMBER
YEAR: 2020
LATITUDE: 60 46 N
LONGITUDE: 161 48 W
TEMPERATURE IN F: :PCPN: SNOW: WIND :SUNSHINE: SKY :PK WND
================================================================================
1 2 3 4 5 6A 6B 7 8 9 10 11 12 13 14 15 16 17 18
12Z AVG MX 2MIN
DY MAX MIN AVG DEP HDD CDD WTR SNW DPTH SPD SPD DIR MIN PSBL S-S WX SPD DR
================================================================================
1 15 10 13 0 52 0 0.11 M M 15.7 22 320 M M 10 1 27 320
2 16 5 11 -2 54 0 T M M 10.9 16 310 M M 3 1 21 310
3 13 -2 6 -7 59 0 0.00 M M 7.0 12 160 M M 5 1 13 270
4 13 -3 5 -8 60 0 0.00 M M 5.9 12 10 M M 7 12 15 10
5 5 -5 0 -13 65 0 T M M 20.0 31 20 M M 1 1 39 10
6 9 3 6 -6 59 0 T M M 30.3 38 10 M M 4 1 47 10
7 14 9 12 0 53 0 0.24 M M 26.1 36 20 M M 10 19 43 30
8 13 5 9 -3 56 0 0.02 M M 18.8 25 20 M M 9 19 32 30
9 8 -7 1 -11 64 0 T M M 9.0 17 320 M M 6 18 22 330
10 8 -1 4 -8 61 0 T M M 14.6 26 30 M M 5 33 30
11 9 1 5 -6 60 0 T M M 21.3 31 40 M M 1 37 30
12 30 8 19 8 46 0 T M M 19.6 29 40 M M 4 8 34 40
13 19 11 15 4 50 0 T M M 20.9 29 40 M M 10 1 35 30
14 25 13 19 8 46 0 0.09 M M 14.8 26 40 M M 10 18 33 30
15 26 10 18 7 47 0 0.16 M M 5.7 13 140 M M 9 1 16 140
16 20 4 12 2 53 0 T M M 10.4 23 30 M M 10 12 27 30
17 4 -2 1 -9 64 0 T M M 18.1 28 20 M M 4 32 30
18 1 -7 -3 -13 68 0 0.00 M M 17.1 22 30 M M 10 1 26 30
19 -4 -8 -6 -16 71 0 0.00 M M 15.8 21 10 M M 2 24 10
20 0 -10 -5 -15 70 0 0.01 M M 5.4 17 360 M M 6 22 10
21 38 -5 17 8 48 0 T M M 14.3 21 110 M M 9 27 120
22 38 27 33 24 32 0 0.14 M M 13.6 24 160 M M 8 1 30 150
23 34 19 27 18 38 0 T M M 13.9 37 180 M M 5 12 46 180
24 32 7 20 11 45 0 T M M 12.0 32 180 M M 8 12 36 190
25 23 15 19 11 46 0 0.06 M M 14.4 23 340 M M 10 1 28 340
26 21 13 17 9 48 0 0.01 M M 5.6 12 50 M M 8 18 14 50
27 37 16 27 19 38 0 0.01 M M 16.0 30 120 M M 8 18 36 130
28 37 25 31 23 34 0 T M M 12.3 22 140 M M 6 26 140
29 37 22 30 22 35 0 0.00 M M 8.9 14 60 M M 8 18 80
30 28 12 20 12 45 0 0.00 M M 5.8 16 20 M M 6 12 19 20
31 26 18 22 15 43 0 0.00 M M 5.9 14 90 M M 6 12 17 90
================================================================================
SM 595 203 1610 0 0.85 M 430.1 M 208
================================================================================
AV 19.2 6.5 13.9 FASTST M M 7 MAX(MPH)
MISC ----> 38 10 47 10
================================================================================
NOTES:
# LAST OF SEVERAL OCCURRENCES
COLUMN 17 PEAK WIND IN M.P.H.
PRELIMINARY LOCAL CLIMATOLOGICAL DATA (WS FORM: F-6) , PAGE 2
STATION: BETHEL
MONTH: DECEMBER
YEAR: 2020
LATITUDE: 60 46 N
LONGITUDE: 161 48 W
[TEMPERATURE DATA] [PRECIPITATION DATA] SYMBOLS USED IN COLUMN 16
AVERAGE MONTHLY: 12.9 TOTAL FOR MONTH: 0.85 1 = FOG OR MIST
DPTR FM NORMAL: 2.5 DPTR FM NORMAL: -0.27 2 = FOG REDUCING VISIBILITY
HIGHEST: 38 ON 22,21 GRTST 24HR 0.25 ON 7- 8 TO 1/4 MILE OR LESS
LOWEST: -10 ON 20 3 = THUNDER
SNOW, ICE PELLETS, HAIL 4 = ICE PELLETS
TOTAL MONTH: M 5 = HAIL
GRTST 24HR M ON M 6 = FREEZING RAIN OR DRIZZLE
GRTST DEPTH: M ON M 7 = DUSTSTORM OR SANDSTORM:
VSBY 1/2 MILE OR LESS
8 = SMOKE OR HAZE
[NO. OF DAYS WITH] [WEATHER - DAYS WITH] 9 = BLOWING SNOW
X = TORNADO
MAX 32 OR BELOW: 25 0.01 INCH OR MORE: 10
MAX 90 OR ABOVE: 0 0.10 INCH OR MORE: 4
MIN 32 OR BELOW: 31 0.50 INCH OR MORE: 0
MIN 0 OR BELOW: 10 1.00 INCH OR MORE: 0
[HDD (BASE 65) ]
TOTAL THIS MO. 1610 CLEAR (SCALE 0-3) 4
DPTR FM NORMAL -84 PTCLDY (SCALE 4-7) 15
TOTAL FM JUL 1 4839 CLOUDY (SCALE 8-10) 12
DPTR FM NORMAL -578
[CDD (BASE 65) ]
TOTAL THIS MO. 0
DPTR FM NORMAL 0 [PRESSURE DATA]
TOTAL FM JAN 1 3 HIGHEST SLP 30.33 ON 10
DPTR FM NORMAL -1 LOWEST SLP 28.51 ON 22
[REMARKS]
#FINAL-12-20#