377
CXAK56 PAFC 050327
CF6BET
PRELIMINARY LOCAL CLIMATOLOGICAL DATA (WS FORM: F-6)
STATION: BETHEL
MONTH: MAY
YEAR: 2020
LATITUDE: 60 46 N
LONGITUDE: 161 48 W
TEMPERATURE IN F: :PCPN: SNOW: WIND :SUNSHINE: SKY :PK WND
================================================================================
1 2 3 4 5 6A 6B 7 8 9 10 11 12 13 14 15 16 17 18
12Z AVG MX 2MIN
DY MAX MIN AVG DEP HDD CDD WTR SNW DPTH SPD SPD DIR MIN PSBL S-S WX SPD DR
================================================================================
1 46 27 37 1 28 0 T M M 8.9 16 170 M M 7 12 19 190
2 56 29 43 7 22 0 0.00 M M 10.2 20 10 M M 6 25 10
3 53 29 41 5 24 0 0.00 M M 14.3 24 10 M M 0 33 20
4 57 28 43 6 22 0 T M M 6.4 14 60 M M 7 17 70
5 57 32 45 7 20 0 0.03 M M 5.4 12 60 M M 7 12 13 80
6 61 34 48 10 17 0 0.00 M M 8.2 14 330 M M 4 18 330
7 66 34 50 12 15 0 0.00 M M 8.4 21 90 M M 3 25 100
8 57 43 50 11 15 0 T M M 8.6 18 140 M M 6 23 140
9 63 36 50 11 15 0 0.00 M M 10.5 20 240 M M 3 27 140
10 53 41 47 7 18 0 0.01 M M 6.9 16 220 M M 8 1 19 220
11 55 34 45 5 20 0 0.57 M M 10.4 20 330 M M 7 12 26 310
12 48 39 44 4 21 0 0.23 M M 11.6 22 250 M M 10 1 28 240
13 58 39 49 8 16 0 T M M 6.0 12 160 M M 7 14 340
14 64 40 52 11 13 0 T M M 6.9 13 350 M M 4 19 330
15 58 40 49 7 16 0 0.02 M M 6.0 12 330 M M 9 14 190
16 65 45 55 13 10 0 T M M 7.4 15 220 M M 3 1 18 170
17 67 41 54 12 11 0 T M M 8.4 20 60 M M 7 12 23 60
18 61 42 52 9 13 0 T M M 8.7 18 160 M M 4 23 110
19 60 42 51 8 14 0 0.00 M M 8.9 18 190 M M 6 12 23 190
20 48 42 45 1 20 0 0.04 M M 10.1 17 190 M M 10 22 200
21 56 43 50 6 15 0 0.03 M M 9.6 17 150 M M 10 22 140
22 60 38 49 5 16 0 0.01 M M 6.6 17 160 M M 5 1 22 150
23 61 42 52 7 13 0 0.05 M M 8.8 24 90 M M 5 34 90
24 55 36 46 1 19 0 0.03 M M 9.6 24 190 M M 6 1 31 190
25 57 36 47 2 18 0 T M M 7.9 17 180 M M 7 8 26 200
26 53 37 45 -1 20 0 T M M 13.7 26 160 M M 8 34 170
27 55 42 49 3 16 0 0.12 M M 7.9 16 180 M M 8 1 20 190
28 61 38 50 4 15 0 0.00 M M 8.0 15 330 M M 0 20 10
29 70 43 57 10 8 0 0.00 M M 10.9 24 20 M M 3 30 30
30 76 46 61 14 4 0 0.00 M M 5.9 14 220 M M 1 17 230
31 68 42 55 7 10 0 0.02 M M 8.6 24 150 M M 6 12 28 150
================================================================================
SM 1825 1180 504 0 1.16 M 269.7 M 177
================================================================================
AV 58.9 38.1 8.7 FASTST M M 6 MAX(MPH)
MISC ----> 26 160 # 34 90
================================================================================
NOTES:
# LAST OF SEVERAL OCCURRENCES
COLUMN 17 PEAK WIND IN M.P.H.
PRELIMINARY LOCAL CLIMATOLOGICAL DATA (WS FORM: F-6) , PAGE 2
STATION: BETHEL
MONTH: MAY
YEAR: 2020
LATITUDE: 60 46 N
LONGITUDE: 161 48 W
[TEMPERATURE DATA] [PRECIPITATION DATA] SYMBOLS USED IN COLUMN 16
AVERAGE MONTHLY: 48.5 TOTAL FOR MONTH: 1.16 1 = FOG OR MIST
DPTR FM NORMAL: 6.6 DPTR FM NORMAL: 0.02 2 = FOG REDUCING VISIBILITY
HIGHEST: 76 ON 30 GRTST 24HR 0.79 ON 11-12 TO 1/4 MILE OR LESS
LOWEST: 27 ON 1 3 = THUNDER
SNOW, ICE PELLETS, HAIL 4 = ICE PELLETS
TOTAL MONTH: 0.0 INCH 5 = HAIL
GRTST 24HR M ON M 6 = FREEZING RAIN OR DRIZZLE
GRTST DEPTH: 0 7 = DUSTSTORM OR SANDSTORM:
VSBY 1/2 MILE OR LESS
8 = SMOKE OR HAZE
[NO. OF DAYS WITH] [WEATHER - DAYS WITH] 9 = BLOWING SNOW
X = TORNADO
MAX 32 OR BELOW: 0 0.01 INCH OR MORE: 12
MAX 90 OR ABOVE: 0 0.10 INCH OR MORE: 3
MIN 32 OR BELOW: 5 0.50 INCH OR MORE: 1
MIN 0 OR BELOW: 0 1.00 INCH OR MORE: 0
[HDD (BASE 65) ]
TOTAL THIS MO. 504 CLEAR (SCALE 0-3) 5
DPTR FM NORMAL -212 PTCLDY (SCALE 4-7) 21
TOTAL FM JUL 1 11774 CLOUDY (SCALE 8-10) 5
DPTR FM NORMAL -367
[CDD (BASE 65) ]
TOTAL THIS MO. 0
DPTR FM NORMAL 0 [PRESSURE DATA]
TOTAL FM JAN 1 0 HIGHEST SLP M ON M
DPTR FM NORMAL 0 LOWEST SLP 29.38 ON 23
[REMARKS]
#FINAL-05-20#