000
CXUS46 KHNX 051443
CLMBFL
CLIMATE REPORT
NATIONAL WEATHER SERVICE
743 AM PDT THU OCT 05 2023
...................................
...THE BAKERSFIELD CA CLIMATE SUMMARY FOR THE MONTH OF SEPTEMBER 2023...
CLIMATE NORMAL PERIOD 1991 TO 2020
CLIMATE RECORD PERIOD 1889 TO 2023
WEATHER OBSERVED NORMAL DEPART LAST YEAR`S
VALUE DATE(S) VALUE FROM VALUE DATE(S)
NORMAL
................................................................
TEMPERATURE (F)
RECORD
HIGH 115 09/06/2022
09/06/2022
LOW 30 09/27/1908
HIGHEST 98 09/08 MM MM 115 09/06
LOWEST 57 09/25 MM MM 59 09/18
MEAN 76.9 78.2 -1.3
DAYS MAX >= 90 12 19.4 -7.4 19
DAYS MIN <= 32 0 0.0 0.0 0
PRECIPITATION (INCHES)
RECORD
MAXIMUM 1.15 1908
MINIMUM 0.00 2022
TOTALS T 0.05 -0.05
DAYS >= .01 0 0.6 -0.6 0
DAYS >= .10 0 0.1 -0.1 0
DAYS >= .50 0 0.0 0.0 0
DAYS >= 1.00 0 0.0 0.0 0
GREATEST
24 HR. TOTAL T 09/10 TO 09/10
09/23 TO 09/23
09/30 TO 09/30
SNOWFALL (INCHES)
RECORDS
TOTAL 0.0
TOTALS 0.0 0.0
DEGREE DAYS
HEATING TOTAL 0 1 -1 0
SINCE 7/1 0 0 0 MM
COOLING TOTAL 364 397 -33 531
SINCE 1/1 2299 2286 13 MM
................................................................
WIND (MPH)
AVERAGE WIND SPEED 5.5
HIGHEST WIND SPEED/DIRECTION 21/320 DATE 09/02
HIGHEST GUST SPEED/DIRECTION 27/330 DATE 09/02
AVERAGE RH (PERCENT) 48
WEATHER CONDITIONS. NUMBER OF DAYS WITH
THUNDERSTORM 0 RAIN 0
HAIL 0 FOG 0
FOG W/VIS <= 1/4 MILE 0 HAZE 30
- INDICATES NEGATIVE NUMBERS.
R INDICATES RECORD WAS SET OR TIED.
MM INDICATES DATA IS MISSING.
T INDICATES TRACE AMOUNT.
$$