000
CXUS54 KAMA 010810
CF6BGD
PRELIMINARY LOCAL CLIMATOLOGICAL DATA (WS FORM: F-6)
STATION: BORGER
MONTH: DECEMBER
YEAR: 2022
LATITUDE: 35 42 N
LONGITUDE: 101 24 W
TEMPERATURE IN F: :PCPN: SNOW: WIND :SUNSHINE: SKY :PK WND
================================================================================
1 2 3 4 5 6A 6B 7 8 9 10 11 12 13 14 15 16 17 18
12Z AVG MX 2MIN
DY MAX MIN AVG DEP HDD CDD WTR SNW DPTH SPD SPD DIR MIN PSBL S-S WX SPD DR
================================================================================
1 58 30 44 0 21 0 0.00 M M 15.0 29 180 M M 0 45 160
2 76 39 58 15 7 0 0.00 M M 18.5 40 220 M M 1 8 60 210
3 49 28 39 -4 26 0 0.00 M M 6.8 21 360 M M 0 27 360
4 59 44 52 9 13 0 0.00 M M 7.4 18 180 M M 1 28 180
5 76 43 60 18 5 0 0.00 M M 8.6 16 40 M M 0 22 40
6 60 29 45 3 20 0 0.00 M M 4.6 13 40 M M 0 17 40
7 56 40 48 6 17 0 0.00 M M 5.8 20 150 M M 3 27 140
8 67 40 54 13 11 0 0.00 M M 10.3 26 230 M M 1 8 38 240
9 55 30 43 2 22 0 T M M 6.8 21 140 M M 3 28 130
10 57 37 47 6 18 0 0.00 M M 8.5 20 20 M M 0 29 30
11 68 29 49 8 16 0 0.00 M M 9.7 21 150 M M 0 30 170
12 60 48 54 14 11 0 T M M 15.0 25 140 M M 8 13 41 110
13 55 29 42 2 23 0 0.00 M M 14.7 26 210 M M 0 39 220
14 45 20 33 -7 32 0 0.00 M M 4.7 13 250 M M 1 21 300
15 46 21 34 -6 31 0 0.00 M M 6.2 14 320 M M 3 20 320
16 42 25 34 -6 31 0 T M M 8.0 22 250 M M 5 8 31 260
17 47 15 31 -9 34 0 0.00 M M 3.3 12 140 M M 0 17 150
18 51 22 37 -3 28 0 0.05 M M 11.4 31 150 M M 2 54 150
19 53 30 42 3 23 0 0.00 M M 9.6 22 140 M M 0 34 140
20 48 20 34 -5 31 0 0.00 M M 6.4 18 140 M M 4 1 25 140
21 60 14 37 -2 28 0 T M M 12.5 37 340 M M 3 189 55 350
22 14 0 7 -32 58 0 T M M 19.4 32 360 M M 6 8 49 350
23 25 3 14 -25 51 0 0.00 M M 5.5 14 330 M M 0 19 320
24 43 13 28 -11 37 0 0.00 M M 7.5 18 220 M M 0 25 200
25 61 22 42 3 23 0 0.00 M M 9.2 23 200 M M 0 33 200
26 54 30 42 3 23 0 0.00 M M 8.9 21 340 M M 2 28 310
27 72 37 55 16 10 0 0.00 M M 17.0 28 190 M M 0 47 210
28 67 56 62 23 3 0 0.00 M M 23.8 43 220 M M 0 63 220
29 57 37 47 8 18 0 0.00 M M 15.0 37 220 M M 0 49 210
30 62 25 44 5 21 0 0.00 M M 8.9 22 190 M M 2 8 37 180
31 68 36 52 13 13 0 0.00 M M 7.7 17 200 M M 0 8 26 210
================================================================================
SM 1711 892 705 0 0.05 M 316.7 M 45
================================================================================
AV 55.2 28.8 10.2 FASTST M M 1 MAX(MPH)
MISC ----> 43 220 63 220
================================================================================
NOTES:
# LAST OF SEVERAL OCCURRENCES
COLUMN 17 PEAK WIND IN M.P.H.
PRELIMINARY LOCAL CLIMATOLOGICAL DATA (WS FORM: F-6) , PAGE 2
STATION: BORGER
MONTH: DECEMBER
YEAR: 2022
LATITUDE: 35 42 N
LONGITUDE: 101 24 W
[TEMPERATURE DATA] [PRECIPITATION DATA] SYMBOLS USED IN COLUMN 16
AVERAGE MONTHLY: 42.0 TOTAL FOR MONTH: 0.05 1 = FOG OR MIST
DPTR FM NORMAL: 1.7 DPTR FM NORMAL: -0.66 2 = FOG REDUCING VISIBILITY
HIGHEST: 76 ON 5, 2 GRTST 24HR 0.05 ON 18-18 TO 1/4 MILE OR LESS
LOWEST: 0 ON 22 3 = THUNDER
SNOW, ICE PELLETS, HAIL 4 = ICE PELLETS
TOTAL MONTH: M 5 = HAIL
GRTST 24HR M ON M 6 = FREEZING RAIN OR DRIZZLE
GRTST DEPTH: M ON M 7 = DUSTSTORM OR SANDSTORM:
VSBY 1/2 MILE OR LESS
8 = SMOKE OR HAZE
[NO. OF DAYS WITH] [WEATHER - DAYS WITH] 9 = BLOWING SNOW
X = TORNADO
MAX 32 OR BELOW: 2 0.01 INCH OR MORE: 1
MAX 90 OR ABOVE: 0 0.10 INCH OR MORE: 0
MIN 32 OR BELOW: 20 0.50 INCH OR MORE: 0
MIN 0 OR BELOW: 1 1.00 INCH OR MORE: 0
[HDD (BASE 65) ]
TOTAL THIS MO. 705 CLEAR (SCALE 0-3) 26
DPTR FM NORMAL -61 PTCLDY (SCALE 4-7) 5
TOTAL FM JUL 1 1395 CLOUDY (SCALE 8-10) 0
DPTR FM NORMAL -47
[CDD (BASE 65) ]
TOTAL THIS MO. 0
DPTR FM NORMAL 0 [PRESSURE DATA]
TOTAL FM JAN 1 2619 HIGHEST SLP M ON M
DPTR FM NORMAL 570 LOWEST SLP 29.33 ON 28
[REMARKS]
#FINAL-12-22#