000
CXUS51 KCAR 010600
CF6BGR
PRELIMINARY LOCAL CLIMATOLOGICAL DATA (WS FORM: F-6)
STATION: BANGOR ME
MONTH: JUNE
YEAR: 2021
LATITUDE: 44 47 N
LONGITUDE: 68 49 W
TEMPERATURE IN F: :PCPN: SNOW: WIND :SUNSHINE: SKY :PK WND
================================================================================
1 2 3 4 5 6A 6B 7 8 9 10 11 12 13 14 15 16 17 18
12Z AVG MX 2MIN
DY MAX MIN AVG DEP HDD CDD WTR SNW DPTH SPD SPD DIR MIN PSBL S-S WX SPD DR
================================================================================
1 74 46 60 1 5 0 0.01 0.0 0 5.9 18 240 M M 5 27 270
2 81 48 65 5 0 0 0.00 0.0 0 5.3 17 180 M M 4 22 170
3 73 53 63 3 2 0 0.08 0.0 0 10.2 22 170 M M 8 1 30 190
4 79 59 69 9 0 4 0.02 0.0 0 5.6 13 230 M M 7 1 19 210
5 85 56 71 10 0 6 T 0.0 0 7.2 15 180 M M 6 21 240
6 87 67 77 16 0 12 T 0.0 0 6.4 16 180 M M 5 20 170
7 93 63 78 17 0 13 0.00 0.0 0 6.9 16 210 M M 3 24 210
8 90 66 78 16 0 13 0.00 0.0 0 7.4 15 250 M M 7 20 220
9 85 66 76 14 0 11 T 0.0 0 9.6 22 340 M M 7 28 340
10 70 46 58 -4 7 0 0.00 0.0 0 7.8 21 360 M M 6 26 350
11 62 42 52 -10 13 0 0.00 0.0 0 8.1 16 190 M M 7 21 180
12 77 46 62 -1 3 0 0.00 0.0 0 4.6 17 190 M M 4 1 22 200
13 84 45 65 2 0 0 0.00 0.0 0 3.4 14 180 M M 6 1 17 170
14 73 53 63 0 2 0 0.02 0.0 0 10.8 25 170 M M 7 36 180
15 71 59 65 1 0 0 0.07 0.0 0 6.5 14 170 M M 9 1 17 200
16 73 54 64 0 1 0 0.00 0.0 0 9.2 22 320 M M 6 1 28 320
17 74 48 61 -3 4 0 0.00 0.0 0 6.7 17 240 M M 3 28 290
18 80 46 63 -1 2 0 0.00 0.0 0 7.9 22 170 M M 3 27 180
19 78 58 68 3 0 3 0.17 0.0 0 8.4 17 240 M M 7 13 23 250
20 85 56 71 6 0 6 0.00 0.0 0 6.2 16 310 M M 3 28 270
21 85 57 71 6 0 6 0.00 0.0 0 10.9 25 180 M M 5 1 33 180
22 82 56 69 3 0 4 0.39 0.0 0 8.3 15 340 M M 10 12 20 300
23 72 47 60 -6 5 0 0.00 0.0 0 8.7 23 320 M M 5 30 330
24 76 43 60 -6 5 0 0.00 0.0 0 8.4 22 170 M M 1 1 29 170
25 65 47 56 -10 9 0 0.03 0.0 0 5.0 12 170 M M 9 1 15 170
26 76 61 69 2 0 4 T 0.0 0 11.1 18 170 M M 10 1 23 170
27 86 67 77 10 0 12 0.00 0.0 0 11.7 20 170 M M 7 25 170
28 95 71 83 16 0 18 0.17 0.0 0 6.7 17 360 M M 6 13 23 350
29 93 72 83 16 0 18 T 0.0 0 6.0 17 320 M M 5 12 23 330
30 91 69 80 12 0 15 0.01 0.0 0 7.3 18 230 M M 7 3 25 220
================================================================================
SM 2395 1667 58 145 0.97 0.0 228.2 M 178
================================================================================
AV 79.8 55.6 7.6 FASTST M M 6 MAX(MPH)
MISC ----> # 25 170 36 180
================================================================================
NOTES:
# LAST OF SEVERAL OCCURRENCES
COLUMN 17 PEAK WIND IN M.P.H.
PRELIMINARY LOCAL CLIMATOLOGICAL DATA (WS FORM: F-6) , PAGE 2
STATION: BANGOR ME
MONTH: JUNE
YEAR: 2021
LATITUDE: 44 47 N
LONGITUDE: 68 49 W
[TEMPERATURE DATA] [PRECIPITATION DATA] SYMBOLS USED IN COLUMN 16
AVERAGE MONTHLY: 67.7 TOTAL FOR MONTH: 0.97 1 = FOG OR MIST
DPTR FM NORMAL: 4.1 DPTR FM NORMAL: -2.90 2 = FOG REDUCING VISIBILITY
HIGHEST: 95 ON 28 GRTST 24HR 0.39 ON 22-22 TO 1/4 MILE OR LESS
LOWEST: 42 ON 11 3 = THUNDER
SNOW, ICE PELLETS, HAIL 4 = ICE PELLETS
TOTAL MONTH: 0.0 INCH 5 = HAIL
GRTST 24HR 0.0 6 = FREEZING RAIN OR DRIZZLE
GRTST DEPTH: 0 7 = DUSTSTORM OR SANDSTORM:
VSBY 1/2 MILE OR LESS
8 = SMOKE OR HAZE
[NO. OF DAYS WITH] [WEATHER - DAYS WITH] 9 = BLOWING SNOW
X = TORNADO
MAX 32 OR BELOW: 0 0.01 INCH OR MORE: 10
MAX 90 OR ABOVE: 5 0.10 INCH OR MORE: 3
MIN 32 OR BELOW: 0 0.50 INCH OR MORE: 0
MIN 0 OR BELOW: 0 1.00 INCH OR MORE: 0
[HDD (BASE 65) ]
TOTAL THIS MO. 58 CLEAR (SCALE 0-3) 2
DPTR FM NORMAL -40 PTCLDY (SCALE 4-7) 23
TOTAL FM JUL 1 6858 CLOUDY (SCALE 8-10) 5
DPTR FM NORMAL -766
[CDD (BASE 65) ]
TOTAL THIS MO. 145
DPTR FM NORMAL 87 [PRESSURE DATA]
TOTAL FM JAN 1 152 HIGHEST SLP M ON M
DPTR FM NORMAL 87 LOWEST SLP 29.53 ON 22
[REMARKS]
#FINAL-06-21#