000
CXUS55 KVEF 070555
CF6BIH
PRELIMINARY LOCAL CLIMATOLOGICAL DATA (WS FORM: F-6)
STATION: BISHOP CA
MONTH: JANUARY
YEAR: 2024
LATITUDE: 37 22 N
LONGITUDE: 118 22 W
TEMPERATURE IN F: :PCPN: SNOW: WIND :SUNSHINE: SKY :PK WND
================================================================================
1 2 3 4 5 6A 6B 7 8 9 10 11 12 13 14 15 16 17 18
12Z AVG MX 2MIN
DY MAX MIN AVG DEP HDD CDD WTR SNW DPTH SPD SPD DIR MIN PSBL S-S WX SPD DR
================================================================================
1 55 20 38 0 27 0 0.00 0.0 0 4.3 10 310 M M 0 12 340
2 51 19 35 -4 30 0 0.00 0.0 0 4.5 10 360 M M 0 13 350
3 50 28 39 0 26 0 T T 0 11.5 25 350 M M 6 36 360
4 53 27 40 1 25 0 0.00 0.0 0 15.2 26 360 M M 1 38 10
5 55 27 41 2 24 0 0.00 0.0 0 10.6 24 360 M M 1 32 350
6 50 17 34 -5 31 0 T M M 8.7 36 350 M M 3 53 350
7 43 23 33 -6 32 0 0.00 0.0 0 15.6 30 340 M M 1 39 330
8 54 22 38 -1 27 0 0.00 0.0 0 9.2 22 310 M M 2 30 310
9 53 15 34 -5 31 0 0.00 0.0 0 5.7 13 160 M M 0 16 160
10 56 17 37 -3 28 0 0.00 0.0 0 11.8 32 360 M M 2 45 350
11 47 19 33 -7 32 0 0.00 0.0 0 11.1 39 340 M M 2 60 340
12 43 17 30 -10 35 0 0.00 0.0 0 2.7 8 270 M M 3 10 260
13 54 25 40 0 25 0 0.00 0.0 0 3.2 15 20 M M 5 17 20
14 67 29 48 8 17 0 0.00 0.0 0 11.0 31 340 M M 0 41 330
15 60 25 43 3 22 0 0.00 0.0 0 4.8 9 170 M M 0 13 180
16 57 20 39 -1 26 0 0.00 0.0 0 5.2 13 160 M M 2 16 160
17 67 27 47 7 18 0 0.00 0.0 0 6.1 22 340 M M 2 30 360
18 57 22 40 0 25 0 0.00 0.0 0 4.7 12 150 M M 0 15 130
19 60 29 45 5 20 0 0.00 0.0 0 8.9 23 170 M M 0 33 180
20 60 31 46 6 19 0 0.00 0.0 0 8.8 20 170 M M 5 29 160
21 58 30 44 4 21 0 0.00 0.0 0 7.6 21 160 M M 1 29 150
22 48 36 42 2 23 0 0.08 0.0 0 6.6 17 150 M M 9 28 170
23 58 31 45 5 20 0 0.00 0.0 0 9.3 21 350 M M 1 29 340
24 52 29 41 1 24 0 0.00 0.0 0 3.6 9 280 M M 4 10 310
25 60 21 41 0 24 0 0.00 0.0 0 8.2 21 360 M M 0 29 350
26 59 20 40 -1 25 0 0.00 0.0 0 4.5 10 140 M M 4 15 150
27 66 29 48 7 17 0 0.00 0.0 0 4.5 9 300 M M 0 12 180
28 73 31 52 11 13 0 0.00 0.0 0 6.3 14 150 M M 0 18 150
29 75 32 54 13 11 0 0.00 0.0 0 7.4 17 110 M M 0 26 100
30 68 28 48 7 17 0 0.00 0.0 0 7.8 21 160 M M 0 27 170
31 64 42 53 12 12 0 0.00 0.0 0 18.4 35 140 M M 2 49 160
================================================================================
SM 1773 788 727 0 0.08 T 247.8 M 56
================================================================================
AV 57.2 25.4 8.0 FASTST M M 2 MAX(MPH)
MISC ----> 39 340 60 340
================================================================================
NOTES:
# LAST OF SEVERAL OCCURRENCES
COLUMN 17 PEAK WIND IN M.P.H.
PRELIMINARY LOCAL CLIMATOLOGICAL DATA (WS FORM: F-6) , PAGE 2
STATION: BISHOP CA
MONTH: JANUARY
YEAR: 2024
LATITUDE: 37 22 N
LONGITUDE: 118 22 W
[TEMPERATURE DATA] [PRECIPITATION DATA] SYMBOLS USED IN COLUMN 16
AVERAGE MONTHLY: 41.3 TOTAL FOR MONTH: 0.08 1 = FOG OR MIST
DPTR FM NORMAL: 1.4 DPTR FM NORMAL: -1.06 2 = FOG REDUCING VISIBILITY
HIGHEST: 75 ON 29 GRTST 24HR 0.09 ON 22-22 TO 1/4 MILE OR LESS
LOWEST: 15 ON 9 3 = THUNDER
SNOW, ICE PELLETS, HAIL 4 = ICE PELLETS
TOTAL MONTH: T 5 = HAIL
GRTST 24HR T ON 3- 3 6 = FREEZING RAIN OR DRIZZLE
GRTST DEPTH: 0 7 = DUSTSTORM OR SANDSTORM:
VSBY 1/2 MILE OR LESS
8 = SMOKE OR HAZE
[NO. OF DAYS WITH] [WEATHER - DAYS WITH] 9 = BLOWING SNOW
X = TORNADO
MAX 32 OR BELOW: 0 0.01 INCH OR MORE: 1
MAX 90 OR ABOVE: 0 0.10 INCH OR MORE: 0
MIN 32 OR BELOW: 29 0.50 INCH OR MORE: 0
MIN 0 OR BELOW: 0 1.00 INCH OR MORE: 0
[HDD (BASE 65) ]
TOTAL THIS MO. 727 CLEAR (SCALE 0-3) 25
DPTR FM NORMAL -51 PTCLDY (SCALE 4-7) 5
TOTAL FM JUL 1 2256 CLOUDY (SCALE 8-10) 1
DPTR FM NORMAL -205
[CDD (BASE 65) ]
TOTAL THIS MO. 0
DPTR FM NORMAL 0 [PRESSURE DATA]
TOTAL FM JAN 1 0 HIGHEST SLP 30.43 ON 27
DPTR FM NORMAL 0 LOWEST SLP 29.49 ON 10
[REMARKS]
#FINAL-01-24#