000
CXUS53 KBIS 010830
CF6BIS
PRELIMINARY LOCAL CLIMATOLOGICAL DATA (WS FORM: F-6)
STATION: BISMARCK ND
MONTH: JULY
YEAR: 2020
LATITUDE: 46 46 N
LONGITUDE: 100 45 W
TEMPERATURE IN F: :PCPN: SNOW: WIND :SUNSHINE: SKY :PK WND
================================================================================
1 2 3 4 5 6A 6B 7 8 9 10 11 12 13 14 15 16 17 18
12Z AVG MX 2MIN
DY MAX MIN AVG DEP HDD CDD WTR SNW DPTH SPD SPD DIR MIN PSBL S-S WX SPD DR
================================================================================
1 85 57 71 2 0 6 0.00 0.0 0 6.2 15 160 M M 0 21 160
2 92 65 79 10 0 14 0.01 0.0 0 12.8 52 120 M M 0 3 64 120
3 90 61 76 7 0 11 T 0.0 0 5.5 15 120 M M 0 24 130
4 91 67 79 10 0 14 0.10 0.0 0 8.1 36 150 M M 3 44 160
5 86 67 77 7 0 12 0.33 0.0 0 6.4 32 260 M M 4 13 53 240
6 86 66 76 6 0 11 0.00 0.0 0 6.5 13 30 M M 1 18 310
7 87 62 75 5 0 10 0.47 0.0 0 11.2 43 280 M M 2 13 63 280
8 84 62 73 3 0 8 0.08 0.0 0 6.8 15 300 M M 1 3 21 290
9 81 58 70 0 0 5 0.00 0.0 0 12.0 25 280 M M 0 34 270
10 82 56 69 -1 0 4 T 0.0 0 3.5 20 80 M M 2 38 24 90
11 81 60 71 0 0 6 0.00 0.0 0 9.9 23 330 M M 3 36 310
12 86 56 71 0 0 6 0.00 0.0 0 9.3 22 150 M M 0 1 29 150
13 88 65 77 6 0 12 T 0.0 0 9.3 25 310 M M 2 35 320
14 83 57 70 -1 0 5 0.00 0.0 0 8.5 22 280 M M 0 29 280
15 88 60 74 3 0 9 0.00 0.0 0 6.4 20 270 M M 1 26 260
16 88 58 73 2 0 8 T 0.0 0 7.3 17 310 M M 0 25 280
17 98 63 81 9 0 16 0.00 0.0 0 10.4 25 170 M M 1 3 36 160
18 84 62 73 1 0 8 T 0.0 0 10.4 25 330 M M 2 1 37 330
19 84 57 71 -1 0 6 0.00 0.0 0 9.2 21 310 M M 0 29 310
20 76 53 65 -7 0 0 0.27 0.0 0 4.4 14 20 M M 4 1 17 290
21 84 55 70 -2 0 5 0.00 0.0 0 5.6 14 260 M M 2 17 260
22 87 59 73 1 0 8 0.00 0.0 0 13.8 26 140 M M 0 35 140
23 95 69 82 10 0 17 0.00 0.0 0 14.9 31 150 M M 2 39 150
24 94 69 82 10 0 17 0.21 0.0 0 6.5 36 150 M M 1 13 44 150
25 96 64 80 8 0 15 0.13 0.0 0 4.2 18 190 M M 1 13 26 20
26 87 58 73 1 0 8 0.00 0.0 0 6.6 22 270 M M 0 29 280
27 91 57 74 2 0 9 0.00 0.0 0 4.1 20 310 M M 1 27 270
28 87 54 71 -1 0 6 0.00 0.0 0 4.6 13 90 M M M 20 70
29 89 58 74 2 0 9 0.00 0.0 0 6.8 14 160 M M 0 20 170
30 91 57 74 2 0 9 0.00 0.0 0 5.3 14 150 M M 0 18 150
31 92 61 77 5 0 12 0.00 0.0 0 8.7 20 10 M M 1 27 350
================================================================================
SM 2713 1873 0 286 1.60 0.0 245.2 M 34
================================================================================
AV 87.5 60.4 7.9 FASTST M M 1 MAX(MPH)
MISC ----> # 52 120 # 64 120
================================================================================
NOTES:
# LAST OF SEVERAL OCCURRENCES
COLUMN 17 PEAK WIND IN M.P.H.
PRELIMINARY LOCAL CLIMATOLOGICAL DATA (WS FORM: F-6) , PAGE 2
STATION: BISMARCK ND
MONTH: JULY
YEAR: 2020
LATITUDE: 46 46 N
LONGITUDE: 100 45 W
[TEMPERATURE DATA] [PRECIPITATION DATA] SYMBOLS USED IN COLUMN 16
AVERAGE MONTHLY: 74.0 TOTAL FOR MONTH: 1.60 1 = FOG OR MIST
DPTR FM NORMAL: 2.9 DPTR FM NORMAL: -1.29 2 = FOG REDUCING VISIBILITY
HIGHEST: 98 ON 17 GRTST 24HR 1.79 ON 30- 1 TO 1/4 MILE OR LESS
LOWEST: 53 ON 20 3 = THUNDER
SNOW, ICE PELLETS, HAIL 4 = ICE PELLETS
TOTAL MONTH: 0.0 INCH 5 = HAIL
GRTST 24HR 0.0 6 = FREEZING RAIN OR DRIZZLE
GRTST DEPTH: 0 7 = DUSTSTORM OR SANDSTORM:
VSBY 1/2 MILE OR LESS
8 = SMOKE OR HAZE
[NO. OF DAYS WITH] [WEATHER - DAYS WITH] 9 = BLOWING SNOW
X = TORNADO
MAX 32 OR BELOW: 0 0.01 INCH OR MORE: 8
MAX 90 OR ABOVE: 10 0.10 INCH OR MORE: 6
MIN 32 OR BELOW: 0 0.50 INCH OR MORE: 0
MIN 0 OR BELOW: 0 1.00 INCH OR MORE: 0
[HDD (BASE 65) ]
TOTAL THIS MO. 0 CLEAR (SCALE 0-3) 28
DPTR FM NORMAL -17 PTCLDY (SCALE 4-7) 2
TOTAL FM JUL 1 0 CLOUDY (SCALE 8-10) 0
DPTR FM NORMAL -17
[CDD (BASE 65) ]
TOTAL THIS MO. 286
DPTR FM NORMAL 82 [PRESSURE DATA]
TOTAL FM JAN 1 507 HIGHEST SLP 30.11 ON 27
DPTR FM NORMAL 203 LOWEST SLP 29.55 ON 17
[REMARKS]
#FINAL-07-20#