880
CXUS53 KBIS 020920
CLSBIS
CLIMATE REPORT
NATIONAL WEATHER SERVICE BISMARCK, ND
257 AM CST TUE MAR 02 2021
...................................
...THE BISMARCK ND CLIMATE SUMMARY FOR THE SEASON, FROM
12/1/2020 TO 2/28/2021...
CLIMATE NORMAL PERIOD: 1981 TO 2010
CLIMATE RECORD PERIOD: 1875 TO 2021
WEATHER OBSERVED NORMAL DEPART LAST YEAR`S
VALUE DATE(S) VALUE FROM VALUE DATE(S)
NORMAL
................................................................
TEMPERATURE (F)
RECORD
HIGH 73 02/27/2016
LOW -45 02/16/1936
01/13/1916
HIGHEST 59 12/06 MM MM 48 02/29
02/01
02/22
LOWEST -28 02/13 MM MM -22 01/16
AVG. MAXIMUM 31.1 25.9 5.2 27.4
AVG. MINIMUM 10.3 5.3 5.0 9.5
MEAN 20.7 15.6 5.1 18.5
DAYS MAX >= 90 0 0.0 0.0 0
DAYS MAX <= 32 42 55.9 -13.9 57
DAYS MIN <= 32 88 89.0 -1.0 91
DAYS MIN <= 0 18 31.8 -13.8 21
PRECIPITATION (INCHES)
RECORD
MAXIMUM 3.46 2017
MINIMUM 0.69 2021
TOTALS 0.69R 1.43 -0.74 1.12
DAILY AVG. 0.01 0.02 -0.01 0.01
DAYS >= .01 18 22.1 -4.1 26
DAYS >= .10 2 4.2 -2.2 3
DAYS >= .50 0 0.1 -0.1 0
DAYS >= 1.00 0 0.0 0.0 0
GREATEST
24 HR. TOTAL 0.23 0.46 11/30 TO 12/01
STORM TOTAL 0.23 MM
(MM/DD(HH)) MM
SNOWFALL (INCHES)
RECORDS
TOTAL 58.0 2009
TOTALS 9.0 26.3
SINCE 7/1 13.7
DEGREE DAYS
HEATING TOTAL 3933
COOLING TOTAL 0
................................................................
WIND (MPH)
HIGHEST WIND SPEED/DIRECTION 48/310 DATE 01/14
HIGHEST GUST SPEED/DIRECTION 71/310 DATE 01/14
- INDICATES NEGATIVE NUMBERS.
R INDICATES RECORD WAS SET OR TIED.
MM INDICATES DATA IS MISSING.
T INDICATES TRACE AMOUNT.
...................................