000
CXUS53 KGRR 010910
CF6BIV
PRELIMINARY LOCAL CLIMATOLOGICAL DATA (WS FORM: F-6)
STATION: HOLLAND
MONTH: AUGUST
YEAR: 2022
LATITUDE: 42 49 N
LONGITUDE: 86 10 W
TEMPERATURE IN F: :PCPN: SNOW: WIND :SUNSHINE: SKY :PK WND
================================================================================
1 2 3 4 5 6A 6B 7 8 9 10 11 12 13 14 15 16 17 18
12Z AVG MX 2MIN
DY MAX MIN AVG DEP HDD CDD WTR SNW DPTH SPD SPD DIR MIN PSBL S-S WX SPD DR
================================================================================
1 81 68 75 3 0 10 T M M 9.7 22 260 M M 7 1 32 260
2 84 63 74 3 0 9 0.00 M M 4.5 13 260 M M 0 18 250
3 86 72 79 8 0 14 0.21 M M 11.4 28 200 M M 5 13 40 190
4 80 66 73 2 0 8 0.00 M M 7.1 16 230 M M 8 26 240
5 87 65 76 5 0 11 0.00 M M 3.8 10 190 M M 4 12 15 130
6 89 70 80 9 0 15 0.00 M M 6.0 14 250 M M 3 12 22 220
7 83 74 79 8 0 14 0.09 M M 7.8 20 250 M M 6 1 29 210
8 79 68 74 3 0 9 0.01 M M 8.6 20 230 M M 10 1 26 240
9 79 59 69 -2 0 4 0.00 M M 4.2 16 280 M M 2 21 280
10 79 55 67 -4 0 2 0.00 M M 3.9 14 260 M M 0 1 19 280
11 81 63 72 1 0 7 0.00 M M 7.2 17 310 M M 3 27 300
12 76 50 63 -8 2 0 0.00 M M 3.4 10 280 M M 0 1 15 270
13 64 54 59 -12 6 0 0.67 M M 7.4 17 130 M M 8 13 26 130
14 71 57 64 -6 1 0 0.28 M M 7.9 15 120 M M 10 1 21 110
15 80 63 72 2 0 7 0.00 M M 3.3 12 330 M M 4 18 310
16 83 56 70 0 0 5 0.00 M M 4.6 12 310 M M 1 20 290
17 83 58 71 1 0 6 0.00 M M 4.7 13 310 M M 0 19 300
18 78 56 67 -3 0 2 0.00 M M 3.5 13 260 M M 0 12 21 250
19 83 60 72 2 0 7 0.00 M M 7.0 17 240 M M 1 24 240
20 78 65 72 2 0 7 0.06 M M 5.5 17 220 M M 4 13 23 230
21 78 63 71 1 0 6 0.31 M M 5.1 15 330 M M 5 1 22 340
22 79 57 68 -2 0 3 0.00 M M 5.4 15 290 M M 1 1 24 290
23 78 53 66 -3 0 1 0.00 M M 3.3 12 260 M M 1 1 17 250
24 83 59 71 2 0 6 0.00 M M 2.9 12 260 M M 3 12 16 250
25 74 63 69 0 0 4 0.02 M M 5.9 16 220 M M 6 1 24 230
26 77 59 68 -1 0 3 0.00 M M 5.4 15 280 M M 5 1 20 330
27 82 55 69 0 0 4 0.00 M M 3.8 12 140 M M 2 12 16 160
28 89 62 76 8 0 11 1.27 M M 9.4 29 280 M M 3 13 42 280
29 85 69 77 9 0 12 0.30 M M 10.2 27 250 M M 4 13 66 270
30 75 67 71 3 0 6 T M M 11.2 21 260 M M 3 32 250
31 78 63 71 3 0 6 0.00 M M 8.5 16 260 M M 1 23 260
================================================================================
SM 2482 1912 9 199 3.22 M 192.6 M 110
================================================================================
AV 80.1 61.7 6.2 FASTST M M 4 MAX(MPH)
MISC ----> 29 280 66 270
================================================================================
NOTES:
# LAST OF SEVERAL OCCURRENCES
COLUMN 17 PEAK WIND IN M.P.H.
PRELIMINARY LOCAL CLIMATOLOGICAL DATA (WS FORM: F-6) , PAGE 2
STATION: HOLLAND
MONTH: AUGUST
YEAR: 2022
LATITUDE: 42 49 N
LONGITUDE: 86 10 W
[TEMPERATURE DATA] [PRECIPITATION DATA] SYMBOLS USED IN COLUMN 16
AVERAGE MONTHLY: 70.9 TOTAL FOR MONTH: 3.22 1 = FOG OR MIST
DPTR FM NORMAL: 0.9 DPTR FM NORMAL: 0.16 2 = FOG REDUCING VISIBILITY
HIGHEST: 89 ON 28, 6 GRTST 24HR 1.57 ON 28-29 TO 1/4 MILE OR LESS
LOWEST: 50 ON 12 3 = THUNDER
SNOW, ICE PELLETS, HAIL 4 = ICE PELLETS
TOTAL MONTH: M 5 = HAIL
GRTST 24HR M ON M 6 = FREEZING RAIN OR DRIZZLE
GRTST DEPTH: M ON M 7 = DUSTSTORM OR SANDSTORM:
VSBY 1/2 MILE OR LESS
8 = SMOKE OR HAZE
[NO. OF DAYS WITH] [WEATHER - DAYS WITH] 9 = BLOWING SNOW
X = TORNADO
MAX 32 OR BELOW: 0 0.01 INCH OR MORE: 10
MAX 90 OR ABOVE: 0 0.10 INCH OR MORE: 6
MIN 32 OR BELOW: 0 0.50 INCH OR MORE: 2
MIN 0 OR BELOW: 0 1.00 INCH OR MORE: 1
[HDD (BASE 65) ]
TOTAL THIS MO. 9 CLEAR (SCALE 0-3) 15
DPTR FM NORMAL -6 PTCLDY (SCALE 4-7) 14
TOTAL FM JUL 1 9 CLOUDY (SCALE 8-10) 2
DPTR FM NORMAL -8
[CDD (BASE 65) ]
TOTAL THIS MO. 199
DPTR FM NORMAL 28 [PRESSURE DATA]
TOTAL FM JAN 1 662 HIGHEST SLP 30.28 ON 12
DPTR FM NORMAL 101 LOWEST SLP 29.75 ON 3
[REMARKS]
#FINAL-08-22#