000
CXUS56 KBOI 011002
CF6BKE
PRELIMINARY LOCAL CLIMATOLOGICAL DATA (WS FORM: F-6)
STATION: BAKER OR
MONTH: DECEMBER
YEAR: 2021
LATITUDE: 44 50 N
LONGITUDE: 117 49 W
TEMPERATURE IN F: :PCPN: SNOW: WIND :SUNSHINE: SKY :PK WND
================================================================================
1 2 3 4 5 6A 6B 7 8 9 10 11 12 13 14 15 16 17 18
12Z AVG MX 2MIN
DY MAX MIN AVG DEP HDD CDD WTR SNW DPTH SPD SPD DIR MIN PSBL S-S WX SPD DR
================================================================================
1 54 25 40 9 25 0 0.00 M M 1.9 12 80 M M 2 12 15 80
2 50 23 37 6 28 0 0.00 M M 2.9 9 320 M M 1 1 10 320
3 47 20 34 3 31 0 0.00 M M 2.1 10 300 M M 3 12 12 290
4 44 20 32 2 33 0 0.00 M M 3.0 10 220 M M 3 1 12 210
5 43 20 32 2 33 0 0.00 M M 11.4 26 350 M M 3 35 350
6 31 22 27 -3 38 0 0.06 M M 2.0 8 110 M M 10 1 10 120
7 34 30 32 2 33 0 0.00 M M 1.2 8 320 M M 10 1 10 320
8 42 24 33 3 32 0 T M M 6.4 25 340 M M 7 1 33 340
9 35 18 27 -2 38 0 T M M 4.5 20 340 M M 7 1 26 340
10 36 19 28 -1 37 0 0.01 M M 5.7 17 130 M M 7 1 22 130
11 37 31 34 5 31 0 0.01 M M 16.7 24 100 M M 10 1 33 130
12 47 25 36 7 29 0 T M M 10.9 24 190 M M 8 12 32 170
13 45 25 35 7 30 0 0.21 M M 11.5 31 180 M M 8 1 43 160
14 32 12 22 -6 43 0 0.01 M M 6.8 22 340 M M 4 1 28 340
15 27 9 18 -10 47 0 T M M 10.4 24 120 M M 5 1 31 110
16 32 22 27 -1 38 0 T M M 3.6 13 110 M M 9 1 17 110
17 34 14 24 -4 41 0 T M M 3.5 10 290 M M 2 14 290
18 30 21 26 -2 39 0 T M M 16.5 25 110 M M 6 35 110
19 32 28 30 2 35 0 0.01 M M 9.5 23 110 M M 8 1 30 110
20 41 25 33 5 32 0 T M M 3.3 17 140 M M 8 1 22 140
21 34 20 27 -1 38 0 0.00 M M 2.2 9 230 M M 4 12 11 230
22 39 21 30 2 35 0 0.01 M M 9.3 23 110 M M 5 31 120
23 45 25 35 7 30 0 0.04 M M 10.9 23 250 M M 5 1 33 260
24 33 23 28 1 37 0 T M M 10.4 24 170 M M 6 1 29 210
25 33 23 28 1 37 0 0.00 M M 13.1 23 180 M M 4 35 190
26 29 10 20 -7 45 0 T M M 9.7 23 200 M M 5 18 31 240
27 20 5 13 -14 52 0 T M M 3.3 8 320 M M 6 12 10 310
28 22 2 12 -15 53 0 T M M 1.9 9 120 M M 9 1 11 130
29 21 -4 9 -18 56 0 T M M 3.3 15 310 M M 8 1 18 300
30 22 -2 10 -17 55 0 T M M 3.4 9 280 M M 9 1 12 280
31 23 -14 5 -23 60 0 T M M 9.3 25 340 M M 7 1 31 350
================================================================================
SM 1094 542 1191 0 0.36 M 210.6 M 189
================================================================================
AV 35.3 17.5 6.8 FASTST M M 6 MAX(MPH)
MISC ----> 31 180 43 160
================================================================================
NOTES:
# LAST OF SEVERAL OCCURRENCES
COLUMN 17 PEAK WIND IN M.P.H.
PRELIMINARY LOCAL CLIMATOLOGICAL DATA (WS FORM: F-6) , PAGE 2
STATION: BAKER OR
MONTH: DECEMBER
YEAR: 2021
LATITUDE: 44 50 N
LONGITUDE: 117 49 W
[TEMPERATURE DATA] [PRECIPITATION DATA] SYMBOLS USED IN COLUMN 16
AVERAGE MONTHLY: 26.4 TOTAL FOR MONTH: 0.36 1 = FOG OR MIST
DPTR FM NORMAL: -2.2 DPTR FM NORMAL: -0.49 2 = FOG REDUCING VISIBILITY
HIGHEST: 54 ON 1 GRTST 24HR 0.22 ON 13-14 TO 1/4 MILE OR LESS
LOWEST: -14 ON 31 3 = THUNDER
SNOW, ICE PELLETS, HAIL 4 = ICE PELLETS
TOTAL MONTH: M 5 = HAIL
GRTST 24HR M ON M 6 = FREEZING RAIN OR DRIZZLE
GRTST DEPTH: M ON M 7 = DUSTSTORM OR SANDSTORM:
VSBY 1/2 MILE OR LESS
8 = SMOKE OR HAZE
[NO. OF DAYS WITH] [WEATHER - DAYS WITH] 9 = BLOWING SNOW
X = TORNADO
MAX 32 OR BELOW: 12 0.01 INCH OR MORE: 8
MAX 90 OR ABOVE: 0 0.10 INCH OR MORE: 1
MIN 32 OR BELOW: 31 0.50 INCH OR MORE: 0
MIN 0 OR BELOW: 3 1.00 INCH OR MORE: 0
[HDD (BASE 65) ]
TOTAL THIS MO. 1191 CLEAR (SCALE 0-3) 5
DPTR FM NORMAL 61 PTCLDY (SCALE 4-7) 19
TOTAL FM JUL 1 2961 CLOUDY (SCALE 8-10) 7
DPTR FM NORMAL 132
[CDD (BASE 65) ]
TOTAL THIS MO. 0
DPTR FM NORMAL 0 [PRESSURE DATA]
TOTAL FM JAN 1 415 HIGHEST SLP 30.46 ON 5
DPTR FM NORMAL 90 LOWEST SLP 29.35 ON 23
[REMARKS]
#FINAL-12-21#