000
CXUS52 KTBW 022359
CF6BKV
PRELIMINARY LOCAL CLIMATOLOGICAL DATA (WS FORM: F-6)
STATION: Brooksville
MONTH: MAY
YEAR: 2020
LATITUDE: 28 28 N
LONGITUDE: 82 27 W
TEMPERATURE IN F: :PCPN: SNOW: WIND :SUNSHINE: SKY :PK WND
================================================================================
1 2 3 4 5 6A 6B 7 8 9 10 11 12 13 14 15 16 17 18
12Z AVG MX 2MIN
DY MAX MIN AVG DEP HDD CDD WTR SNW DPTH SPD SPD DIR MIN PSBL S-S WX SPD DR
================================================================================
1 80 54 67 -4 0 2 0.00 0.0 0 5.6 18 290 M M 0 1 23 300
2 89 50 70 -1 0 5 0.00 0.0 0 4.0 15 70 M M 0 1 17 70
3 90 57 74 3 0 9 0.00 0.0 0 4.0 16 260 M M 0 1 20 250
4 88 60 74 3 0 9 0.00 0.0 0 4.1 15 310 M M 0 12 20 290
5 87 60 74 2 0 9 0.00 0.0 0 5.1 17 270 M M 1 12 23 250
6 87 59 73 1 0 8 0.00 0.0 0 8.4 20 280 M M 2 12 24 280
7 80 55 68 -4 0 3 0.00 0.0 0 7.0 15 30 M M 0 22 30
8 86 46 66 -6 0 1 0.00 0.0 0 7.5 22 260 M M 0 1 26 260
9 90 61 76 3 0 11 0.00 0.0 0 6.2 16 60 M M 5 18 23 320
10 84 67 76 3 0 11 0.04 0.0 0 6.7 16 40 M M 6 21 40
11 90 61 76 3 0 11 0.00 0.0 0 6.0 17 310 M M 1 128 21 290
12 90 54 72 -2 0 7 0.00 0.0 0 7.3 17 60 M M 0 22 70
13 91 58 75 1 0 10 0.00 0.0 0 9.4 24 70 M M 1 29 60
14 90 64 77 3 0 12 0.00 0.0 0 11.5 22 70 M M 1 32 70
15 92 65 79 5 0 14 0.00 0.0 0 10.7 20 50 M M 1 25 60
16 95 73 84 9 0 19 0.00 0.0 0 10.3 18 60 M M 4 25 40
17 96 64 80 5 0 15 0.00 0.0 0 4.6 21 240 M M 1 12 26 250
18 85 69 77 2 0 12 0.14 0.0 0 7.0 29 230 M M 4 13 39 240
19 89 68 79 3 0 14 0.00 0.0 0 8.5 20 280 M M 2 24 300
20 93 64 79 3 0 14 0.00 0.0 0 6.1 17 280 M M 0 1 23 260
21 93 66 80 4 0 15 T 0.0 0 6.3 18 130 M M 2 1238 23 280
22 100 67 84 8 0 19 0.14 0.0 0 7.6 20 120 M M 2 3 24 120
23 96 69 83 6 0 18 0.00 0.0 0 5.0 17 210 M M 2 3 20 210
24 93 74 84 7 0 19 T 0.0 0 8.7 18 110 M M 2 23 130
25 84 74 79 2 0 14 0.26 0.0 0 11.5 26 60 M M 9 1 35 60
26 93 74 84 7 0 19 T 0.0 0 6.0 15 270 M M 6 8 20 260
27 94 71 83 5 0 18 0.02 0.0 0 6.7 20 280 M M 2 1 24 280
28 97 73 85 7 0 20 0.62 0.0 0 6.6 20 140 M M 4 13 25 140
29 93 69 81 3 0 16 0.38 0.0 0 4.9 20 180 M M 1 138 26 200
30 94 70 82 4 0 17 0.00 0.0 0 3.9 16 280 M M 2 1 21 290
31 95 70 83 4 0 18 0.00 0.0 0 4.2 14 280 M M 0 1 17 280
================================================================================
SM 2804 1986 0 389 1.60 0.0 211.4 M 61
================================================================================
AV 90.5 64.1 6.8 FASTST M M 2 MAX(MPH)
MISC ----> # 29 230 # 39 240
================================================================================
NOTES:
# LAST OF SEVERAL OCCURRENCES
COLUMN 17 PEAK WIND IN M.P.H.
PRELIMINARY LOCAL CLIMATOLOGICAL DATA (WS FORM: F-6) , PAGE 2
STATION: Brooksville
MONTH: MAY
YEAR: 2020
LATITUDE: 28 28 N
LONGITUDE: 82 27 W
[TEMPERATURE DATA] [PRECIPITATION DATA] SYMBOLS USED IN COLUMN 16
AVERAGE MONTHLY: 77.3 TOTAL FOR MONTH: 1.60 1 = FOG OR MIST
DPTR FM NORMAL: 2.6 DPTR FM NORMAL: -1.35 2 = FOG REDUCING VISIBILITY
HIGHEST: 100 ON 22 GRTST 24HR 0.66 ON 30- 1 TO 1/4 MILE OR LESS
LOWEST: 46 ON 8 3 = THUNDER
SNOW, ICE PELLETS, HAIL 4 = ICE PELLETS
TOTAL MONTH: 0.0 INCH 5 = HAIL
GRTST 24HR 0.0 6 = FREEZING RAIN OR DRIZZLE
GRTST DEPTH: 0 7 = DUSTSTORM OR SANDSTORM:
VSBY 1/2 MILE OR LESS
8 = SMOKE OR HAZE
[NO. OF DAYS WITH] [WEATHER - DAYS WITH] 9 = BLOWING SNOW
X = TORNADO
MAX 32 OR BELOW: 0 0.01 INCH OR MORE: 7
MAX 90 OR ABOVE: 20 0.10 INCH OR MORE: 5
MIN 32 OR BELOW: 0 0.50 INCH OR MORE: 1
MIN 0 OR BELOW: 0 1.00 INCH OR MORE: 0
[HDD (BASE 65) ]
TOTAL THIS MO. 0 CLEAR (SCALE 0-3) 24
DPTR FM NORMAL 0 PTCLDY (SCALE 4-7) 6
TOTAL FM JUL 1 534 CLOUDY (SCALE 8-10) 1
DPTR FM NORMAL -186
[CDD (BASE 65) ]
TOTAL THIS MO. 389
DPTR FM NORMAL 88 [PRESSURE DATA]
TOTAL FM JAN 1 1097 HIGHEST SLP 30.21 ON 14
DPTR FM NORMAL 538 LOWEST SLP 29.82 ON 26
[REMARKS]
#FINAL-05-20#