000
CXUS51 KRLX 011121
CF6BKW
PRELIMINARY LOCAL CLIMATOLOGICAL DATA (WS FORM: F-6)
STATION: BECKLEY WV
MONTH: JULY
YEAR: 2023
LATITUDE: 37 46 N
LONGITUDE: 81 7 W
TEMPERATURE IN F: :PCPN: SNOW: WIND :SUNSHINE: SKY :PK WND
================================================================================
1 2 3 4 5 6A 6B 7 8 9 10 11 12 13 14 15 16 17 18
12Z AVG MX 2MIN
DY MAX MIN AVG DEP HDD CDD WTR SNW DPTH SPD SPD DIR MIN PSBL S-S WX SPD DR
================================================================================
1 81 65 73 2 0 8 0.00 0.0 0 4.9 18 280 M M 2 1 24 240
2 83 65 74 3 0 9 0.24 0.0 0 9.0 24 290 M M 2 138 35 290
3 79 64 72 1 0 7 0.43 0.0 0 6.5 16 270 M M 6 13 26 270
4 81 65 73 2 0 8 T 0.0 0 5.1 26 350 M M 5 1 32 350
5 82 62 72 0 0 7 T 0.0 0 2.1 12 120 M M 2 13 13 120
6 83 62 73 1 0 8 T 0.0 0 3.0 9 310 M M 3 1 13 310
7 81 64 73 1 0 8 0.00 0.0 0 4.2 14 350 M M 4 1 18 340
8 85 60 73 1 0 8 0.00 0.0 0 2.5 12 300 M M 1 12 15 330
9 78 64 71 -1 0 6 1.13 0.0 0 3.4 18 360 M M 6 13 23 10
10 77 58 68 -4 0 3 0.00 0.0 0 6.1 16 350 M M 4 24 350
11 80 55 68 -4 0 3 0.00 0.0 0 2.1 12 280 M M 2 16 350
12 84 56 70 -2 0 5 0.00 0.0 0 3.3 14 260 M M 2 1 20 260
13 86 62 74 2 0 9 1.38 0.0 0 7.1 26 340 M M 5 123 34 340
14 84 65 75 3 0 10 0.13 0.0 0 5.4 16 60 M M 5 13 19 60
15 84 62 73 1 0 8 0.43 0.0 0 4.6 17 310 M M 4 13 24 320
16 79 64 72 0 0 7 0.02 0.0 0 6.4 17 310 M M 7 1 20 330
17 80 59 70 -2 0 5 1.03 0.0 0 3.6 32 340 M M 2 1238 45 330
18 82 58 70 -2 0 5 0.78 0.0 0 7.2 17 340 M M 4 123 27 340
19 76 64 70 -2 0 5 0.78 0.0 0 6.0 15 270 M M 9 13 21 270
20 83 65 74 2 0 9 T 0.0 0 5.9 16 220 M M 7 3 24 220
21 78 61 70 -2 0 5 T 0.0 0 8.2 17 300 M M 6 23 330
22 76 60 68 -4 0 3 0.00 0.0 0 3.8 14 340 M M 3 19 10
23 80 59 70 -2 0 5 0.00 0.0 0 2.7 12 320 M M 5 16 340
24 82 58 70 -2 0 5 0.00 0.0 0 3.6 13 320 M M 1 16 320
25 82 61 72 0 0 7 0.10 0.0 0 5.6 13 310 M M 3 13 16 230
26 87 62 75 3 0 10 0.00 0.0 0 5.0 13 230 M M 0 13 18 220
27 87 71 79 8 0 14 T 0.0 0 7.7 20 270 M M 3 32 240
28 88 66 77 6 0 12 0.10 0.0 0 5.8 33 280 M M 4 13 49 270
29 86 68 77 6 0 12 0.00 0.0 0 8.0 21 300 M M 2 24 220
30 83 62 73 2 0 8 0.00 0.0 0 4.1 13 340 M M 4 16 320
31 79 58 69 -2 0 4 0.00 0.0 0 5.9 18 330 M M 2 23 330
================================================================================
SM 2536 1925 0 223 6.55 0.0 158.8 M 115
================================================================================
AV 81.8 62.1 5.1 FASTST M M 4 MAX(MPH)
MISC ----> 33 280 49 270
================================================================================
NOTES:
# LAST OF SEVERAL OCCURRENCES
COLUMN 17 PEAK WIND IN M.P.H.
PRELIMINARY LOCAL CLIMATOLOGICAL DATA (WS FORM: F-6) , PAGE 2
STATION: BECKLEY WV
MONTH: JULY
YEAR: 2023
LATITUDE: 37 46 N
LONGITUDE: 81 7 W
[TEMPERATURE DATA] [PRECIPITATION DATA] SYMBOLS USED IN COLUMN 16
AVERAGE MONTHLY: 72.0 TOTAL FOR MONTH: 6.55 1 = FOG OR MIST
DPTR FM NORMAL: 0.4 DPTR FM NORMAL: 1.55 2 = FOG REDUCING VISIBILITY
HIGHEST: 88 ON 28 GRTST 24HR 1.54 ON 18-19 TO 1/4 MILE OR LESS
LOWEST: 55 ON 11 3 = THUNDER
SNOW, ICE PELLETS, HAIL 4 = ICE PELLETS
TOTAL MONTH: 0.0 INCH 5 = HAIL
GRTST 24HR 0.0 6 = FREEZING RAIN OR DRIZZLE
GRTST DEPTH: 0 7 = DUSTSTORM OR SANDSTORM:
VSBY 1/2 MILE OR LESS
8 = SMOKE OR HAZE
[NO. OF DAYS WITH] [WEATHER - DAYS WITH] 9 = BLOWING SNOW
X = TORNADO
MAX 32 OR BELOW: 0 0.01 INCH OR MORE: 12
MAX 90 OR ABOVE: 0 0.10 INCH OR MORE: 11
MIN 32 OR BELOW: 0 0.50 INCH OR MORE: 5
MIN 0 OR BELOW: 0 1.00 INCH OR MORE: 3
[HDD (BASE 65) ]
TOTAL THIS MO. 0 CLEAR (SCALE 0-3) 14
DPTR FM NORMAL -6 PTCLDY (SCALE 4-7) 16
TOTAL FM JUL 1 0 CLOUDY (SCALE 8-10) 1
DPTR FM NORMAL 0
[CDD (BASE 65) ]
TOTAL THIS MO. 223
DPTR FM NORMAL 14 [PRESSURE DATA]
TOTAL FM JAN 1 299 HIGHEST SLP 30.15 ON 28
DPTR FM NORMAL -100 LOWEST SLP 29.78 ON 9
[REMARKS]
#FINAL-07-23#