000
CXUS51 KRLX 011130
CF6BKW
PRELIMINARY LOCAL CLIMATOLOGICAL DATA (WS FORM: F-6)
STATION: BECKLEY WV
MONTH: APRIL
YEAR: 2020
LATITUDE: 37 46 N
LONGITUDE: 81 7 W
TEMPERATURE IN F: :PCPN: SNOW: WIND :SUNSHINE: SKY :PK WND
================================================================================
1 2 3 4 5 6A 6B 7 8 9 10 11 12 13 14 15 16 17 18
12Z AVG MX 2MIN
DY MAX MIN AVG DEP HDD CDD WTR SNW DPTH SPD SPD DIR MIN PSBL S-S WX SPD DR
================================================================================
1 41 35 38 -9 27 0 0.03 0.0 0 8.1 15 310 M M 10 12 19 290
2 53 36 45 -3 20 0 0.00 0.0 0 9.9 20 340 M M 8 29 350
3 62 37 50 2 15 0 0.00 0.0 0 10.8 24 330 M M 0 32 360
4 66 38 52 4 13 0 0.00 0.0 0 5.7 17 20 M M 0 23 320
5 70 44 57 8 8 0 T 0.0 0 4.5 12 280 M M 6 16 260
6 67 45 56 7 9 0 0.05 0.0 0 4.3 15 330 M M 4 13 21 330
7 75 47 61 11 4 0 0.02 0.0 M 7.5 18 310 M M 3 1 27 300
8 70 50 60 10 5 0 1.28 0.0 0 8.1 32 350 M M 7 138 44 360
9 57 40 49 -1 16 0 0.24 T 0 16.2 31 270 M M 6 13 44 290
10 42 29 36 -14 29 0 0.04 T 0 12.7 25 310 M M 7 1 35 330
11 57 29 43 -8 22 0 0.01 0.0 0 5.2 23 240 M M 3 33 220
12 63 48 56 5 9 0 0.73 0.0 0 11.2 37 180 M M 8 1 53 190
13 65 38 52 0 13 0 0.48 0.0 0 12.3 24 290 M M 7 1 37 310
14 52 29 41 -11 24 0 0.08 1.5 0 7.7 18 340 M M 8 1 22 340
15 48 26 37 -15 28 0 0.00 0.0 0 6.6 20 260 M M 3 1 27 270
16 50 30 40 -12 25 0 T 0.0 0 10.8 24 270 M M 3 18 30 270
17 66 32 49 -4 16 0 T 0.0 0 10.1 26 220 M M 5 39 210
18 47 29 38 -15 27 0 0.43 T 0 7.5 24 320 M M 8 128 31 310
19 66 28 47 -6 18 0 T 0.0 0 4.6 16 220 M M 3 20 220
20 62 43 53 -1 12 0 0.05 0.0 0 6.1 17 290 M M 6 24 330
21 59 39 49 -5 16 0 0.04 0.0 0 14.2 31 280 M M 6 49 270
22 62 31 47 -7 18 0 0.00 0.0 0 6.9 18 270 M M 0 24 260
23 54 49 52 -2 13 0 0.25 0.0 0 9.3 16 170 M M 8 1 24 190
24 56 44 50 -5 15 0 0.51 0.0 0 6.5 15 320 M M 10 128 20 320
25 57 39 48 -7 17 0 0.44 0.0 0 8.9 21 120 M M 9 12 31 150
26 52 42 47 -8 18 0 0.30 0.0 0 11.5 22 320 M M 10 1 30 240
27 55 38 47 -9 18 0 0.04 0.0 0 8.6 21 320 M M 6 12 28 320
28 66 41 54 -2 11 0 T 0.0 0 7.3 17 230 M M 7 23 230
29 75 48 62 6 3 0 0.60 0.0 0 11.9 28 280 M M 6 1 41 190
30 55 43 49 -7 16 0 0.16 0.0 0 8.5 22 120 M M 10 1 29 110
================================================================================
SM 1770 1147 485 0 5.78 1.5 263.5 M 177
================================================================================
AV 59.0 38.2 8.8 FASTST M M 6 MAX(MPH)
MISC ----> # 37 180 # 53 190
================================================================================
NOTES:
# LAST OF SEVERAL OCCURRENCES
COLUMN 17 PEAK WIND IN M.P.H.
PRELIMINARY LOCAL CLIMATOLOGICAL DATA (WS FORM: F-6) , PAGE 2
STATION: BECKLEY WV
MONTH: APRIL
YEAR: 2020
LATITUDE: 37 46 N
LONGITUDE: 81 7 W
[TEMPERATURE DATA] [PRECIPITATION DATA] SYMBOLS USED IN COLUMN 16
AVERAGE MONTHLY: 48.6 TOTAL FOR MONTH: 5.78 1 = FOG OR MIST
DPTR FM NORMAL: -3.5 DPTR FM NORMAL: 2.42 2 = FOG REDUCING VISIBILITY
HIGHEST: 75 ON 29, 7 GRTST 24HR 1.28 ON 8- 8 TO 1/4 MILE OR LESS
LOWEST: 26 ON 15 3 = THUNDER
SNOW, ICE PELLETS, HAIL 4 = ICE PELLETS
TOTAL MONTH: 1.5 INCHES 5 = HAIL
GRTST 24HR 1.5 ON 14-14 6 = FREEZING RAIN OR DRIZZLE
GRTST DEPTH: 0 7 = DUSTSTORM OR SANDSTORM:
VSBY 1/2 MILE OR LESS
8 = SMOKE OR HAZE
[NO. OF DAYS WITH] [WEATHER - DAYS WITH] 9 = BLOWING SNOW
X = TORNADO
MAX 32 OR BELOW: 0 0.01 INCH OR MORE: 20
MAX 90 OR ABOVE: 0 0.10 INCH OR MORE: 11
MIN 32 OR BELOW: 9 0.50 INCH OR MORE: 4
MIN 0 OR BELOW: 0 1.00 INCH OR MORE: 1
[HDD (BASE 65) ]
TOTAL THIS MO. 485 CLEAR (SCALE 0-3) 5
DPTR FM NORMAL 89 PTCLDY (SCALE 4-7) 19
TOTAL FM JUL 1 4402 CLOUDY (SCALE 8-10) 6
DPTR FM NORMAL -707
[CDD (BASE 65) ]
TOTAL THIS MO. 0
DPTR FM NORMAL -9 [PRESSURE DATA]
TOTAL FM JAN 1 14 HIGHEST SLP 30.33 ON 17
DPTR FM NORMAL 4 LOWEST SLP 29.37 ON 13
[REMARKS]
#FINAL-04-20#