000
CXUS51 KRNK 010821
CF6BLF
PRELIMINARY LOCAL CLIMATOLOGICAL DATA (WS FORM: F-6)
STATION: BLUEFIELD WV
MONTH: MAY
YEAR: 2021
LATITUDE: 37 17 N
LONGITUDE: 81 12 W
TEMPERATURE IN F: :PCPN: SNOW: WIND :SUNSHINE: SKY :PK WND
================================================================================
1 2 3 4 5 6A 6B 7 8 9 10 11 12 13 14 15 16 17 18
12Z AVG MX 2MIN
DY MAX MIN AVG DEP HDD CDD WTR SNW DPTH SPD SPD DIR MIN PSBL S-S WX SPD DR
================================================================================
1 66 36 51 -6 14 0 0.00 0.0 0 5.8 14 250 M M 0 20 300
2 76 50 63 5 2 0 T 0.0 0 7.1 20 270 M M 2 28 270
3 72 59 66 8 0 1 0.16 0.0 0 8.2 24 230 M M 6 1 33 240
4 74 59 67 9 0 2 0.47 0.0 0 8.6 29 260 M M 2 13 48 270
5 64 46 55 -3 10 0 0.22 0.0 0 9.6 18 270 M M 10 1 27 270
6 57 36 47 -11 18 0 0.00 0.0 0 5.1 14 280 M M 3 17 310
7 52 40 46 -12 19 0 0.15 0.0 0 9.0 22 290 M M 7 1 31 280
8 56 40 48 -11 17 0 0.08 0.0 0 7.8 20 320 M M 4 1 29 330
9 72 44 58 -1 7 0 0.15 0.0 0 11.7 33 260 M M 7 48 220
10 54 39 47 -12 18 0 0.03 0.0 0 6.4 14 240 M M 8 1 17 250
11 62 39 51 -8 14 0 0.00 0.0 0 4.0 14 320 M M 5 22 310
12 58 40 49 -11 16 0 0.00 0.0 0 6.2 16 10 M M 8 20 10
13 59 39 49 -11 16 0 0.00 0.0 0 3.4 12 50 M M 7 15 30
14 61 40 51 -9 14 0 0.00 0.0 0 2.0 12 350 M M 8 15 360
15 66 40 53 -7 12 0 0.00 0.0 0 3.4 14 260 M M 0 20 250
16 57 51 54 -6 11 0 0.02 0.0 0 3.2 12 250 M M 9 17 260
17 57 50 54 -6 11 0 0.04 0.0 0 3.2 8 220 M M 9 12 190
18 68 52 60 -1 5 0 0.02 0.0 0 4.8 12 170 M M 6 3 16 160
19 75 54 65 4 0 0 0.00 0.0 0 3.9 10 150 M M 2 17 150
20 77 53 65 4 0 0 0.00 0.0 0 4.5 13 130 M M 0 20 220
21 78 57 68 7 0 3 0.00 0.0 0 4.8 10 100 M M 0 16 150
22 77 55 66 5 0 1 T 0.0 0 3.9 12 10 M M 1 18 300
23 77 56 67 5 0 2 0.00 0.0 0 7.2 14 300 M M 3 20 300
24 81 59 70 8 0 5 0.00 0.0 0 4.5 12 300 M M 3 16 290
25 80 65 73 11 0 8 T 0.0 0 3.2 9 360 M M 5 17 20
26 82 63 73 11 0 8 T 0.0 0 8.6 24 240 M M 3 3 32 250
27 78 58 68 6 0 3 0.00 0.0 0 4.2 10 270 M M 3 15 300
28 75 60 68 5 0 3 0.67 0.0 0 6.8 18 250 M M 8 1 26 220
29 61 46 54 -9 11 0 0.02 0.0 0 5.8 13 290 M M 10 1 18 310
30 52 45 49 -14 16 0 0.02 0.0 0 4.6 12 300 M M 10 1 17 320
31 70 45 58 -6 7 0 0.00 0.0 0 2.7 10 260 M M 4 16 260
================================================================================
SM 2094 1516 238 36 2.05 0.0 174.2 M 153
================================================================================
AV 67.5 48.9 5.6 FASTST M M 5 MAX(MPH)
MISC ----> 33 260 # 48 270
================================================================================
NOTES:
# LAST OF SEVERAL OCCURRENCES
COLUMN 17 PEAK WIND IN M.P.H.
PRELIMINARY LOCAL CLIMATOLOGICAL DATA (WS FORM: F-6) , PAGE 2
STATION: BLUEFIELD WV
MONTH: MAY
YEAR: 2021
LATITUDE: 37 17 N
LONGITUDE: 81 12 W
[TEMPERATURE DATA] [PRECIPITATION DATA] SYMBOLS USED IN COLUMN 16
AVERAGE MONTHLY: 58.2 TOTAL FOR MONTH: 2.05 1 = FOG OR MIST
DPTR FM NORMAL: -2.1 DPTR FM NORMAL: -2.56 2 = FOG REDUCING VISIBILITY
HIGHEST: 82 ON 26 GRTST 24HR 0.68 ON 28-29 TO 1/4 MILE OR LESS
LOWEST: 36 ON 6, 1 3 = THUNDER
SNOW, ICE PELLETS, HAIL 4 = ICE PELLETS
TOTAL MONTH: 0.0 INCH 5 = HAIL
GRTST 24HR 0.0 6 = FREEZING RAIN OR DRIZZLE
GRTST DEPTH: 0 7 = DUSTSTORM OR SANDSTORM:
VSBY 1/2 MILE OR LESS
8 = SMOKE OR HAZE
[NO. OF DAYS WITH] [WEATHER - DAYS WITH] 9 = BLOWING SNOW
X = TORNADO
MAX 32 OR BELOW: 0 0.01 INCH OR MORE: 13
MAX 90 OR ABOVE: 0 0.10 INCH OR MORE: 6
MIN 32 OR BELOW: 0 0.50 INCH OR MORE: 1
MIN 0 OR BELOW: 0 1.00 INCH OR MORE: 0
[HDD (BASE 65) ]
TOTAL THIS MO. 238 CLEAR (SCALE 0-3) 12
DPTR FM NORMAL 56 PTCLDY (SCALE 4-7) 12
TOTAL FM JUL 1 5044 CLOUDY (SCALE 8-10) 7
DPTR FM NORMAL -135
[CDD (BASE 65) ]
TOTAL THIS MO. 36
DPTR FM NORMAL 0 [PRESSURE DATA]
TOTAL FM JAN 1 42 HIGHEST SLP 30.50 ON 21
DPTR FM NORMAL -5 LOWEST SLP 29.70 ON 3
[REMARKS]
#FINAL-05-21#